{"version":"1.0","provider_name":"Smedemokrati.sk","provider_url":"https:\/\/www.smedemokrati.sk\/sv","author_name":"miro.sopko","author_url":"https:\/\/www.smedemokrati.sk\/sv\/author\/miro-sopko\/","title":"Vl\u00e1da schv\u00e1lila najhor\u0161\u00ed rozpo\u010det v hist\u00f3rii Slovenska - Smedemokrati.sk","type":"rich","width":600,"height":338,"html":"<blockquote class=\"wp-embedded-content\" data-secret=\"4RJH3YID65\"><a href=\"https:\/\/www.smedemokrati.sk\/sv\/vlada-schvalila-najhorsi-rozpocet-v-historii-slovenska\/\">Vl\u00e1da schv\u00e1lila najhor\u0161\u00ed rozpo\u010det v hist\u00f3rii Slovenska<\/a><\/blockquote><iframe sandbox=\"allow-scripts\" security=\"restricted\" src=\"https:\/\/www.smedemokrati.sk\/sv\/vlada-schvalila-najhorsi-rozpocet-v-historii-slovenska\/embed\/#?secret=4RJH3YID65\" width=\"600\" height=\"338\" title=\"\u201dVl\u00e1da schv\u00e1lila najhor\u0161\u00ed rozpo\u010det v hist\u00f3rii Slovenska\u201d &ndash; Smedemokrati.sk\" data-secret=\"4RJH3YID65\" frameborder=\"0\" marginwidth=\"0\" marginheight=\"0\" scrolling=\"no\" class=\"wp-embedded-content\"><\/iframe><script type=\"text\/javascript\">\n\/* <![CDATA[ *\/\n\/*! This file is auto-generated *\/\n!function(d,l){\"use strict\";l.querySelector&&d.addEventListener&&\"undefined\"!=typeof URL&&(d.wp=d.wp||{},d.wp.receiveEmbedMessage||(d.wp.receiveEmbedMessage=function(e){var t=e.data;if((t||t.secret||t.message||t.value)&&!\/[^a-zA-Z0-9]\/.test(t.secret)){for(var s,r,n,a=l.querySelectorAll('iframe[data-secret=\"'+t.secret+'\"]'),o=l.querySelectorAll('blockquote[data-secret=\"'+t.secret+'\"]'),c=new RegExp(\"^https?:$\",\"i\"),i=0;i<o.length;i++)o[i].style.display=\"none\";for(i=0;i<a.length;i++)s=a[i],e.source===s.contentWindow&&(s.removeAttribute(\"style\"),\"height\"===t.message?(1e3<(r=parseInt(t.value,10))?r=1e3:~~r<200&&(r=200),s.height=r):\"link\"===t.message&&(r=new URL(s.getAttribute(\"src\")),n=new URL(t.value),c.test(n.protocol))&&n.host===r.host&&l.activeElement===s&&(d.top.location.href=t.value))}},d.addEventListener(\"message\",d.wp.receiveEmbedMessage,!1),l.addEventListener(\"DOMContentLoaded\",function(){for(var e,t,s=l.querySelectorAll(\"iframe.wp-embedded-content\"),r=0;r<s.length;r++)(t=(e=s[r]).getAttribute(\"data-secret\"))||(t=Math.random().toString(36).substring(2,12),e.src+=\"#?secret=\"+t,e.setAttribute(\"data-secret\",t)),e.contentWindow.postMessage({message:\"ready\",secret:t},\"*\")},!1)))}(window,document);\n\/\/# sourceURL=https:\/\/www.smedemokrati.sk\/wp-includes\/js\/wp-embed.min.js\n\/* ]]> *\/\n<\/script>\n","thumbnail_url":"https:\/\/www.smedemokrati.sk\/wp-content\/uploads\/2025\/10\/najhorsi-rozpocet.jpg","thumbnail_width":1280,"thumbnail_height":720,"description":"Vl\u00e1da schv\u00e1lila najhor\u0161\u00ed \u0161t\u00e1tny rozpo\u010det v hist\u00f3rii Slovenska. Urobila tak bez akejko\u013evek diskusie so soci\u00e1lnymi partnermi, odbormi, samospr\u00e1vami \u010di zamestn\u00e1vate\u013emi. O\u010dak\u00e1vame, \u017ee aj v parlamente bude debata len form\u00e1lna a umelo skr\u00e1ten\u00e1. Ide o rozpo\u010det, ktor\u00fd nepon\u00faka \u017eiadne rie\u0161enia len odha\u013euje hlbok\u00fa ekonomick\u00fa kr\u00edzu a zlyhanie vl\u00e1dy, ktor\u00e1 ju nedok\u00e1\u017ee zvl\u00e1dnu\u0165. Samotn\u00e9 ministerstvo financi\u00ed prizn\u00e1va [&hellip;]"}

Vláda schválila najhorší rozpočet v histórii Slovenska - Smedemokrati.sk

<blockquote class="wp-embedded-content" data-secret="4RJH3YID65"><a href="https://www.smedemokrati.sk/sv/vlada-schvalila-najhorsi-rozpocet-v-historii-slovenska/">Vláda schválila najhorší rozpočet v histórii Slovenska</a></blockquote><iframe sandbox="allow-scripts" security="restricted" src="https://www.smedemokrati.sk/sv/vlada-schvalila-najhorsi-rozpocet-v-historii-slovenska/embed/#?secret=4RJH3YID65" width="600" height="338" title="”Vláda schválila najhorší rozpočet v histórii Slovenska” &ndash; Smedemokrati.sk" data-secret="4RJH3YID65" frameborder="0" marginwidth="0" marginheight="0" scrolling="no" class="wp-embedded-content"></iframe><script type="text/javascript">
/* <![CDATA[ */
/*! This file is auto-generated */
!function(d,l){"use strict";l.querySelector&&d.addEventListener&&"undefined"!=typeof URL&&(d.wp=d.wp||{},d.wp.receiveEmbedMessage||(d.wp.receiveEmbedMessage=function(e){var t=e.data;if((t||t.secret||t.message||t.value)&&!/[^a-zA-Z0-9]/.test(t.secret)){for(var s,r,n,a=l.querySelectorAll('iframe[data-secret="'+t.secret+'"]'),o=l.querySelectorAll('blockquote[data-secret="'+t.secret+'"]'),c=new RegExp("^https?:$","i"),i=0;i<o.length;i++)o[i].style.display="none";for(i=0;i<a.length;i++)s=a[i],e.source===s.contentWindow&&(s.removeAttribute("style"),"height"===t.message?(1e3<(r=parseInt(t.value,10))?r=1e3:~~r<200&&(r=200),s.height=r):"link"===t.message&&(r=new URL(s.getAttribute("src")),n=new URL(t.value),c.test(n.protocol))&&n.host===r.host&&l.activeElement===s&&(d.top.location.href=t.value))}},d.addEventListener("message",d.wp.receiveEmbedMessage,!1),l.addEventListener("DOMContentLoaded",function(){for(var e,t,s=l.querySelectorAll("iframe.wp-embedded-content"),r=0;r<s.length;r++)(t=(e=s[r]).getAttribute("data-secret"))||(t=Math.random().toString(36).substring(2,12),e.src+="#?secret="+t,e.setAttribute("data-secret",t)),e.contentWindow.postMessage({message:"ready",secret:t},"*")},!1)))}(window,document);
//# sourceURL=https://www.smedemokrati.sk/wp-includes/js/wp-embed.min.js
/* ]]> */
</script>

Vláda schválila najhorší štátny rozpočet v histórii Slovenska. Urobila tak bez akejkoľvek diskusie so sociálnymi partnermi, odbormi, samosprávami či zamestnávateľmi. Očakávame, že aj v parlamente bude debata len formálna a umelo skrátená. Ide o rozpočet, ktorý neponúka žiadne riešenia len odhaľuje hlbokú ekonomickú krízu a zlyhanie vlády, ktorá ju nedokáže zvládnuť. Samotné ministerstvo financií priznáva [&hellip;]
