{"version":"1.0","provider_name":"Smedemokrati.sk","provider_url":"https:\/\/www.smedemokrati.sk\/sv","author_name":"miro.sopko","author_url":"https:\/\/www.smedemokrati.sk\/sv\/author\/miro-sopko\/","title":"Rozhodnutie o love vlka presk\u00fama Spr\u00e1vny s\u00fad - Smedemokrati.sk","type":"rich","width":600,"height":338,"html":"<blockquote class=\"wp-embedded-content\" data-secret=\"n26DfswCGy\"><a href=\"https:\/\/www.smedemokrati.sk\/sv\/rozhodnutie-o-love-vlka-preskuma-spravny-sud\/\">Rozhodnutie o love vlka presk\u00fama Spr\u00e1vny s\u00fad<\/a><\/blockquote><iframe sandbox=\"allow-scripts\" security=\"restricted\" src=\"https:\/\/www.smedemokrati.sk\/sv\/rozhodnutie-o-love-vlka-preskuma-spravny-sud\/embed\/#?secret=n26DfswCGy\" width=\"600\" height=\"338\" title=\"\u201dRozhodnutie o love vlka presk\u00fama Spr\u00e1vny s\u00fad\u201d &ndash; Smedemokrati.sk\" data-secret=\"n26DfswCGy\" frameborder=\"0\" marginwidth=\"0\" marginheight=\"0\" scrolling=\"no\" class=\"wp-embedded-content\"><\/iframe><script type=\"text\/javascript\">\n\/* <![CDATA[ *\/\n\/*! This file is auto-generated *\/\n!function(d,l){\"use strict\";l.querySelector&&d.addEventListener&&\"undefined\"!=typeof URL&&(d.wp=d.wp||{},d.wp.receiveEmbedMessage||(d.wp.receiveEmbedMessage=function(e){var t=e.data;if((t||t.secret||t.message||t.value)&&!\/[^a-zA-Z0-9]\/.test(t.secret)){for(var s,r,n,a=l.querySelectorAll('iframe[data-secret=\"'+t.secret+'\"]'),o=l.querySelectorAll('blockquote[data-secret=\"'+t.secret+'\"]'),c=new RegExp(\"^https?:$\",\"i\"),i=0;i<o.length;i++)o[i].style.display=\"none\";for(i=0;i<a.length;i++)s=a[i],e.source===s.contentWindow&&(s.removeAttribute(\"style\"),\"height\"===t.message?(1e3<(r=parseInt(t.value,10))?r=1e3:~~r<200&&(r=200),s.height=r):\"link\"===t.message&&(r=new URL(s.getAttribute(\"src\")),n=new URL(t.value),c.test(n.protocol))&&n.host===r.host&&l.activeElement===s&&(d.top.location.href=t.value))}},d.addEventListener(\"message\",d.wp.receiveEmbedMessage,!1),l.addEventListener(\"DOMContentLoaded\",function(){for(var e,t,s=l.querySelectorAll(\"iframe.wp-embedded-content\"),r=0;r<s.length;r++)(t=(e=s[r]).getAttribute(\"data-secret\"))||(t=Math.random().toString(36).substring(2,12),e.src+=\"#?secret=\"+t,e.setAttribute(\"data-secret\",t)),e.contentWindow.postMessage({message:\"ready\",secret:t},\"*\")},!1)))}(window,document);\n\/\/# sourceURL=https:\/\/www.smedemokrati.sk\/wp-includes\/js\/wp-embed.min.js\n\/* ]]> *\/\n<\/script>\n","thumbnail_url":"https:\/\/www.smedemokrati.sk\/wp-content\/uploads\/2025\/01\/472316562_567554146253453_3562680591205920612_n.jpg","thumbnail_width":826,"thumbnail_height":515,"description":"Lov vlka drav\u00e9ho a z\u00e1konnos\u0165 rozhodnutia Ministerstva p\u00f4dohospod\u00e1rstva a rozvoja vidieka SR o kv\u00f3te lovu vlka presk\u00fama Spr\u00e1vny s\u00fad v Bratislave. 30. decembra podal spr\u00e1vnu \u017ealobu v tejto veci environment\u00e1lny expert strany Demokrati Michal ki\u010da v spolupr\u00e1ci s mimovl\u00e1dnou organiz\u00e1ciou Ursia. Rozhodnutie bude d\u00f4le\u017eit\u00e9 aj pre bud\u00face po\u013eovn\u00e9 sez\u00f3ny.&nbsp; Rozhodnutie ministerstva p\u00f4dohospod\u00e1rstva o kv\u00f3te je [&hellip;]"}

Rozhodnutie o love vlka preskúma Správny súd - Smedemokrati.sk

<blockquote class="wp-embedded-content" data-secret="n26DfswCGy"><a href="https://www.smedemokrati.sk/sv/rozhodnutie-o-love-vlka-preskuma-spravny-sud/">Rozhodnutie o love vlka preskúma Správny súd</a></blockquote><iframe sandbox="allow-scripts" security="restricted" src="https://www.smedemokrati.sk/sv/rozhodnutie-o-love-vlka-preskuma-spravny-sud/embed/#?secret=n26DfswCGy" width="600" height="338" title="”Rozhodnutie o love vlka preskúma Správny súd” &ndash; Smedemokrati.sk" data-secret="n26DfswCGy" frameborder="0" marginwidth="0" marginheight="0" scrolling="no" class="wp-embedded-content"></iframe><script type="text/javascript">
/* <![CDATA[ */
/*! This file is auto-generated */
!function(d,l){"use strict";l.querySelector&&d.addEventListener&&"undefined"!=typeof URL&&(d.wp=d.wp||{},d.wp.receiveEmbedMessage||(d.wp.receiveEmbedMessage=function(e){var t=e.data;if((t||t.secret||t.message||t.value)&&!/[^a-zA-Z0-9]/.test(t.secret)){for(var s,r,n,a=l.querySelectorAll('iframe[data-secret="'+t.secret+'"]'),o=l.querySelectorAll('blockquote[data-secret="'+t.secret+'"]'),c=new RegExp("^https?:$","i"),i=0;i<o.length;i++)o[i].style.display="none";for(i=0;i<a.length;i++)s=a[i],e.source===s.contentWindow&&(s.removeAttribute("style"),"height"===t.message?(1e3<(r=parseInt(t.value,10))?r=1e3:~~r<200&&(r=200),s.height=r):"link"===t.message&&(r=new URL(s.getAttribute("src")),n=new URL(t.value),c.test(n.protocol))&&n.host===r.host&&l.activeElement===s&&(d.top.location.href=t.value))}},d.addEventListener("message",d.wp.receiveEmbedMessage,!1),l.addEventListener("DOMContentLoaded",function(){for(var e,t,s=l.querySelectorAll("iframe.wp-embedded-content"),r=0;r<s.length;r++)(t=(e=s[r]).getAttribute("data-secret"))||(t=Math.random().toString(36).substring(2,12),e.src+="#?secret="+t,e.setAttribute("data-secret",t)),e.contentWindow.postMessage({message:"ready",secret:t},"*")},!1)))}(window,document);
//# sourceURL=https://www.smedemokrati.sk/wp-includes/js/wp-embed.min.js
/* ]]> */
</script>

Lov vlka dravého a zákonnosť rozhodnutia Ministerstva pôdohospodárstva a rozvoja vidieka SR o kvóte lovu vlka preskúma Správny súd v Bratislave. 30. decembra podal správnu žalobu v tejto veci environmentálny expert strany Demokrati Michal kiča v spolupráci s mimovládnou organizáciou Ursia. Rozhodnutie bude dôležité aj pre budúce poľovné sezóny.&nbsp; Rozhodnutie ministerstva pôdohospodárstva o kvóte je [&hellip;]
