{"version":"1.0","provider_name":"Smedemokrati.sk","provider_url":"https:\/\/www.smedemokrati.sk\/sv","author_name":"miro.sopko","author_url":"https:\/\/www.smedemokrati.sk\/sv\/author\/miro-sopko\/","title":"Optimaliz\u00e1cia a\u00a0dofinancovanie nemocn\u00edc s\u00fa nevyhnutn\u00e9! - Smedemokrati.sk","type":"rich","width":600,"height":338,"html":"<blockquote class=\"wp-embedded-content\" data-secret=\"k45O1uOo9i\"><a href=\"https:\/\/www.smedemokrati.sk\/sv\/optimalizacia-a-dofinancovanie-nemocnic-su-nevyhnutne\/\">Optimaliz\u00e1cia a\u00a0dofinancovanie nemocn\u00edc s\u00fa nevyhnutn\u00e9!<\/a><\/blockquote><iframe sandbox=\"allow-scripts\" security=\"restricted\" src=\"https:\/\/www.smedemokrati.sk\/sv\/optimalizacia-a-dofinancovanie-nemocnic-su-nevyhnutne\/embed\/#?secret=k45O1uOo9i\" width=\"600\" height=\"338\" title=\"\u201dOptimaliz\u00e1cia a\u00a0dofinancovanie nemocn\u00edc s\u00fa nevyhnutn\u00e9!\u201d &ndash; Smedemokrati.sk\" data-secret=\"k45O1uOo9i\" frameborder=\"0\" marginwidth=\"0\" marginheight=\"0\" scrolling=\"no\" class=\"wp-embedded-content\"><\/iframe><script type=\"text\/javascript\">\n\/* <![CDATA[ *\/\n\/*! This file is auto-generated *\/\n!function(d,l){\"use strict\";l.querySelector&&d.addEventListener&&\"undefined\"!=typeof URL&&(d.wp=d.wp||{},d.wp.receiveEmbedMessage||(d.wp.receiveEmbedMessage=function(e){var t=e.data;if((t||t.secret||t.message||t.value)&&!\/[^a-zA-Z0-9]\/.test(t.secret)){for(var s,r,n,a=l.querySelectorAll('iframe[data-secret=\"'+t.secret+'\"]'),o=l.querySelectorAll('blockquote[data-secret=\"'+t.secret+'\"]'),c=new RegExp(\"^https?:$\",\"i\"),i=0;i<o.length;i++)o[i].style.display=\"none\";for(i=0;i<a.length;i++)s=a[i],e.source===s.contentWindow&&(s.removeAttribute(\"style\"),\"height\"===t.message?(1e3<(r=parseInt(t.value,10))?r=1e3:~~r<200&&(r=200),s.height=r):\"link\"===t.message&&(r=new URL(s.getAttribute(\"src\")),n=new URL(t.value),c.test(n.protocol))&&n.host===r.host&&l.activeElement===s&&(d.top.location.href=t.value))}},d.addEventListener(\"message\",d.wp.receiveEmbedMessage,!1),l.addEventListener(\"DOMContentLoaded\",function(){for(var e,t,s=l.querySelectorAll(\"iframe.wp-embedded-content\"),r=0;r<s.length;r++)(t=(e=s[r]).getAttribute(\"data-secret\"))||(t=Math.random().toString(36).substring(2,12),e.src+=\"#?secret=\"+t,e.setAttribute(\"data-secret\",t)),e.contentWindow.postMessage({message:\"ready\",secret:t},\"*\")},!1)))}(window,document);\n\/\/# sourceURL=https:\/\/www.smedemokrati.sk\/wp-includes\/js\/wp-embed.min.js\n\/* ]]> *\/\n<\/script>\n","thumbnail_url":"https:\/\/www.smedemokrati.sk\/wp-content\/uploads\/2024\/09\/2149191356.jpg","thumbnail_width":1000,"thumbnail_height":667,"description":"Demokrati ostro kritizuj\u00fa snahu ministerky zdravotn\u00edctva Dolinkovej o&nbsp;nov\u00e9 pravidl\u00e1 zara\u010fovania nemocn\u00edc do jednotliv\u00fdch kateg\u00f3rii v r\u00e1mci odkladanej optimaliz\u00e1cie siete nemocn\u00edc.&nbsp; \u201eJe absol\u00fatne zrejm\u00e9, \u017ee ministerka Dolinkov\u00e1 len na\u0165ahuje \u010das, aby nemusela spusti\u0165 reformu nemocn\u00edc ani v&nbsp;roku 2025\u201c,&nbsp;hovor\u00ed Viliam Novotn\u00fd, zdravotn\u00edcky expert Demokratov a z\u00e1rove\u0148 uzn\u00e1van\u00fd neurochirurg. Pritom u\u017e po vo\u013eb\u00e1ch Ficova vl\u00e1da presunula spustenie reformy [&hellip;]"}

Optimalizácia a dofinancovanie nemocníc sú nevyhnutné! - Smedemokrati.sk

<blockquote class="wp-embedded-content" data-secret="k45O1uOo9i"><a href="https://www.smedemokrati.sk/sv/optimalizacia-a-dofinancovanie-nemocnic-su-nevyhnutne/">Optimalizácia a dofinancovanie nemocníc sú nevyhnutné!</a></blockquote><iframe sandbox="allow-scripts" security="restricted" src="https://www.smedemokrati.sk/sv/optimalizacia-a-dofinancovanie-nemocnic-su-nevyhnutne/embed/#?secret=k45O1uOo9i" width="600" height="338" title="”Optimalizácia a dofinancovanie nemocníc sú nevyhnutné!” &ndash; Smedemokrati.sk" data-secret="k45O1uOo9i" frameborder="0" marginwidth="0" marginheight="0" scrolling="no" class="wp-embedded-content"></iframe><script type="text/javascript">
/* <![CDATA[ */
/*! This file is auto-generated */
!function(d,l){"use strict";l.querySelector&&d.addEventListener&&"undefined"!=typeof URL&&(d.wp=d.wp||{},d.wp.receiveEmbedMessage||(d.wp.receiveEmbedMessage=function(e){var t=e.data;if((t||t.secret||t.message||t.value)&&!/[^a-zA-Z0-9]/.test(t.secret)){for(var s,r,n,a=l.querySelectorAll('iframe[data-secret="'+t.secret+'"]'),o=l.querySelectorAll('blockquote[data-secret="'+t.secret+'"]'),c=new RegExp("^https?:$","i"),i=0;i<o.length;i++)o[i].style.display="none";for(i=0;i<a.length;i++)s=a[i],e.source===s.contentWindow&&(s.removeAttribute("style"),"height"===t.message?(1e3<(r=parseInt(t.value,10))?r=1e3:~~r<200&&(r=200),s.height=r):"link"===t.message&&(r=new URL(s.getAttribute("src")),n=new URL(t.value),c.test(n.protocol))&&n.host===r.host&&l.activeElement===s&&(d.top.location.href=t.value))}},d.addEventListener("message",d.wp.receiveEmbedMessage,!1),l.addEventListener("DOMContentLoaded",function(){for(var e,t,s=l.querySelectorAll("iframe.wp-embedded-content"),r=0;r<s.length;r++)(t=(e=s[r]).getAttribute("data-secret"))||(t=Math.random().toString(36).substring(2,12),e.src+="#?secret="+t,e.setAttribute("data-secret",t)),e.contentWindow.postMessage({message:"ready",secret:t},"*")},!1)))}(window,document);
//# sourceURL=https://www.smedemokrati.sk/wp-includes/js/wp-embed.min.js
/* ]]> */
</script>

Demokrati ostro kritizujú snahu ministerky zdravotníctva Dolinkovej o&nbsp;nové pravidlá zaraďovania nemocníc do jednotlivých kategórii v rámci odkladanej optimalizácie siete nemocníc.&nbsp; „Je absolútne zrejmé, že ministerka Dolinková len naťahuje čas, aby nemusela spustiť reformu nemocníc ani v&nbsp;roku 2025“,&nbsp;hovorí Viliam Novotný, zdravotnícky expert Demokratov a zároveň uznávaný neurochirurg. Pritom už po voľbách Ficova vláda presunula spustenie reformy [&hellip;]
