{"version":"1.0","provider_name":"Smedemokrati.sk","provider_url":"https:\/\/www.smedemokrati.sk\/sv","author_name":"miro.sopko","author_url":"https:\/\/www.smedemokrati.sk\/sv\/author\/miro-sopko\/","title":"Kristi\u00e1n \u010cechm\u00e1nek - Smedemokrati.sk","type":"rich","width":600,"height":338,"html":"<blockquote class=\"wp-embedded-content\" data-secret=\"aIKzRYDely\"><a href=\"https:\/\/www.smedemokrati.sk\/sv\/leader\/kristian-cechmanek\/\">Kristi\u00e1n \u010cechm\u00e1nek<\/a><\/blockquote><iframe sandbox=\"allow-scripts\" security=\"restricted\" src=\"https:\/\/www.smedemokrati.sk\/sv\/leader\/kristian-cechmanek\/embed\/#?secret=aIKzRYDely\" width=\"600\" height=\"338\" title=\"\u201dKristi\u00e1n \u010cechm\u00e1nek\u201d &ndash; Smedemokrati.sk\" data-secret=\"aIKzRYDely\" frameborder=\"0\" marginwidth=\"0\" marginheight=\"0\" scrolling=\"no\" class=\"wp-embedded-content\"><\/iframe><script type=\"text\/javascript\">\n\/* <![CDATA[ *\/\n\/*! This file is auto-generated *\/\n!function(d,l){\"use strict\";l.querySelector&&d.addEventListener&&\"undefined\"!=typeof URL&&(d.wp=d.wp||{},d.wp.receiveEmbedMessage||(d.wp.receiveEmbedMessage=function(e){var t=e.data;if((t||t.secret||t.message||t.value)&&!\/[^a-zA-Z0-9]\/.test(t.secret)){for(var s,r,n,a=l.querySelectorAll('iframe[data-secret=\"'+t.secret+'\"]'),o=l.querySelectorAll('blockquote[data-secret=\"'+t.secret+'\"]'),c=new RegExp(\"^https?:$\",\"i\"),i=0;i<o.length;i++)o[i].style.display=\"none\";for(i=0;i<a.length;i++)s=a[i],e.source===s.contentWindow&&(s.removeAttribute(\"style\"),\"height\"===t.message?(1e3<(r=parseInt(t.value,10))?r=1e3:~~r<200&&(r=200),s.height=r):\"link\"===t.message&&(r=new URL(s.getAttribute(\"src\")),n=new URL(t.value),c.test(n.protocol))&&n.host===r.host&&l.activeElement===s&&(d.top.location.href=t.value))}},d.addEventListener(\"message\",d.wp.receiveEmbedMessage,!1),l.addEventListener(\"DOMContentLoaded\",function(){for(var e,t,s=l.querySelectorAll(\"iframe.wp-embedded-content\"),r=0;r<s.length;r++)(t=(e=s[r]).getAttribute(\"data-secret\"))||(t=Math.random().toString(36).substring(2,12),e.src+=\"#?secret=\"+t,e.setAttribute(\"data-secret\",t)),e.contentWindow.postMessage({message:\"ready\",secret:t},\"*\")},!1)))}(window,document);\n\/\/# sourceURL=https:\/\/www.smedemokrati.sk\/wp-includes\/js\/wp-embed.min.js\n\/* ]]> *\/\n<\/script>\n","description":"\u010dlen predsedn\u00edctva Demokratov Pr\u00e1vnik, vysoko\u0161kolsk\u00fd pedag\u00f3g a kou\u010d venuj\u00faci sa ot\u00e1zkam demokracie, boja proti dezinform\u00e1ci\u00e1m a gramotnosti spolo\u010dnosti Kristi\u00e1n vy\u0161tudoval pr\u00e1vo v Trnave, kde absolvoval aj doktorandsk\u00e9 \u0161t\u00fadium, ktor\u00e9 ukon\u010dil dizert\u00e1ciou na t\u00e9mu psychologick\u00fdch a epistemick\u00fdch predpokladov totalitn\u00fdch re\u017eimov. Vo svojom profesion\u00e1lnom \u017eivote p\u00f4sobil na r\u00f4znych poz\u00edci\u00e1ch v oblasti verejn\u00e9ho a s\u00fakromn\u00e9ho sektora, v\u017edy sa [&hellip;]","thumbnail_url":"https:\/\/www.smedemokrati.sk\/wp-content\/uploads\/2023\/04\/ff.004.jpeg","thumbnail_width":640,"thumbnail_height":480}

Kristián Čechmánek - Smedemokrati.sk

<blockquote class="wp-embedded-content" data-secret="aIKzRYDely"><a href="https://www.smedemokrati.sk/sv/leader/kristian-cechmanek/">Kristián Čechmánek</a></blockquote><iframe sandbox="allow-scripts" security="restricted" src="https://www.smedemokrati.sk/sv/leader/kristian-cechmanek/embed/#?secret=aIKzRYDely" width="600" height="338" title="”Kristián Čechmánek” &ndash; Smedemokrati.sk" data-secret="aIKzRYDely" frameborder="0" marginwidth="0" marginheight="0" scrolling="no" class="wp-embedded-content"></iframe><script type="text/javascript">
/* <![CDATA[ */
/*! This file is auto-generated */
!function(d,l){"use strict";l.querySelector&&d.addEventListener&&"undefined"!=typeof URL&&(d.wp=d.wp||{},d.wp.receiveEmbedMessage||(d.wp.receiveEmbedMessage=function(e){var t=e.data;if((t||t.secret||t.message||t.value)&&!/[^a-zA-Z0-9]/.test(t.secret)){for(var s,r,n,a=l.querySelectorAll('iframe[data-secret="'+t.secret+'"]'),o=l.querySelectorAll('blockquote[data-secret="'+t.secret+'"]'),c=new RegExp("^https?:$","i"),i=0;i<o.length;i++)o[i].style.display="none";for(i=0;i<a.length;i++)s=a[i],e.source===s.contentWindow&&(s.removeAttribute("style"),"height"===t.message?(1e3<(r=parseInt(t.value,10))?r=1e3:~~r<200&&(r=200),s.height=r):"link"===t.message&&(r=new URL(s.getAttribute("src")),n=new URL(t.value),c.test(n.protocol))&&n.host===r.host&&l.activeElement===s&&(d.top.location.href=t.value))}},d.addEventListener("message",d.wp.receiveEmbedMessage,!1),l.addEventListener("DOMContentLoaded",function(){for(var e,t,s=l.querySelectorAll("iframe.wp-embedded-content"),r=0;r<s.length;r++)(t=(e=s[r]).getAttribute("data-secret"))||(t=Math.random().toString(36).substring(2,12),e.src+="#?secret="+t,e.setAttribute("data-secret",t)),e.contentWindow.postMessage({message:"ready",secret:t},"*")},!1)))}(window,document);
//# sourceURL=https://www.smedemokrati.sk/wp-includes/js/wp-embed.min.js
/* ]]> */
</script>

člen predsedníctva Demokratov Právnik, vysokoškolský pedagóg a kouč venujúci sa otázkam demokracie, boja proti dezinformáciám a gramotnosti spoločnosti Kristián vyštudoval právo v Trnave, kde absolvoval aj doktorandské štúdium, ktoré ukončil dizertáciou na tému psychologických a epistemických predpokladov totalitných režimov. Vo svojom profesionálnom živote pôsobil na rôznych pozíciách v oblasti verejného a súkromného sektora, vždy sa [&hellip;]
