{"version":"1.0","provider_name":"Smedemokrati.sk","provider_url":"https:\/\/www.smedemokrati.sk\/sv","author_name":"miro.sopko","author_url":"https:\/\/www.smedemokrati.sk\/sv\/author\/miro-sopko\/","title":"Ficov boj za svojich \u013eud\u00ed ohrozuje prosperitu Slovenska - Smedemokrati.sk","type":"rich","width":600,"height":338,"html":"<blockquote class=\"wp-embedded-content\" data-secret=\"vz2Ge2yKIf\"><a href=\"https:\/\/www.smedemokrati.sk\/sv\/ficov-boj-za-svojich-ludi-ohrozuje-prosperitu-slovenska\/\">Ficov boj za svojich \u013eud\u00ed ohrozuje prosperitu Slovenska<\/a><\/blockquote><iframe sandbox=\"allow-scripts\" security=\"restricted\" src=\"https:\/\/www.smedemokrati.sk\/sv\/ficov-boj-za-svojich-ludi-ohrozuje-prosperitu-slovenska\/embed\/#?secret=vz2Ge2yKIf\" width=\"600\" height=\"338\" title=\"\u201dFicov boj za svojich \u013eud\u00ed ohrozuje prosperitu Slovenska\u201d &ndash; Smedemokrati.sk\" data-secret=\"vz2Ge2yKIf\" frameborder=\"0\" marginwidth=\"0\" marginheight=\"0\" scrolling=\"no\" class=\"wp-embedded-content\"><\/iframe><script type=\"text\/javascript\">\n\/* <![CDATA[ *\/\n\/*! This file is auto-generated *\/\n!function(d,l){\"use strict\";l.querySelector&&d.addEventListener&&\"undefined\"!=typeof URL&&(d.wp=d.wp||{},d.wp.receiveEmbedMessage||(d.wp.receiveEmbedMessage=function(e){var t=e.data;if((t||t.secret||t.message||t.value)&&!\/[^a-zA-Z0-9]\/.test(t.secret)){for(var s,r,n,a=l.querySelectorAll('iframe[data-secret=\"'+t.secret+'\"]'),o=l.querySelectorAll('blockquote[data-secret=\"'+t.secret+'\"]'),c=new RegExp(\"^https?:$\",\"i\"),i=0;i<o.length;i++)o[i].style.display=\"none\";for(i=0;i<a.length;i++)s=a[i],e.source===s.contentWindow&&(s.removeAttribute(\"style\"),\"height\"===t.message?(1e3<(r=parseInt(t.value,10))?r=1e3:~~r<200&&(r=200),s.height=r):\"link\"===t.message&&(r=new URL(s.getAttribute(\"src\")),n=new URL(t.value),c.test(n.protocol))&&n.host===r.host&&l.activeElement===s&&(d.top.location.href=t.value))}},d.addEventListener(\"message\",d.wp.receiveEmbedMessage,!1),l.addEventListener(\"DOMContentLoaded\",function(){for(var e,t,s=l.querySelectorAll(\"iframe.wp-embedded-content\"),r=0;r<s.length;r++)(t=(e=s[r]).getAttribute(\"data-secret\"))||(t=Math.random().toString(36).substring(2,12),e.src+=\"#?secret=\"+t,e.setAttribute(\"data-secret\",t)),e.contentWindow.postMessage({message:\"ready\",secret:t},\"*\")},!1)))}(window,document);\n\/\/# sourceURL=https:\/\/www.smedemokrati.sk\/wp-includes\/js\/wp-embed.min.js\n\/* ]]> *\/\n<\/script>\n","thumbnail_url":"https:\/\/www.smedemokrati.sk\/wp-content\/uploads\/2026\/02\/vlada-malinec-taraba.jpg","thumbnail_width":1280,"thumbnail_height":720,"description":"Demokrati vn\u00edmaj\u00fa dne\u0161n\u00fa jednozna\u010dn\u00fa v\u00fdzvu Eur\u00f3pskeho parlamentu na pozastavenie eurofondov Slovensku ako drah\u00fa vizitku Ficovi. Ten obetoval v mene z\u00e1chrany svojich \u013eud\u00ed prosperitu Slovensku. Odmietame koali\u010dn\u00fa interpret\u00e1ciu, \u017ee ide o opozi\u010dn\u00fd boj &#8211; na zlyh\u00e1vanie pri vy\u0161etrovan\u00ed korupcie pouk\u00e1zal aj gener\u00e1lny prokur\u00e1tor. Vyz\u00fdvame Roberta Fica, aby vykonal v\u0161etky kroky pre odvr\u00e1tenie hrozby pozastavenia mili\u00e1rd z [&hellip;]"}

Ficov boj za svojich ľudí ohrozuje prosperitu Slovenska - Smedemokrati.sk

<blockquote class="wp-embedded-content" data-secret="vz2Ge2yKIf"><a href="https://www.smedemokrati.sk/sv/ficov-boj-za-svojich-ludi-ohrozuje-prosperitu-slovenska/">Ficov boj za svojich ľudí ohrozuje prosperitu Slovenska</a></blockquote><iframe sandbox="allow-scripts" security="restricted" src="https://www.smedemokrati.sk/sv/ficov-boj-za-svojich-ludi-ohrozuje-prosperitu-slovenska/embed/#?secret=vz2Ge2yKIf" width="600" height="338" title="”Ficov boj za svojich ľudí ohrozuje prosperitu Slovenska” &ndash; Smedemokrati.sk" data-secret="vz2Ge2yKIf" frameborder="0" marginwidth="0" marginheight="0" scrolling="no" class="wp-embedded-content"></iframe><script type="text/javascript">
/* <![CDATA[ */
/*! This file is auto-generated */
!function(d,l){"use strict";l.querySelector&&d.addEventListener&&"undefined"!=typeof URL&&(d.wp=d.wp||{},d.wp.receiveEmbedMessage||(d.wp.receiveEmbedMessage=function(e){var t=e.data;if((t||t.secret||t.message||t.value)&&!/[^a-zA-Z0-9]/.test(t.secret)){for(var s,r,n,a=l.querySelectorAll('iframe[data-secret="'+t.secret+'"]'),o=l.querySelectorAll('blockquote[data-secret="'+t.secret+'"]'),c=new RegExp("^https?:$","i"),i=0;i<o.length;i++)o[i].style.display="none";for(i=0;i<a.length;i++)s=a[i],e.source===s.contentWindow&&(s.removeAttribute("style"),"height"===t.message?(1e3<(r=parseInt(t.value,10))?r=1e3:~~r<200&&(r=200),s.height=r):"link"===t.message&&(r=new URL(s.getAttribute("src")),n=new URL(t.value),c.test(n.protocol))&&n.host===r.host&&l.activeElement===s&&(d.top.location.href=t.value))}},d.addEventListener("message",d.wp.receiveEmbedMessage,!1),l.addEventListener("DOMContentLoaded",function(){for(var e,t,s=l.querySelectorAll("iframe.wp-embedded-content"),r=0;r<s.length;r++)(t=(e=s[r]).getAttribute("data-secret"))||(t=Math.random().toString(36).substring(2,12),e.src+="#?secret="+t,e.setAttribute("data-secret",t)),e.contentWindow.postMessage({message:"ready",secret:t},"*")},!1)))}(window,document);
//# sourceURL=https://www.smedemokrati.sk/wp-includes/js/wp-embed.min.js
/* ]]> */
</script>

Demokrati vnímajú dnešnú jednoznačnú výzvu Európskeho parlamentu na pozastavenie eurofondov Slovensku ako drahú vizitku Ficovi. Ten obetoval v mene záchrany svojich ľudí prosperitu Slovensku. Odmietame koaličnú interpretáciu, že ide o opozičný boj &#8211; na zlyhávanie pri vyšetrovaní korupcie poukázal aj generálny prokurátor. Vyzývame Roberta Fica, aby vykonal všetky kroky pre odvrátenie hrozby pozastavenia miliárd z [&hellip;]
