{"version":"1.0","provider_name":"Smedemokrati.sk","provider_url":"https:\/\/www.smedemokrati.sk\/sv","author_name":"miro.sopko","author_url":"https:\/\/www.smedemokrati.sk\/sv\/author\/miro-sopko\/","title":"\u010eal\u0161ia podozriv\u00e1 nomin\u00e1cia, tentokr\u00e1t z dielne ministra Tak\u00e1\u010da - Smedemokrati.sk","type":"rich","width":600,"height":338,"html":"<blockquote class=\"wp-embedded-content\" data-secret=\"oxeYjPtXNY\"><a href=\"https:\/\/www.smedemokrati.sk\/sv\/dalsia-podozriva-nominacia-tentokrat-z-dielne-ministra-takaca\/\">\u010eal\u0161ia podozriv\u00e1 nomin\u00e1cia, tentokr\u00e1t z dielne ministra Tak\u00e1\u010da<\/a><\/blockquote><iframe sandbox=\"allow-scripts\" security=\"restricted\" src=\"https:\/\/www.smedemokrati.sk\/sv\/dalsia-podozriva-nominacia-tentokrat-z-dielne-ministra-takaca\/embed\/#?secret=oxeYjPtXNY\" width=\"600\" height=\"338\" title=\"\u201d\u010eal\u0161ia podozriv\u00e1 nomin\u00e1cia, tentokr\u00e1t z dielne ministra Tak\u00e1\u010da\u201d &ndash; Smedemokrati.sk\" data-secret=\"oxeYjPtXNY\" frameborder=\"0\" marginwidth=\"0\" marginheight=\"0\" scrolling=\"no\" class=\"wp-embedded-content\"><\/iframe><script type=\"text\/javascript\">\n\/* <![CDATA[ *\/\n\/*! This file is auto-generated *\/\n!function(d,l){\"use strict\";l.querySelector&&d.addEventListener&&\"undefined\"!=typeof URL&&(d.wp=d.wp||{},d.wp.receiveEmbedMessage||(d.wp.receiveEmbedMessage=function(e){var t=e.data;if((t||t.secret||t.message||t.value)&&!\/[^a-zA-Z0-9]\/.test(t.secret)){for(var s,r,n,a=l.querySelectorAll('iframe[data-secret=\"'+t.secret+'\"]'),o=l.querySelectorAll('blockquote[data-secret=\"'+t.secret+'\"]'),c=new RegExp(\"^https?:$\",\"i\"),i=0;i<o.length;i++)o[i].style.display=\"none\";for(i=0;i<a.length;i++)s=a[i],e.source===s.contentWindow&&(s.removeAttribute(\"style\"),\"height\"===t.message?(1e3<(r=parseInt(t.value,10))?r=1e3:~~r<200&&(r=200),s.height=r):\"link\"===t.message&&(r=new URL(s.getAttribute(\"src\")),n=new URL(t.value),c.test(n.protocol))&&n.host===r.host&&l.activeElement===s&&(d.top.location.href=t.value))}},d.addEventListener(\"message\",d.wp.receiveEmbedMessage,!1),l.addEventListener(\"DOMContentLoaded\",function(){for(var e,t,s=l.querySelectorAll(\"iframe.wp-embedded-content\"),r=0;r<s.length;r++)(t=(e=s[r]).getAttribute(\"data-secret\"))||(t=Math.random().toString(36).substring(2,12),e.src+=\"#?secret=\"+t,e.setAttribute(\"data-secret\",t)),e.contentWindow.postMessage({message:\"ready\",secret:t},\"*\")},!1)))}(window,document);\n\/\/# sourceURL=https:\/\/www.smedemokrati.sk\/wp-includes\/js\/wp-embed.min.js\n\/* ]]> *\/\n<\/script>\n","thumbnail_url":"https:\/\/www.smedemokrati.sk\/wp-content\/uploads\/2025\/04\/sv_anton.jpg","thumbnail_width":1536,"thumbnail_height":2048,"description":"Ob\u013e\u00faben\u00e9 M\u00fazeum vo Sv. Antone pri Banskej \u0160tiavnici, ktor\u00e9 je zn\u00e1me svojimi expoz\u00edciami hist\u00f3rie a po\u013eovn\u00edctva, bude ma\u0165 nov\u00e9ho poveren\u00e9ho riadite\u013ea Miroslava Hud\u00e1ka. Pod\u013ea inform\u00e1ci\u00ed, ktor\u00fdmi disponuj\u00fa Demokrati, funkciu dnes preberie 34 ro\u010dn\u00fd ekon\u00f3m bez akejko\u013evek praxe v m\u00fazejnej in\u0161tit\u00facii a nahrad\u00ed dlhoro\u010dn\u00e9ho riadite\u013ea a odborn\u00edka \u0160tefana Engela. Zmena sa deje po r\u00fa\u0161kom tajnosti, bez [&hellip;]"}

Ďalšia podozrivá nominácia, tentokrát z dielne ministra Takáča - Smedemokrati.sk

<blockquote class="wp-embedded-content" data-secret="oxeYjPtXNY"><a href="https://www.smedemokrati.sk/sv/dalsia-podozriva-nominacia-tentokrat-z-dielne-ministra-takaca/">Ďalšia podozrivá nominácia, tentokrát z dielne ministra Takáča</a></blockquote><iframe sandbox="allow-scripts" security="restricted" src="https://www.smedemokrati.sk/sv/dalsia-podozriva-nominacia-tentokrat-z-dielne-ministra-takaca/embed/#?secret=oxeYjPtXNY" width="600" height="338" title="”Ďalšia podozrivá nominácia, tentokrát z dielne ministra Takáča” &ndash; Smedemokrati.sk" data-secret="oxeYjPtXNY" frameborder="0" marginwidth="0" marginheight="0" scrolling="no" class="wp-embedded-content"></iframe><script type="text/javascript">
/* <![CDATA[ */
/*! This file is auto-generated */
!function(d,l){"use strict";l.querySelector&&d.addEventListener&&"undefined"!=typeof URL&&(d.wp=d.wp||{},d.wp.receiveEmbedMessage||(d.wp.receiveEmbedMessage=function(e){var t=e.data;if((t||t.secret||t.message||t.value)&&!/[^a-zA-Z0-9]/.test(t.secret)){for(var s,r,n,a=l.querySelectorAll('iframe[data-secret="'+t.secret+'"]'),o=l.querySelectorAll('blockquote[data-secret="'+t.secret+'"]'),c=new RegExp("^https?:$","i"),i=0;i<o.length;i++)o[i].style.display="none";for(i=0;i<a.length;i++)s=a[i],e.source===s.contentWindow&&(s.removeAttribute("style"),"height"===t.message?(1e3<(r=parseInt(t.value,10))?r=1e3:~~r<200&&(r=200),s.height=r):"link"===t.message&&(r=new URL(s.getAttribute("src")),n=new URL(t.value),c.test(n.protocol))&&n.host===r.host&&l.activeElement===s&&(d.top.location.href=t.value))}},d.addEventListener("message",d.wp.receiveEmbedMessage,!1),l.addEventListener("DOMContentLoaded",function(){for(var e,t,s=l.querySelectorAll("iframe.wp-embedded-content"),r=0;r<s.length;r++)(t=(e=s[r]).getAttribute("data-secret"))||(t=Math.random().toString(36).substring(2,12),e.src+="#?secret="+t,e.setAttribute("data-secret",t)),e.contentWindow.postMessage({message:"ready",secret:t},"*")},!1)))}(window,document);
//# sourceURL=https://www.smedemokrati.sk/wp-includes/js/wp-embed.min.js
/* ]]> */
</script>

Obľúbené Múzeum vo Sv. Antone pri Banskej Štiavnici, ktoré je známe svojimi expozíciami histórie a poľovníctva, bude mať nového povereného riaditeľa Miroslava Hudáka. Podľa informácií, ktorými disponujú Demokrati, funkciu dnes preberie 34 ročný ekonóm bez akejkoľvek praxe v múzejnej inštitúcii a nahradí dlhoročného riaditeľa a odborníka Štefana Engela. Zmena sa deje po rúškom tajnosti, bez [&hellip;]
