{"version":"1.0","provider_name":"Smedemokrati.sk","provider_url":"https:\/\/www.smedemokrati.sk\/hu","author_name":"Tom\u00e1\u0161 Koppl","author_url":"https:\/\/www.smedemokrati.sk\/hu\/author\/tomaskoppl\/","title":"Stanovisko E. Hegera k pomoci samospr\u00e1vam - Smedemokrati.sk","type":"rich","width":600,"height":338,"html":"<blockquote class=\"wp-embedded-content\" data-secret=\"qe9Ba2lN6y\"><a href=\"https:\/\/www.smedemokrati.sk\/hu\/stanovisko-e-hegera-k-pomoci-samospravam\/\">Stanovisko E. Hegera k pomoci samospr\u00e1vam<\/a><\/blockquote><iframe sandbox=\"allow-scripts\" security=\"restricted\" src=\"https:\/\/www.smedemokrati.sk\/hu\/stanovisko-e-hegera-k-pomoci-samospravam\/embed\/#?secret=qe9Ba2lN6y\" width=\"600\" height=\"338\" title=\"&#8220;Stanovisko E. Hegera k pomoci samospr\u00e1vam&#8221; &#8212; Smedemokrati.sk\" data-secret=\"qe9Ba2lN6y\" frameborder=\"0\" marginwidth=\"0\" marginheight=\"0\" scrolling=\"no\" class=\"wp-embedded-content\"><\/iframe><script type=\"text\/javascript\">\n\/* <![CDATA[ *\/\n\/*! This file is auto-generated *\/\n!function(d,l){\"use strict\";l.querySelector&&d.addEventListener&&\"undefined\"!=typeof URL&&(d.wp=d.wp||{},d.wp.receiveEmbedMessage||(d.wp.receiveEmbedMessage=function(e){var t=e.data;if((t||t.secret||t.message||t.value)&&!\/[^a-zA-Z0-9]\/.test(t.secret)){for(var s,r,n,a=l.querySelectorAll('iframe[data-secret=\"'+t.secret+'\"]'),o=l.querySelectorAll('blockquote[data-secret=\"'+t.secret+'\"]'),c=new RegExp(\"^https?:$\",\"i\"),i=0;i<o.length;i++)o[i].style.display=\"none\";for(i=0;i<a.length;i++)s=a[i],e.source===s.contentWindow&&(s.removeAttribute(\"style\"),\"height\"===t.message?(1e3<(r=parseInt(t.value,10))?r=1e3:~~r<200&&(r=200),s.height=r):\"link\"===t.message&&(r=new URL(s.getAttribute(\"src\")),n=new URL(t.value),c.test(n.protocol))&&n.host===r.host&&l.activeElement===s&&(d.top.location.href=t.value))}},d.addEventListener(\"message\",d.wp.receiveEmbedMessage,!1),l.addEventListener(\"DOMContentLoaded\",function(){for(var e,t,s=l.querySelectorAll(\"iframe.wp-embedded-content\"),r=0;r<s.length;r++)(t=(e=s[r]).getAttribute(\"data-secret\"))||(t=Math.random().toString(36).substring(2,12),e.src+=\"#?secret=\"+t,e.setAttribute(\"data-secret\",t)),e.contentWindow.postMessage({message:\"ready\",secret:t},\"*\")},!1)))}(window,document);\n\/\/# sourceURL=https:\/\/www.smedemokrati.sk\/wp-includes\/js\/wp-embed.min.js\n\/* ]]> *\/\n<\/script>\n","thumbnail_url":"https:\/\/www.smedemokrati.sk\/wp-content\/uploads\/2023\/04\/EH.jpg","thumbnail_width":1520,"thumbnail_height":1080,"description":"E\u0161te ako predseda vl\u00e1dy som vy\u010dlenil 200 mil. eur na pomoc samospr\u00e1vam, u\u017e takmer polovica z nich bola vyplaten\u00e1 za mojej vl\u00e1dy. Zvy\u0161n\u00e9 peniaze s\u00fa k dispoz\u00edcii, nachystan\u00e9 v schv\u00e1lenom \u0161t\u00e1tnom rozpo\u010dte. Pr\u00e1ve preto vyz\u00fdvam \u00faradn\u00edcku vl\u00e1du, aby ur\u00fdchlene rozhodla o ich vyplaten\u00ed. Sta\u010d\u00ed na to \u201ejeden podpis\u201c.\u00a0 Odklad vyplatenia pomoci v tejto situ\u00e1cii vytv\u00e1ra [&hellip;]"}

Tomáš Koppl

Stanovisko E. Hegera k pomoci samosprávam - Smedemokrati.sk

<blockquote class="wp-embedded-content" data-secret="qe9Ba2lN6y"><a href="https://www.smedemokrati.sk/hu/stanovisko-e-hegera-k-pomoci-samospravam/">Stanovisko E. Hegera k pomoci samosprávam</a></blockquote><iframe sandbox="allow-scripts" security="restricted" src="https://www.smedemokrati.sk/hu/stanovisko-e-hegera-k-pomoci-samospravam/embed/#?secret=qe9Ba2lN6y" width="600" height="338" title="&#8220;Stanovisko E. Hegera k pomoci samosprávam&#8221; &#8212; Smedemokrati.sk" data-secret="qe9Ba2lN6y" frameborder="0" marginwidth="0" marginheight="0" scrolling="no" class="wp-embedded-content"></iframe><script type="text/javascript">
/* <![CDATA[ */
/*! This file is auto-generated */
!function(d,l){"use strict";l.querySelector&&d.addEventListener&&"undefined"!=typeof URL&&(d.wp=d.wp||{},d.wp.receiveEmbedMessage||(d.wp.receiveEmbedMessage=function(e){var t=e.data;if((t||t.secret||t.message||t.value)&&!/[^a-zA-Z0-9]/.test(t.secret)){for(var s,r,n,a=l.querySelectorAll('iframe[data-secret="'+t.secret+'"]'),o=l.querySelectorAll('blockquote[data-secret="'+t.secret+'"]'),c=new RegExp("^https?:$","i"),i=0;i<o.length;i++)o[i].style.display="none";for(i=0;i<a.length;i++)s=a[i],e.source===s.contentWindow&&(s.removeAttribute("style"),"height"===t.message?(1e3<(r=parseInt(t.value,10))?r=1e3:~~r<200&&(r=200),s.height=r):"link"===t.message&&(r=new URL(s.getAttribute("src")),n=new URL(t.value),c.test(n.protocol))&&n.host===r.host&&l.activeElement===s&&(d.top.location.href=t.value))}},d.addEventListener("message",d.wp.receiveEmbedMessage,!1),l.addEventListener("DOMContentLoaded",function(){for(var e,t,s=l.querySelectorAll("iframe.wp-embedded-content"),r=0;r<s.length;r++)(t=(e=s[r]).getAttribute("data-secret"))||(t=Math.random().toString(36).substring(2,12),e.src+="#?secret="+t,e.setAttribute("data-secret",t)),e.contentWindow.postMessage({message:"ready",secret:t},"*")},!1)))}(window,document);
//# sourceURL=https://www.smedemokrati.sk/wp-includes/js/wp-embed.min.js
/* ]]> */
</script>

Ešte ako predseda vlády som vyčlenil 200 mil. eur na pomoc samosprávam, už takmer polovica z nich bola vyplatená za mojej vlády. Zvyšné peniaze sú k dispozícii, nachystané v schválenom štátnom rozpočte. Práve preto vyzývam úradnícku vládu, aby urýchlene rozhodla o ich vyplatení. Stačí na to „jeden podpis“.  Odklad vyplatenia pomoci v tejto situácii vytvára [&hellip;]
