{"version":"1.0","provider_name":"Smedemokrati.sk","provider_url":"https:\/\/www.smedemokrati.sk\/hu","author_name":"miro.sopko","author_url":"https:\/\/www.smedemokrati.sk\/hu\/author\/miro-sopko\/","title":"Robert Fico n\u00e1s chce opi\u0165 ro\u017ekom - Smedemokrati.sk","type":"rich","width":600,"height":338,"html":"<blockquote class=\"wp-embedded-content\" data-secret=\"yhxZlgMnYw\"><a href=\"https:\/\/www.smedemokrati.sk\/hu\/robert-fico-nas-chce-opit-rozkom\/\">Robert Fico n\u00e1s chce opi\u0165 ro\u017ekom<\/a><\/blockquote><iframe sandbox=\"allow-scripts\" security=\"restricted\" src=\"https:\/\/www.smedemokrati.sk\/hu\/robert-fico-nas-chce-opit-rozkom\/embed\/#?secret=yhxZlgMnYw\" width=\"600\" height=\"338\" title=\"&#8220;Robert Fico n\u00e1s chce opi\u0165 ro\u017ekom&#8221; &#8212; Smedemokrati.sk\" data-secret=\"yhxZlgMnYw\" frameborder=\"0\" marginwidth=\"0\" marginheight=\"0\" scrolling=\"no\" class=\"wp-embedded-content\"><\/iframe><script type=\"text\/javascript\">\n\/* <![CDATA[ *\/\n\/*! This file is auto-generated *\/\n!function(d,l){\"use strict\";l.querySelector&&d.addEventListener&&\"undefined\"!=typeof URL&&(d.wp=d.wp||{},d.wp.receiveEmbedMessage||(d.wp.receiveEmbedMessage=function(e){var t=e.data;if((t||t.secret||t.message||t.value)&&!\/[^a-zA-Z0-9]\/.test(t.secret)){for(var s,r,n,a=l.querySelectorAll('iframe[data-secret=\"'+t.secret+'\"]'),o=l.querySelectorAll('blockquote[data-secret=\"'+t.secret+'\"]'),c=new RegExp(\"^https?:$\",\"i\"),i=0;i<o.length;i++)o[i].style.display=\"none\";for(i=0;i<a.length;i++)s=a[i],e.source===s.contentWindow&&(s.removeAttribute(\"style\"),\"height\"===t.message?(1e3<(r=parseInt(t.value,10))?r=1e3:~~r<200&&(r=200),s.height=r):\"link\"===t.message&&(r=new URL(s.getAttribute(\"src\")),n=new URL(t.value),c.test(n.protocol))&&n.host===r.host&&l.activeElement===s&&(d.top.location.href=t.value))}},d.addEventListener(\"message\",d.wp.receiveEmbedMessage,!1),l.addEventListener(\"DOMContentLoaded\",function(){for(var e,t,s=l.querySelectorAll(\"iframe.wp-embedded-content\"),r=0;r<s.length;r++)(t=(e=s[r]).getAttribute(\"data-secret\"))||(t=Math.random().toString(36).substring(2,12),e.src+=\"#?secret=\"+t,e.setAttribute(\"data-secret\",t)),e.contentWindow.postMessage({message:\"ready\",secret:t},\"*\")},!1)))}(window,document);\n\/\/# sourceURL=https:\/\/www.smedemokrati.sk\/wp-includes\/js\/wp-embed.min.js\n\/* ]]> *\/\n<\/script>\n","thumbnail_url":"https:\/\/www.smedemokrati.sk\/wp-content\/uploads\/2024\/10\/fico-rozok.jpg","thumbnail_width":984,"thumbnail_height":636,"description":"Dnes, potom ako Demokrati priniesli Robertovi Ficovi na \u00darad vl\u00e1dy luxusn\u00e9 ra\u0148ajky \u2013 ro\u017eok s&nbsp;maslom, mal predseda vl\u00e1dy stretnutie so z\u00e1stupcami potravin\u00e1rov. Po tomto stretnut\u00ed Robert Fico vyhl\u00e1sil, \u017ee ceny potrav\u00edn klesn\u00fa, preto\u017ee bude ni\u017e\u0161ia DPH na z\u00e1kladn\u00e9 potraviny. Je to zo strany p\u00e1na premi\u00e9ra hrub\u00e9 zav\u00e1dzanie a&nbsp;snaha opi\u0165 slovensk\u00fa verejnos\u0165 ro\u017ekom. Ceny potrav\u00edn nep\u00f4jdu [&hellip;]"}

Robert Fico nás chce opiť rožkom - Smedemokrati.sk

<blockquote class="wp-embedded-content" data-secret="yhxZlgMnYw"><a href="https://www.smedemokrati.sk/hu/robert-fico-nas-chce-opit-rozkom/">Robert Fico nás chce opiť rožkom</a></blockquote><iframe sandbox="allow-scripts" security="restricted" src="https://www.smedemokrati.sk/hu/robert-fico-nas-chce-opit-rozkom/embed/#?secret=yhxZlgMnYw" width="600" height="338" title="&#8220;Robert Fico nás chce opiť rožkom&#8221; &#8212; Smedemokrati.sk" data-secret="yhxZlgMnYw" frameborder="0" marginwidth="0" marginheight="0" scrolling="no" class="wp-embedded-content"></iframe><script type="text/javascript">
/* <![CDATA[ */
/*! This file is auto-generated */
!function(d,l){"use strict";l.querySelector&&d.addEventListener&&"undefined"!=typeof URL&&(d.wp=d.wp||{},d.wp.receiveEmbedMessage||(d.wp.receiveEmbedMessage=function(e){var t=e.data;if((t||t.secret||t.message||t.value)&&!/[^a-zA-Z0-9]/.test(t.secret)){for(var s,r,n,a=l.querySelectorAll('iframe[data-secret="'+t.secret+'"]'),o=l.querySelectorAll('blockquote[data-secret="'+t.secret+'"]'),c=new RegExp("^https?:$","i"),i=0;i<o.length;i++)o[i].style.display="none";for(i=0;i<a.length;i++)s=a[i],e.source===s.contentWindow&&(s.removeAttribute("style"),"height"===t.message?(1e3<(r=parseInt(t.value,10))?r=1e3:~~r<200&&(r=200),s.height=r):"link"===t.message&&(r=new URL(s.getAttribute("src")),n=new URL(t.value),c.test(n.protocol))&&n.host===r.host&&l.activeElement===s&&(d.top.location.href=t.value))}},d.addEventListener("message",d.wp.receiveEmbedMessage,!1),l.addEventListener("DOMContentLoaded",function(){for(var e,t,s=l.querySelectorAll("iframe.wp-embedded-content"),r=0;r<s.length;r++)(t=(e=s[r]).getAttribute("data-secret"))||(t=Math.random().toString(36).substring(2,12),e.src+="#?secret="+t,e.setAttribute("data-secret",t)),e.contentWindow.postMessage({message:"ready",secret:t},"*")},!1)))}(window,document);
//# sourceURL=https://www.smedemokrati.sk/wp-includes/js/wp-embed.min.js
/* ]]> */
</script>

Dnes, potom ako Demokrati priniesli Robertovi Ficovi na Úrad vlády luxusné raňajky – rožok s&nbsp;maslom, mal predseda vlády stretnutie so zástupcami potravinárov. Po tomto stretnutí Robert Fico vyhlásil, že ceny potravín klesnú, pretože bude nižšia DPH na základné potraviny. Je to zo strany pána premiéra hrubé zavádzanie a&nbsp;snaha opiť slovenskú verejnosť rožkom. Ceny potravín nepôjdu [&hellip;]
