{"version":"1.0","provider_name":"Smedemokrati.sk","provider_url":"https:\/\/www.smedemokrati.sk\/hu","author_name":"miro.sopko","author_url":"https:\/\/www.smedemokrati.sk\/hu\/author\/miro-sopko\/","title":"Fico vydiera nere\u00e1lnymi po\u017eiadavkami - Smedemokrati.sk","type":"rich","width":600,"height":338,"html":"<blockquote class=\"wp-embedded-content\" data-secret=\"7Gnq1MmdoG\"><a href=\"https:\/\/www.smedemokrati.sk\/hu\/fico-vydiera-nerealnymi-poziadavkami\/\">Fico vydiera nere\u00e1lnymi po\u017eiadavkami<\/a><\/blockquote><iframe sandbox=\"allow-scripts\" security=\"restricted\" src=\"https:\/\/www.smedemokrati.sk\/hu\/fico-vydiera-nerealnymi-poziadavkami\/embed\/#?secret=7Gnq1MmdoG\" width=\"600\" height=\"338\" title=\"&#8220;Fico vydiera nere\u00e1lnymi po\u017eiadavkami&#8221; &#8212; Smedemokrati.sk\" data-secret=\"7Gnq1MmdoG\" frameborder=\"0\" marginwidth=\"0\" marginheight=\"0\" scrolling=\"no\" class=\"wp-embedded-content\"><\/iframe><script type=\"text\/javascript\">\n\/* <![CDATA[ *\/\n\/*! This file is auto-generated *\/\n!function(d,l){\"use strict\";l.querySelector&&d.addEventListener&&\"undefined\"!=typeof URL&&(d.wp=d.wp||{},d.wp.receiveEmbedMessage||(d.wp.receiveEmbedMessage=function(e){var t=e.data;if((t||t.secret||t.message||t.value)&&!\/[^a-zA-Z0-9]\/.test(t.secret)){for(var s,r,n,a=l.querySelectorAll('iframe[data-secret=\"'+t.secret+'\"]'),o=l.querySelectorAll('blockquote[data-secret=\"'+t.secret+'\"]'),c=new RegExp(\"^https?:$\",\"i\"),i=0;i<o.length;i++)o[i].style.display=\"none\";for(i=0;i<a.length;i++)s=a[i],e.source===s.contentWindow&&(s.removeAttribute(\"style\"),\"height\"===t.message?(1e3<(r=parseInt(t.value,10))?r=1e3:~~r<200&&(r=200),s.height=r):\"link\"===t.message&&(r=new URL(s.getAttribute(\"src\")),n=new URL(t.value),c.test(n.protocol))&&n.host===r.host&&l.activeElement===s&&(d.top.location.href=t.value))}},d.addEventListener(\"message\",d.wp.receiveEmbedMessage,!1),l.addEventListener(\"DOMContentLoaded\",function(){for(var e,t,s=l.querySelectorAll(\"iframe.wp-embedded-content\"),r=0;r<s.length;r++)(t=(e=s[r]).getAttribute(\"data-secret\"))||(t=Math.random().toString(36).substring(2,12),e.src+=\"#?secret=\"+t,e.setAttribute(\"data-secret\",t)),e.contentWindow.postMessage({message:\"ready\",secret:t},\"*\")},!1)))}(window,document);\n\/\/# sourceURL=https:\/\/www.smedemokrati.sk\/wp-includes\/js\/wp-embed.min.js\n\/* ]]> *\/\n<\/script>\n","thumbnail_url":"https:\/\/www.smedemokrati.sk\/wp-content\/uploads\/2025\/07\/JN_KH_fico_vydiera_EU.jpg","thumbnail_width":1820,"thumbnail_height":927,"description":"[:sk]Po\u017eiadavky Roberta Fica t\u00fdkaj\u00face sa plynu s\u00fa nere\u00e1lne. Nem\u00f4\u017ee zaviaza\u0165 ani Eur\u00f3psku komisiu, ani \u010dlensk\u00e9 \u0161t\u00e1ty E\u00da ku garanci\u00e1m, preto\u017ee s plynom neobchoduj\u00fa vl\u00e1dy jednotliv\u00fdch kraj\u00edn, ale obchodn\u00e9 spolo\u010dnosti. Demokrati z\u00e1rove\u0148 upozor\u0148uj\u00fa na rozhodnutie regul\u00e1tora (\u00daRSO), z ktor\u00e9ho vypl\u00fdva, \u017ee slovensk\u00e9 dom\u00e1cnosti si za energie priplatia.[:]"}

Fico vydiera nereálnymi požiadavkami - Smedemokrati.sk

<blockquote class="wp-embedded-content" data-secret="7Gnq1MmdoG"><a href="https://www.smedemokrati.sk/hu/fico-vydiera-nerealnymi-poziadavkami/">Fico vydiera nereálnymi požiadavkami</a></blockquote><iframe sandbox="allow-scripts" security="restricted" src="https://www.smedemokrati.sk/hu/fico-vydiera-nerealnymi-poziadavkami/embed/#?secret=7Gnq1MmdoG" width="600" height="338" title="&#8220;Fico vydiera nereálnymi požiadavkami&#8221; &#8212; Smedemokrati.sk" data-secret="7Gnq1MmdoG" frameborder="0" marginwidth="0" marginheight="0" scrolling="no" class="wp-embedded-content"></iframe><script type="text/javascript">
/* <![CDATA[ */
/*! This file is auto-generated */
!function(d,l){"use strict";l.querySelector&&d.addEventListener&&"undefined"!=typeof URL&&(d.wp=d.wp||{},d.wp.receiveEmbedMessage||(d.wp.receiveEmbedMessage=function(e){var t=e.data;if((t||t.secret||t.message||t.value)&&!/[^a-zA-Z0-9]/.test(t.secret)){for(var s,r,n,a=l.querySelectorAll('iframe[data-secret="'+t.secret+'"]'),o=l.querySelectorAll('blockquote[data-secret="'+t.secret+'"]'),c=new RegExp("^https?:$","i"),i=0;i<o.length;i++)o[i].style.display="none";for(i=0;i<a.length;i++)s=a[i],e.source===s.contentWindow&&(s.removeAttribute("style"),"height"===t.message?(1e3<(r=parseInt(t.value,10))?r=1e3:~~r<200&&(r=200),s.height=r):"link"===t.message&&(r=new URL(s.getAttribute("src")),n=new URL(t.value),c.test(n.protocol))&&n.host===r.host&&l.activeElement===s&&(d.top.location.href=t.value))}},d.addEventListener("message",d.wp.receiveEmbedMessage,!1),l.addEventListener("DOMContentLoaded",function(){for(var e,t,s=l.querySelectorAll("iframe.wp-embedded-content"),r=0;r<s.length;r++)(t=(e=s[r]).getAttribute("data-secret"))||(t=Math.random().toString(36).substring(2,12),e.src+="#?secret="+t,e.setAttribute("data-secret",t)),e.contentWindow.postMessage({message:"ready",secret:t},"*")},!1)))}(window,document);
//# sourceURL=https://www.smedemokrati.sk/wp-includes/js/wp-embed.min.js
/* ]]> */
</script>

[:sk]Požiadavky Roberta Fica týkajúce sa plynu sú nereálne. Nemôže zaviazať ani Európsku komisiu, ani členské štáty EÚ ku garanciám, pretože s plynom neobchodujú vlády jednotlivých krajín, ale obchodné spoločnosti. Demokrati zároveň upozorňujú na rozhodnutie regulátora (ÚRSO), z ktorého vyplýva, že slovenské domácnosti si za energie priplatia.[:]
