{"version":"1.0","provider_name":"Smedemokrati.sk","provider_url":"https:\/\/www.smedemokrati.sk\/hu","author_name":"miro.sopko","author_url":"https:\/\/www.smedemokrati.sk\/hu\/author\/miro-sopko\/","title":"Demokrati \u017eiadaj\u00fa zastavi\u0165 podozriv\u00e9 tendre v\u00a0Nemocnici Poprad\u00a0 - Smedemokrati.sk","type":"rich","width":600,"height":338,"html":"<blockquote class=\"wp-embedded-content\" data-secret=\"fVCEXT8tA0\"><a href=\"https:\/\/www.smedemokrati.sk\/hu\/demokrati-ziadaju-zastavit-podozrive-tendre-v-nemocnici-poprad\/\">Demokrati \u017eiadaj\u00fa zastavi\u0165 podozriv\u00e9 tendre v\u00a0Nemocnici Poprad\u00a0<\/a><\/blockquote><iframe sandbox=\"allow-scripts\" security=\"restricted\" src=\"https:\/\/www.smedemokrati.sk\/hu\/demokrati-ziadaju-zastavit-podozrive-tendre-v-nemocnici-poprad\/embed\/#?secret=fVCEXT8tA0\" width=\"600\" height=\"338\" title=\"&#8220;Demokrati \u017eiadaj\u00fa zastavi\u0165 podozriv\u00e9 tendre v\u00a0Nemocnici Poprad\u00a0&#8221; &#8212; Smedemokrati.sk\" data-secret=\"fVCEXT8tA0\" frameborder=\"0\" marginwidth=\"0\" marginheight=\"0\" scrolling=\"no\" class=\"wp-embedded-content\"><\/iframe><script type=\"text\/javascript\">\n\/* <![CDATA[ *\/\n\/*! This file is auto-generated *\/\n!function(d,l){\"use strict\";l.querySelector&&d.addEventListener&&\"undefined\"!=typeof URL&&(d.wp=d.wp||{},d.wp.receiveEmbedMessage||(d.wp.receiveEmbedMessage=function(e){var t=e.data;if((t||t.secret||t.message||t.value)&&!\/[^a-zA-Z0-9]\/.test(t.secret)){for(var s,r,n,a=l.querySelectorAll('iframe[data-secret=\"'+t.secret+'\"]'),o=l.querySelectorAll('blockquote[data-secret=\"'+t.secret+'\"]'),c=new RegExp(\"^https?:$\",\"i\"),i=0;i<o.length;i++)o[i].style.display=\"none\";for(i=0;i<a.length;i++)s=a[i],e.source===s.contentWindow&&(s.removeAttribute(\"style\"),\"height\"===t.message?(1e3<(r=parseInt(t.value,10))?r=1e3:~~r<200&&(r=200),s.height=r):\"link\"===t.message&&(r=new URL(s.getAttribute(\"src\")),n=new URL(t.value),c.test(n.protocol))&&n.host===r.host&&l.activeElement===s&&(d.top.location.href=t.value))}},d.addEventListener(\"message\",d.wp.receiveEmbedMessage,!1),l.addEventListener(\"DOMContentLoaded\",function(){for(var e,t,s=l.querySelectorAll(\"iframe.wp-embedded-content\"),r=0;r<s.length;r++)(t=(e=s[r]).getAttribute(\"data-secret\"))||(t=Math.random().toString(36).substring(2,12),e.src+=\"#?secret=\"+t,e.setAttribute(\"data-secret\",t)),e.contentWindow.postMessage({message:\"ready\",secret:t},\"*\")},!1)))}(window,document);\n\/\/# sourceURL=https:\/\/www.smedemokrati.sk\/wp-includes\/js\/wp-embed.min.js\n\/* ]]> *\/\n<\/script>\n","thumbnail_url":"https:\/\/www.smedemokrati.sk\/wp-content\/uploads\/2026\/02\/zdravotnictvo.jpg","thumbnail_width":1280,"thumbnail_height":720,"description":"Demokrati op\u00e4tovne \u017eiadaj\u00fa ministra zdravotn\u00edctva \u0160a\u0161ka o\u00a0okam\u017eit\u00e9 zverejnenie v\u0161etk\u00fdch zml\u00fav na n\u00e1kup zdravotn\u00edckej techniky, tovarov a slu\u017eieb v\u00a0r\u00e1mci Pl\u00e1nu obnovy v\u00a0zdravotn\u00edctve.\u00a0\u201eExistuj\u00fa z\u00e1va\u017en\u00e9 podozrenia o\u00a0mo\u017en\u00fdch manipul\u00e1ci\u00e1ch\u00a0vo verejnom obstar\u00e1van\u00ed v\u00a0prospech konkr\u00e9tnych firiem\u201c, uviedol podpredseda Demokratov Eduard Heger. U\u017e pred 2 t\u00fd\u017ed\u0148ami Demokrati pouk\u00e1zali na dve podozriv\u00e9 verejn\u00e9 obstar\u00e1vania z&nbsp;prostriedkov z&nbsp;Pl\u00e1nu obnovy v&nbsp;Nemocnici Poprad, ktor\u00e1 je \u0161t\u00e1tnou akciou [&hellip;]"}

Demokrati žiadajú zastaviť podozrivé tendre v Nemocnici Poprad  - Smedemokrati.sk

<blockquote class="wp-embedded-content" data-secret="fVCEXT8tA0"><a href="https://www.smedemokrati.sk/hu/demokrati-ziadaju-zastavit-podozrive-tendre-v-nemocnici-poprad/">Demokrati žiadajú zastaviť podozrivé tendre v Nemocnici Poprad </a></blockquote><iframe sandbox="allow-scripts" security="restricted" src="https://www.smedemokrati.sk/hu/demokrati-ziadaju-zastavit-podozrive-tendre-v-nemocnici-poprad/embed/#?secret=fVCEXT8tA0" width="600" height="338" title="&#8220;Demokrati žiadajú zastaviť podozrivé tendre v Nemocnici Poprad &#8221; &#8212; Smedemokrati.sk" data-secret="fVCEXT8tA0" frameborder="0" marginwidth="0" marginheight="0" scrolling="no" class="wp-embedded-content"></iframe><script type="text/javascript">
/* <![CDATA[ */
/*! This file is auto-generated */
!function(d,l){"use strict";l.querySelector&&d.addEventListener&&"undefined"!=typeof URL&&(d.wp=d.wp||{},d.wp.receiveEmbedMessage||(d.wp.receiveEmbedMessage=function(e){var t=e.data;if((t||t.secret||t.message||t.value)&&!/[^a-zA-Z0-9]/.test(t.secret)){for(var s,r,n,a=l.querySelectorAll('iframe[data-secret="'+t.secret+'"]'),o=l.querySelectorAll('blockquote[data-secret="'+t.secret+'"]'),c=new RegExp("^https?:$","i"),i=0;i<o.length;i++)o[i].style.display="none";for(i=0;i<a.length;i++)s=a[i],e.source===s.contentWindow&&(s.removeAttribute("style"),"height"===t.message?(1e3<(r=parseInt(t.value,10))?r=1e3:~~r<200&&(r=200),s.height=r):"link"===t.message&&(r=new URL(s.getAttribute("src")),n=new URL(t.value),c.test(n.protocol))&&n.host===r.host&&l.activeElement===s&&(d.top.location.href=t.value))}},d.addEventListener("message",d.wp.receiveEmbedMessage,!1),l.addEventListener("DOMContentLoaded",function(){for(var e,t,s=l.querySelectorAll("iframe.wp-embedded-content"),r=0;r<s.length;r++)(t=(e=s[r]).getAttribute("data-secret"))||(t=Math.random().toString(36).substring(2,12),e.src+="#?secret="+t,e.setAttribute("data-secret",t)),e.contentWindow.postMessage({message:"ready",secret:t},"*")},!1)))}(window,document);
//# sourceURL=https://www.smedemokrati.sk/wp-includes/js/wp-embed.min.js
/* ]]> */
</script>

Demokrati opätovne žiadajú ministra zdravotníctva Šaška o okamžité zverejnenie všetkých zmlúv na nákup zdravotníckej techniky, tovarov a služieb v rámci Plánu obnovy v zdravotníctve. „Existujú závažné podozrenia o možných manipuláciách vo verejnom obstarávaní v prospech konkrétnych firiem“, uviedol podpredseda Demokratov Eduard Heger. Už pred 2 týždňami Demokrati poukázali na dve podozrivé verejné obstarávania z&nbsp;prostriedkov z&nbsp;Plánu obnovy v&nbsp;Nemocnici Poprad, ktorá je štátnou akciou [&hellip;]
