{"version":"1.0","provider_name":"Smedemokrati.sk","provider_url":"https:\/\/www.smedemokrati.sk\/hu","author_name":"Tom\u00e1\u0161 Koppl","author_url":"https:\/\/www.smedemokrati.sk\/hu\/author\/tomaskoppl\/","title":"By\u0165 prezidentom a z\u00e1rove\u0148 predsedom strany je nepr\u00edpustn\u00e9 - Smedemokrati.sk","type":"rich","width":600,"height":338,"html":"<blockquote class=\"wp-embedded-content\" data-secret=\"JF5tjA4KZw\"><a href=\"https:\/\/www.smedemokrati.sk\/hu\/byt-prezidentom-a-zaroven-predsedom-strany-je-nepripustne\/\">By\u0165 prezidentom a z\u00e1rove\u0148 predsedom strany je nepr\u00edpustn\u00e9<\/a><\/blockquote><iframe sandbox=\"allow-scripts\" security=\"restricted\" src=\"https:\/\/www.smedemokrati.sk\/hu\/byt-prezidentom-a-zaroven-predsedom-strany-je-nepripustne\/embed\/#?secret=JF5tjA4KZw\" width=\"600\" height=\"338\" title=\"&#8220;By\u0165 prezidentom a z\u00e1rove\u0148 predsedom strany je nepr\u00edpustn\u00e9&#8221; &#8212; Smedemokrati.sk\" data-secret=\"JF5tjA4KZw\" frameborder=\"0\" marginwidth=\"0\" marginheight=\"0\" scrolling=\"no\" class=\"wp-embedded-content\"><\/iframe><script type=\"text\/javascript\">\n\/* <![CDATA[ *\/\n\/*! This file is auto-generated *\/\n!function(d,l){\"use strict\";l.querySelector&&d.addEventListener&&\"undefined\"!=typeof URL&&(d.wp=d.wp||{},d.wp.receiveEmbedMessage||(d.wp.receiveEmbedMessage=function(e){var t=e.data;if((t||t.secret||t.message||t.value)&&!\/[^a-zA-Z0-9]\/.test(t.secret)){for(var s,r,n,a=l.querySelectorAll('iframe[data-secret=\"'+t.secret+'\"]'),o=l.querySelectorAll('blockquote[data-secret=\"'+t.secret+'\"]'),c=new RegExp(\"^https?:$\",\"i\"),i=0;i<o.length;i++)o[i].style.display=\"none\";for(i=0;i<a.length;i++)s=a[i],e.source===s.contentWindow&&(s.removeAttribute(\"style\"),\"height\"===t.message?(1e3<(r=parseInt(t.value,10))?r=1e3:~~r<200&&(r=200),s.height=r):\"link\"===t.message&&(r=new URL(s.getAttribute(\"src\")),n=new URL(t.value),c.test(n.protocol))&&n.host===r.host&&l.activeElement===s&&(d.top.location.href=t.value))}},d.addEventListener(\"message\",d.wp.receiveEmbedMessage,!1),l.addEventListener(\"DOMContentLoaded\",function(){for(var e,t,s=l.querySelectorAll(\"iframe.wp-embedded-content\"),r=0;r<s.length;r++)(t=(e=s[r]).getAttribute(\"data-secret\"))||(t=Math.random().toString(36).substring(2,12),e.src+=\"#?secret=\"+t,e.setAttribute(\"data-secret\",t)),e.contentWindow.postMessage({message:\"ready\",secret:t},\"*\")},!1)))}(window,document);\n\/\/# sourceURL=https:\/\/www.smedemokrati.sk\/wp-includes\/js\/wp-embed.min.js\n\/* ]]> *\/\n<\/script>\n","thumbnail_url":"https:\/\/www.smedemokrati.sk\/wp-content\/uploads\/2023\/04\/EH.jpg","thumbnail_width":1520,"thumbnail_height":1080,"description":"Peter Pellegrini chce spolu s koal\u00edciou ovl\u00e1dnu\u0165 v\u0161etky \u00fastavn\u00e9 funkcie a do pomyselnej zbierky ch\u00fdba u\u017e len Prezidentsk\u00fd pal\u00e1c. Demokrati upozor\u0148uj\u00fa na z\u00e1va\u017en\u00e9 inform\u00e1cie o tom, \u017ee zrejme kandid\u00e1t na prezidenta z Hlasu P. Pellegrini by po zvolen\u00ed do najvy\u0161\u0161ej \u0161t\u00e1tnej funkcie na\u010falej mohol zosta\u0165 predsedom strany. Pod\u013ea Demokratov ide o nebezpe\u010dn\u00fd precedens, ktor\u00fd je [&hellip;]"}

Tomáš Koppl

Byť prezidentom a zároveň predsedom strany je neprípustné - Smedemokrati.sk

<blockquote class="wp-embedded-content" data-secret="JF5tjA4KZw"><a href="https://www.smedemokrati.sk/hu/byt-prezidentom-a-zaroven-predsedom-strany-je-nepripustne/">Byť prezidentom a zároveň predsedom strany je neprípustné</a></blockquote><iframe sandbox="allow-scripts" security="restricted" src="https://www.smedemokrati.sk/hu/byt-prezidentom-a-zaroven-predsedom-strany-je-nepripustne/embed/#?secret=JF5tjA4KZw" width="600" height="338" title="&#8220;Byť prezidentom a zároveň predsedom strany je neprípustné&#8221; &#8212; Smedemokrati.sk" data-secret="JF5tjA4KZw" frameborder="0" marginwidth="0" marginheight="0" scrolling="no" class="wp-embedded-content"></iframe><script type="text/javascript">
/* <![CDATA[ */
/*! This file is auto-generated */
!function(d,l){"use strict";l.querySelector&&d.addEventListener&&"undefined"!=typeof URL&&(d.wp=d.wp||{},d.wp.receiveEmbedMessage||(d.wp.receiveEmbedMessage=function(e){var t=e.data;if((t||t.secret||t.message||t.value)&&!/[^a-zA-Z0-9]/.test(t.secret)){for(var s,r,n,a=l.querySelectorAll('iframe[data-secret="'+t.secret+'"]'),o=l.querySelectorAll('blockquote[data-secret="'+t.secret+'"]'),c=new RegExp("^https?:$","i"),i=0;i<o.length;i++)o[i].style.display="none";for(i=0;i<a.length;i++)s=a[i],e.source===s.contentWindow&&(s.removeAttribute("style"),"height"===t.message?(1e3<(r=parseInt(t.value,10))?r=1e3:~~r<200&&(r=200),s.height=r):"link"===t.message&&(r=new URL(s.getAttribute("src")),n=new URL(t.value),c.test(n.protocol))&&n.host===r.host&&l.activeElement===s&&(d.top.location.href=t.value))}},d.addEventListener("message",d.wp.receiveEmbedMessage,!1),l.addEventListener("DOMContentLoaded",function(){for(var e,t,s=l.querySelectorAll("iframe.wp-embedded-content"),r=0;r<s.length;r++)(t=(e=s[r]).getAttribute("data-secret"))||(t=Math.random().toString(36).substring(2,12),e.src+="#?secret="+t,e.setAttribute("data-secret",t)),e.contentWindow.postMessage({message:"ready",secret:t},"*")},!1)))}(window,document);
//# sourceURL=https://www.smedemokrati.sk/wp-includes/js/wp-embed.min.js
/* ]]> */
</script>

Peter Pellegrini chce spolu s koalíciou ovládnuť všetky ústavné funkcie a do pomyselnej zbierky chýba už len Prezidentský palác. Demokrati upozorňujú na závažné informácie o tom, že zrejme kandidát na prezidenta z Hlasu P. Pellegrini by po zvolení do najvyššej štátnej funkcie naďalej mohol zostať predsedom strany. Podľa Demokratov ide o nebezpečný precedens, ktorý je [&hellip;]
