{"version":"1.0","provider_name":"Smedemokrati.sk","provider_url":"https:\/\/www.smedemokrati.sk\/hu","author_name":"miro.sopko","author_url":"https:\/\/www.smedemokrati.sk\/hu\/author\/miro-sopko\/","title":"Amnestia je dokonan\u00e1 - Smedemokrati.sk","type":"rich","width":600,"height":338,"html":"<blockquote class=\"wp-embedded-content\" data-secret=\"yy9y9oCTjs\"><a href=\"https:\/\/www.smedemokrati.sk\/hu\/amnestia-je-dokonana\/\">Amnestia je dokonan\u00e1<\/a><\/blockquote><iframe sandbox=\"allow-scripts\" security=\"restricted\" src=\"https:\/\/www.smedemokrati.sk\/hu\/amnestia-je-dokonana\/embed\/#?secret=yy9y9oCTjs\" width=\"600\" height=\"338\" title=\"&#8220;Amnestia je dokonan\u00e1&#8221; &#8212; Smedemokrati.sk\" data-secret=\"yy9y9oCTjs\" frameborder=\"0\" marginwidth=\"0\" marginheight=\"0\" scrolling=\"no\" class=\"wp-embedded-content\"><\/iframe><script type=\"text\/javascript\">\n\/* <![CDATA[ *\/\n\/*! This file is auto-generated *\/\n!function(d,l){\"use strict\";l.querySelector&&d.addEventListener&&\"undefined\"!=typeof URL&&(d.wp=d.wp||{},d.wp.receiveEmbedMessage||(d.wp.receiveEmbedMessage=function(e){var t=e.data;if((t||t.secret||t.message||t.value)&&!\/[^a-zA-Z0-9]\/.test(t.secret)){for(var s,r,n,a=l.querySelectorAll('iframe[data-secret=\"'+t.secret+'\"]'),o=l.querySelectorAll('blockquote[data-secret=\"'+t.secret+'\"]'),c=new RegExp(\"^https?:$\",\"i\"),i=0;i<o.length;i++)o[i].style.display=\"none\";for(i=0;i<a.length;i++)s=a[i],e.source===s.contentWindow&&(s.removeAttribute(\"style\"),\"height\"===t.message?(1e3<(r=parseInt(t.value,10))?r=1e3:~~r<200&&(r=200),s.height=r):\"link\"===t.message&&(r=new URL(s.getAttribute(\"src\")),n=new URL(t.value),c.test(n.protocol))&&n.host===r.host&&l.activeElement===s&&(d.top.location.href=t.value))}},d.addEventListener(\"message\",d.wp.receiveEmbedMessage,!1),l.addEventListener(\"DOMContentLoaded\",function(){for(var e,t,s=l.querySelectorAll(\"iframe.wp-embedded-content\"),r=0;r<s.length;r++)(t=(e=s[r]).getAttribute(\"data-secret\"))||(t=Math.random().toString(36).substring(2,12),e.src+=\"#?secret=\"+t,e.setAttribute(\"data-secret\",t)),e.contentWindow.postMessage({message:\"ready\",secret:t},\"*\")},!1)))}(window,document);\n\/\/# sourceURL=https:\/\/www.smedemokrati.sk\/wp-includes\/js\/wp-embed.min.js\n\/* ]]> *\/\n<\/script>\n","thumbnail_url":"https:\/\/www.smedemokrati.sk\/wp-content\/uploads\/2024\/08\/seliga-amnestia.jpeg","thumbnail_width":661,"thumbnail_height":462,"description":"Dne\u0161n\u00fdm usmernen\u00edm gener\u00e1lnej prokurat\u00fary je dokonan\u00e1 samoamnestia vl\u00e1dy Roberta Fica. Gener\u00e1lny prokur\u00e1tor Maro\u0161 \u017dilinka v\u0161ak zrejme postupuje nad r\u00e1mec z\u00e1kona, resp. v rozpore so z\u00e1konom, ke\u010f\u017ee z\u00e1kon v\u00fdslovne zakazuje gener\u00e1lnemu prokur\u00e1torovi vyda\u0165 tzv. negat\u00edvny pokyn. Pod\u013ea obsahu usmernenia je v\u0161ak zrejm\u00e9, \u017ee ide o negat\u00edvny pokyn. Toto usmernenie by teda v takom pr\u00edpade, nebolo z\u00e1v\u00e4zn\u00e9 [&hellip;]"}

Amnestia je dokonaná - Smedemokrati.sk

<blockquote class="wp-embedded-content" data-secret="yy9y9oCTjs"><a href="https://www.smedemokrati.sk/hu/amnestia-je-dokonana/">Amnestia je dokonaná</a></blockquote><iframe sandbox="allow-scripts" security="restricted" src="https://www.smedemokrati.sk/hu/amnestia-je-dokonana/embed/#?secret=yy9y9oCTjs" width="600" height="338" title="&#8220;Amnestia je dokonaná&#8221; &#8212; Smedemokrati.sk" data-secret="yy9y9oCTjs" frameborder="0" marginwidth="0" marginheight="0" scrolling="no" class="wp-embedded-content"></iframe><script type="text/javascript">
/* <![CDATA[ */
/*! This file is auto-generated */
!function(d,l){"use strict";l.querySelector&&d.addEventListener&&"undefined"!=typeof URL&&(d.wp=d.wp||{},d.wp.receiveEmbedMessage||(d.wp.receiveEmbedMessage=function(e){var t=e.data;if((t||t.secret||t.message||t.value)&&!/[^a-zA-Z0-9]/.test(t.secret)){for(var s,r,n,a=l.querySelectorAll('iframe[data-secret="'+t.secret+'"]'),o=l.querySelectorAll('blockquote[data-secret="'+t.secret+'"]'),c=new RegExp("^https?:$","i"),i=0;i<o.length;i++)o[i].style.display="none";for(i=0;i<a.length;i++)s=a[i],e.source===s.contentWindow&&(s.removeAttribute("style"),"height"===t.message?(1e3<(r=parseInt(t.value,10))?r=1e3:~~r<200&&(r=200),s.height=r):"link"===t.message&&(r=new URL(s.getAttribute("src")),n=new URL(t.value),c.test(n.protocol))&&n.host===r.host&&l.activeElement===s&&(d.top.location.href=t.value))}},d.addEventListener("message",d.wp.receiveEmbedMessage,!1),l.addEventListener("DOMContentLoaded",function(){for(var e,t,s=l.querySelectorAll("iframe.wp-embedded-content"),r=0;r<s.length;r++)(t=(e=s[r]).getAttribute("data-secret"))||(t=Math.random().toString(36).substring(2,12),e.src+="#?secret="+t,e.setAttribute("data-secret",t)),e.contentWindow.postMessage({message:"ready",secret:t},"*")},!1)))}(window,document);
//# sourceURL=https://www.smedemokrati.sk/wp-includes/js/wp-embed.min.js
/* ]]> */
</script>

Dnešným usmernením generálnej prokuratúry je dokonaná samoamnestia vlády Roberta Fica. Generálny prokurátor Maroš Žilinka však zrejme postupuje nad rámec zákona, resp. v rozpore so zákonom, keďže zákon výslovne zakazuje generálnemu prokurátorovi vydať tzv. negatívny pokyn. Podľa obsahu usmernenia je však zrejmé, že ide o negatívny pokyn. Toto usmernenie by teda v takom prípade, nebolo záväzné [&hellip;]
