{"version":"1.0","provider_name":"Smedemokrati.sk","provider_url":"https:\/\/www.smedemokrati.sk\/en","author_name":"Tom\u00e1\u0161 Koppl","author_url":"https:\/\/www.smedemokrati.sk\/en\/author\/tomaskoppl\/","title":"\u017diadame vysvetlenie postupu ministra B\u00edre\u0161a oh\u013eadom GMO - Smedemokrati.sk","type":"rich","width":600,"height":338,"html":"<blockquote class=\"wp-embedded-content\" data-secret=\"HYNJ3JLUXj\"><a href=\"https:\/\/www.smedemokrati.sk\/en\/ziadame-vysvetlenie-postupu-ministra-biresa-ohladom-gmo\/\">\u017diadame vysvetlenie postupu ministra B\u00edre\u0161a oh\u013eadom GMO<\/a><\/blockquote><iframe sandbox=\"allow-scripts\" security=\"restricted\" src=\"https:\/\/www.smedemokrati.sk\/en\/ziadame-vysvetlenie-postupu-ministra-biresa-ohladom-gmo\/embed\/#?secret=HYNJ3JLUXj\" width=\"600\" height=\"338\" title=\"&#8220;\u017diadame vysvetlenie postupu ministra B\u00edre\u0161a oh\u013eadom GMO&#8221; &#8212; Smedemokrati.sk\" data-secret=\"HYNJ3JLUXj\" frameborder=\"0\" marginwidth=\"0\" marginheight=\"0\" scrolling=\"no\" class=\"wp-embedded-content\"><\/iframe><script type=\"text\/javascript\">\n\/* <![CDATA[ *\/\n\/*! This file is auto-generated *\/\n!function(d,l){\"use strict\";l.querySelector&&d.addEventListener&&\"undefined\"!=typeof URL&&(d.wp=d.wp||{},d.wp.receiveEmbedMessage||(d.wp.receiveEmbedMessage=function(e){var t=e.data;if((t||t.secret||t.message||t.value)&&!\/[^a-zA-Z0-9]\/.test(t.secret)){for(var s,r,n,a=l.querySelectorAll('iframe[data-secret=\"'+t.secret+'\"]'),o=l.querySelectorAll('blockquote[data-secret=\"'+t.secret+'\"]'),c=new RegExp(\"^https?:$\",\"i\"),i=0;i<o.length;i++)o[i].style.display=\"none\";for(i=0;i<a.length;i++)s=a[i],e.source===s.contentWindow&&(s.removeAttribute(\"style\"),\"height\"===t.message?(1e3<(r=parseInt(t.value,10))?r=1e3:~~r<200&&(r=200),s.height=r):\"link\"===t.message&&(r=new URL(s.getAttribute(\"src\")),n=new URL(t.value),c.test(n.protocol))&&n.host===r.host&&l.activeElement===s&&(d.top.location.href=t.value))}},d.addEventListener(\"message\",d.wp.receiveEmbedMessage,!1),l.addEventListener(\"DOMContentLoaded\",function(){for(var e,t,s=l.querySelectorAll(\"iframe.wp-embedded-content\"),r=0;r<s.length;r++)(t=(e=s[r]).getAttribute(\"data-secret\"))||(t=Math.random().toString(36).substring(2,12),e.src+=\"#?secret=\"+t,e.setAttribute(\"data-secret\",t)),e.contentWindow.postMessage({message:\"ready\",secret:t},\"*\")},!1)))}(window,document);\n\/\/# sourceURL=https:\/\/www.smedemokrati.sk\/wp-includes\/js\/wp-embed.min.js\n\/* ]]> *\/\n<\/script>\n","thumbnail_url":"https:\/\/www.smedemokrati.sk\/wp-content\/uploads\/2023\/04\/MKica.jpg","thumbnail_width":1520,"thumbnail_height":1080,"description":"Michal Ki\u010da (Demokrati):\u00a0\u201e\u017diadame vysvetlenie postupu ministra B\u00edre\u0161a oh\u013eadom GMO. Minister p\u00f4dohospod\u00e1rstva a rozvoja vidieka SR Jozef B\u00edre\u0161 na zasadnut\u00ed Rady ministrov E\u00da pre p\u00f4dohospod\u00e1rstvo pred nieko\u013ek\u00fdmi d\u0148ami v mene Slovenska podporil legislat\u00edvu umo\u017e\u0148uj\u00facu uv\u00e1dzanie takzvan\u00fdch nov\u00fdch gen\u00f3mov\u00fdch techn\u00edk pri produkcii potrav\u00edn.\u00a0 N\u00e1vrh Eur\u00f3pskej komisie odmietalo pod na\u0161\u00edm veden\u00edm aj Ministerstvo \u017eivotn\u00e9ho prostredia SR, ob\u010dianska iniciat\u00edva [&hellip;]"}

Tomáš Koppl

Žiadame vysvetlenie postupu ministra Bíreša ohľadom GMO - Smedemokrati.sk

<blockquote class="wp-embedded-content" data-secret="HYNJ3JLUXj"><a href="https://www.smedemokrati.sk/en/ziadame-vysvetlenie-postupu-ministra-biresa-ohladom-gmo/">Žiadame vysvetlenie postupu ministra Bíreša ohľadom GMO</a></blockquote><iframe sandbox="allow-scripts" security="restricted" src="https://www.smedemokrati.sk/en/ziadame-vysvetlenie-postupu-ministra-biresa-ohladom-gmo/embed/#?secret=HYNJ3JLUXj" width="600" height="338" title="&#8220;Žiadame vysvetlenie postupu ministra Bíreša ohľadom GMO&#8221; &#8212; Smedemokrati.sk" data-secret="HYNJ3JLUXj" frameborder="0" marginwidth="0" marginheight="0" scrolling="no" class="wp-embedded-content"></iframe><script type="text/javascript">
/* <![CDATA[ */
/*! This file is auto-generated */
!function(d,l){"use strict";l.querySelector&&d.addEventListener&&"undefined"!=typeof URL&&(d.wp=d.wp||{},d.wp.receiveEmbedMessage||(d.wp.receiveEmbedMessage=function(e){var t=e.data;if((t||t.secret||t.message||t.value)&&!/[^a-zA-Z0-9]/.test(t.secret)){for(var s,r,n,a=l.querySelectorAll('iframe[data-secret="'+t.secret+'"]'),o=l.querySelectorAll('blockquote[data-secret="'+t.secret+'"]'),c=new RegExp("^https?:$","i"),i=0;i<o.length;i++)o[i].style.display="none";for(i=0;i<a.length;i++)s=a[i],e.source===s.contentWindow&&(s.removeAttribute("style"),"height"===t.message?(1e3<(r=parseInt(t.value,10))?r=1e3:~~r<200&&(r=200),s.height=r):"link"===t.message&&(r=new URL(s.getAttribute("src")),n=new URL(t.value),c.test(n.protocol))&&n.host===r.host&&l.activeElement===s&&(d.top.location.href=t.value))}},d.addEventListener("message",d.wp.receiveEmbedMessage,!1),l.addEventListener("DOMContentLoaded",function(){for(var e,t,s=l.querySelectorAll("iframe.wp-embedded-content"),r=0;r<s.length;r++)(t=(e=s[r]).getAttribute("data-secret"))||(t=Math.random().toString(36).substring(2,12),e.src+="#?secret="+t,e.setAttribute("data-secret",t)),e.contentWindow.postMessage({message:"ready",secret:t},"*")},!1)))}(window,document);
//# sourceURL=https://www.smedemokrati.sk/wp-includes/js/wp-embed.min.js
/* ]]> */
</script>

Michal Kiča (Demokrati): „Žiadame vysvetlenie postupu ministra Bíreša ohľadom GMO. Minister pôdohospodárstva a rozvoja vidieka SR Jozef Bíreš na zasadnutí Rady ministrov EÚ pre pôdohospodárstvo pred niekoľkými dňami v mene Slovenska podporil legislatívu umožňujúcu uvádzanie takzvaných nových genómových techník pri produkcii potravín.  Návrh Európskej komisie odmietalo pod naším vedením aj Ministerstvo životného prostredia SR, občianska iniciatíva [&hellip;]
