{"version":"1.0","provider_name":"Smedemokrati.sk","provider_url":"https:\/\/www.smedemokrati.sk\/en","author_name":"Tom\u00e1\u0161 Koppl","author_url":"https:\/\/www.smedemokrati.sk\/en\/author\/tomaskoppl\/","title":"Taraba vedome klamal a kryl pytliaka, mus\u00ed odst\u00fapi\u0165 - Smedemokrati.sk","type":"rich","width":600,"height":338,"html":"<blockquote class=\"wp-embedded-content\" data-secret=\"HTWrOyvTrh\"><a href=\"https:\/\/www.smedemokrati.sk\/en\/taraba-vedome-klamal-a-kryl-pytliaka-musi-odstupit\/\">Taraba vedome klamal a kryl pytliaka, mus\u00ed odst\u00fapi\u0165<\/a><\/blockquote><iframe sandbox=\"allow-scripts\" security=\"restricted\" src=\"https:\/\/www.smedemokrati.sk\/en\/taraba-vedome-klamal-a-kryl-pytliaka-musi-odstupit\/embed\/#?secret=HTWrOyvTrh\" width=\"600\" height=\"338\" title=\"&#8220;Taraba vedome klamal a kryl pytliaka, mus\u00ed odst\u00fapi\u0165&#8221; &#8212; Smedemokrati.sk\" data-secret=\"HTWrOyvTrh\" frameborder=\"0\" marginwidth=\"0\" marginheight=\"0\" scrolling=\"no\" class=\"wp-embedded-content\"><\/iframe><script type=\"text\/javascript\">\n\/* <![CDATA[ *\/\n\/*! This file is auto-generated *\/\n!function(d,l){\"use strict\";l.querySelector&&d.addEventListener&&\"undefined\"!=typeof URL&&(d.wp=d.wp||{},d.wp.receiveEmbedMessage||(d.wp.receiveEmbedMessage=function(e){var t=e.data;if((t||t.secret||t.message||t.value)&&!\/[^a-zA-Z0-9]\/.test(t.secret)){for(var s,r,n,a=l.querySelectorAll('iframe[data-secret=\"'+t.secret+'\"]'),o=l.querySelectorAll('blockquote[data-secret=\"'+t.secret+'\"]'),c=new RegExp(\"^https?:$\",\"i\"),i=0;i<o.length;i++)o[i].style.display=\"none\";for(i=0;i<a.length;i++)s=a[i],e.source===s.contentWindow&&(s.removeAttribute(\"style\"),\"height\"===t.message?(1e3<(r=parseInt(t.value,10))?r=1e3:~~r<200&&(r=200),s.height=r):\"link\"===t.message&&(r=new URL(s.getAttribute(\"src\")),n=new URL(t.value),c.test(n.protocol))&&n.host===r.host&&l.activeElement===s&&(d.top.location.href=t.value))}},d.addEventListener(\"message\",d.wp.receiveEmbedMessage,!1),l.addEventListener(\"DOMContentLoaded\",function(){for(var e,t,s=l.querySelectorAll(\"iframe.wp-embedded-content\"),r=0;r<s.length;r++)(t=(e=s[r]).getAttribute(\"data-secret\"))||(t=Math.random().toString(36).substring(2,12),e.src+=\"#?secret=\"+t,e.setAttribute(\"data-secret\",t)),e.contentWindow.postMessage({message:\"ready\",secret:t},\"*\")},!1)))}(window,document);\n\/\/# sourceURL=https:\/\/www.smedemokrati.sk\/wp-includes\/js\/wp-embed.min.js\n\/* ]]> *\/\n<\/script>\n","thumbnail_url":"https:\/\/www.smedemokrati.sk\/wp-content\/uploads\/2024\/01\/kica-1.jpg","thumbnail_width":1897,"thumbnail_height":1057,"description":"Strana Demokrati vyz\u00fdva ministra Tarabu, aby po \u0161kandal\u00f3znom v\u00fdbere usved\u010den\u00e9ho pytliaka Petra Olexu do funkcie riadite\u013ea TANAPu vyvodil zodpovednos\u0165 a odst\u00fapil z poz\u00edcie \u0161\u00e9fa rezortu. Strana tie\u017e po\u017eaduje, aby na rezorte boli op\u00e4\u0165 zaveden\u00e9 verejn\u00e9 v\u00fdberov\u00e9 konania. Pod\u013ea Demokratov mo\u017enos\u0165 verejnosti p\u00fdta\u0165 sa kandid\u00e1tov konkr\u00e9tne ot\u00e1zky pom\u00f4\u017ee predch\u00e1dza\u0165 zl\u00fdm nomin\u00e1ci\u00e1m a z\u00e1rove\u0148 transparentn\u00e9 v\u00fdberov\u00e9 konania [&hellip;]"}

Tomáš Koppl

Taraba vedome klamal a kryl pytliaka, musí odstúpiť - Smedemokrati.sk

<blockquote class="wp-embedded-content" data-secret="HTWrOyvTrh"><a href="https://www.smedemokrati.sk/en/taraba-vedome-klamal-a-kryl-pytliaka-musi-odstupit/">Taraba vedome klamal a kryl pytliaka, musí odstúpiť</a></blockquote><iframe sandbox="allow-scripts" security="restricted" src="https://www.smedemokrati.sk/en/taraba-vedome-klamal-a-kryl-pytliaka-musi-odstupit/embed/#?secret=HTWrOyvTrh" width="600" height="338" title="&#8220;Taraba vedome klamal a kryl pytliaka, musí odstúpiť&#8221; &#8212; Smedemokrati.sk" data-secret="HTWrOyvTrh" frameborder="0" marginwidth="0" marginheight="0" scrolling="no" class="wp-embedded-content"></iframe><script type="text/javascript">
/* <![CDATA[ */
/*! This file is auto-generated */
!function(d,l){"use strict";l.querySelector&&d.addEventListener&&"undefined"!=typeof URL&&(d.wp=d.wp||{},d.wp.receiveEmbedMessage||(d.wp.receiveEmbedMessage=function(e){var t=e.data;if((t||t.secret||t.message||t.value)&&!/[^a-zA-Z0-9]/.test(t.secret)){for(var s,r,n,a=l.querySelectorAll('iframe[data-secret="'+t.secret+'"]'),o=l.querySelectorAll('blockquote[data-secret="'+t.secret+'"]'),c=new RegExp("^https?:$","i"),i=0;i<o.length;i++)o[i].style.display="none";for(i=0;i<a.length;i++)s=a[i],e.source===s.contentWindow&&(s.removeAttribute("style"),"height"===t.message?(1e3<(r=parseInt(t.value,10))?r=1e3:~~r<200&&(r=200),s.height=r):"link"===t.message&&(r=new URL(s.getAttribute("src")),n=new URL(t.value),c.test(n.protocol))&&n.host===r.host&&l.activeElement===s&&(d.top.location.href=t.value))}},d.addEventListener("message",d.wp.receiveEmbedMessage,!1),l.addEventListener("DOMContentLoaded",function(){for(var e,t,s=l.querySelectorAll("iframe.wp-embedded-content"),r=0;r<s.length;r++)(t=(e=s[r]).getAttribute("data-secret"))||(t=Math.random().toString(36).substring(2,12),e.src+="#?secret="+t,e.setAttribute("data-secret",t)),e.contentWindow.postMessage({message:"ready",secret:t},"*")},!1)))}(window,document);
//# sourceURL=https://www.smedemokrati.sk/wp-includes/js/wp-embed.min.js
/* ]]> */
</script>

Strana Demokrati vyzýva ministra Tarabu, aby po škandalóznom výbere usvedčeného pytliaka Petra Olexu do funkcie riaditeľa TANAPu vyvodil zodpovednosť a odstúpil z pozície šéfa rezortu. Strana tiež požaduje, aby na rezorte boli opäť zavedené verejné výberové konania. Podľa Demokratov možnosť verejnosti pýtať sa kandidátov konkrétne otázky pomôže predchádzať zlým nomináciám a zároveň transparentné výberové konania [&hellip;]
