{"version":"1.0","provider_name":"Smedemokrati.sk","provider_url":"https:\/\/www.smedemokrati.sk\/en","author_name":"Tom\u00e1\u0161 Koppl","author_url":"https:\/\/www.smedemokrati.sk\/en\/author\/tomaskoppl\/","title":"Taraba pripravuje skryt\u00fa privatiz\u00e1ciu pr\u00edrody v n\u00e1rodn\u00fdch parkoch - Smedemokrati.sk","type":"rich","width":600,"height":338,"html":"<blockquote class=\"wp-embedded-content\" data-secret=\"CLrLZfaOtB\"><a href=\"https:\/\/www.smedemokrati.sk\/en\/taraba-pripravuje-skrytu-privatizaciu-prirody-v-narodnych-parkoch\/\">Taraba pripravuje skryt\u00fa privatiz\u00e1ciu pr\u00edrody v n\u00e1rodn\u00fdch parkoch<\/a><\/blockquote><iframe sandbox=\"allow-scripts\" security=\"restricted\" src=\"https:\/\/www.smedemokrati.sk\/en\/taraba-pripravuje-skrytu-privatizaciu-prirody-v-narodnych-parkoch\/embed\/#?secret=CLrLZfaOtB\" width=\"600\" height=\"338\" title=\"&#8220;Taraba pripravuje skryt\u00fa privatiz\u00e1ciu pr\u00edrody v n\u00e1rodn\u00fdch parkoch&#8221; &#8212; Smedemokrati.sk\" data-secret=\"CLrLZfaOtB\" frameborder=\"0\" marginwidth=\"0\" marginheight=\"0\" scrolling=\"no\" class=\"wp-embedded-content\"><\/iframe><script type=\"text\/javascript\">\n\/* <![CDATA[ *\/\n\/*! This file is auto-generated *\/\n!function(d,l){\"use strict\";l.querySelector&&d.addEventListener&&\"undefined\"!=typeof URL&&(d.wp=d.wp||{},d.wp.receiveEmbedMessage||(d.wp.receiveEmbedMessage=function(e){var t=e.data;if((t||t.secret||t.message||t.value)&&!\/[^a-zA-Z0-9]\/.test(t.secret)){for(var s,r,n,a=l.querySelectorAll('iframe[data-secret=\"'+t.secret+'\"]'),o=l.querySelectorAll('blockquote[data-secret=\"'+t.secret+'\"]'),c=new RegExp(\"^https?:$\",\"i\"),i=0;i<o.length;i++)o[i].style.display=\"none\";for(i=0;i<a.length;i++)s=a[i],e.source===s.contentWindow&&(s.removeAttribute(\"style\"),\"height\"===t.message?(1e3<(r=parseInt(t.value,10))?r=1e3:~~r<200&&(r=200),s.height=r):\"link\"===t.message&&(r=new URL(s.getAttribute(\"src\")),n=new URL(t.value),c.test(n.protocol))&&n.host===r.host&&l.activeElement===s&&(d.top.location.href=t.value))}},d.addEventListener(\"message\",d.wp.receiveEmbedMessage,!1),l.addEventListener(\"DOMContentLoaded\",function(){for(var e,t,s=l.querySelectorAll(\"iframe.wp-embedded-content\"),r=0;r<s.length;r++)(t=(e=s[r]).getAttribute(\"data-secret\"))||(t=Math.random().toString(36).substring(2,12),e.src+=\"#?secret=\"+t,e.setAttribute(\"data-secret\",t)),e.contentWindow.postMessage({message:\"ready\",secret:t},\"*\")},!1)))}(window,document);\n\/\/# sourceURL=https:\/\/www.smedemokrati.sk\/wp-includes\/js\/wp-embed.min.js\n\/* ]]> *\/\n<\/script>\n","thumbnail_url":"https:\/\/www.smedemokrati.sk\/wp-content\/uploads\/2024\/01\/Kica.jpg","thumbnail_width":1901,"thumbnail_height":1066,"description":"N\u00e1vrhy ministra Tarabu predstaven\u00e9 pri z\u00e1mere zon\u00e1cie Tatransk\u00e9ho n\u00e1rodn\u00e9ho parku predstavuj\u00fa smrtiaci koktejl pre bud\u00facnos\u0165 ochrany pr\u00edrody na Slovensku. Demokrati upozor\u0148uj\u00fa, \u017ee zmeny, ktor\u00e9 \u017eiada \u0161\u00e9f enviro rezortu, bud\u00fa ma\u0165 negat\u00edvny dopad na ochranu pr\u00edrody, preto\u017ee predpokladaj\u00fa enormn\u00e9 zv\u00fd\u0161enie cestovn\u00e9ho ruchu v chr\u00e1nen\u00fdch oblastiach a najm\u00e4 obrovsk\u00e9 zv\u00fd\u0161enie \u0165a\u017eby dreva.\u00a0 \u201eMinister \u017eivotn\u00e9ho prostredia Taraba navrhuje [&hellip;]"}

Tomáš Koppl

Taraba pripravuje skrytú privatizáciu prírody v národných parkoch - Smedemokrati.sk

<blockquote class="wp-embedded-content" data-secret="CLrLZfaOtB"><a href="https://www.smedemokrati.sk/en/taraba-pripravuje-skrytu-privatizaciu-prirody-v-narodnych-parkoch/">Taraba pripravuje skrytú privatizáciu prírody v národných parkoch</a></blockquote><iframe sandbox="allow-scripts" security="restricted" src="https://www.smedemokrati.sk/en/taraba-pripravuje-skrytu-privatizaciu-prirody-v-narodnych-parkoch/embed/#?secret=CLrLZfaOtB" width="600" height="338" title="&#8220;Taraba pripravuje skrytú privatizáciu prírody v národných parkoch&#8221; &#8212; Smedemokrati.sk" data-secret="CLrLZfaOtB" frameborder="0" marginwidth="0" marginheight="0" scrolling="no" class="wp-embedded-content"></iframe><script type="text/javascript">
/* <![CDATA[ */
/*! This file is auto-generated */
!function(d,l){"use strict";l.querySelector&&d.addEventListener&&"undefined"!=typeof URL&&(d.wp=d.wp||{},d.wp.receiveEmbedMessage||(d.wp.receiveEmbedMessage=function(e){var t=e.data;if((t||t.secret||t.message||t.value)&&!/[^a-zA-Z0-9]/.test(t.secret)){for(var s,r,n,a=l.querySelectorAll('iframe[data-secret="'+t.secret+'"]'),o=l.querySelectorAll('blockquote[data-secret="'+t.secret+'"]'),c=new RegExp("^https?:$","i"),i=0;i<o.length;i++)o[i].style.display="none";for(i=0;i<a.length;i++)s=a[i],e.source===s.contentWindow&&(s.removeAttribute("style"),"height"===t.message?(1e3<(r=parseInt(t.value,10))?r=1e3:~~r<200&&(r=200),s.height=r):"link"===t.message&&(r=new URL(s.getAttribute("src")),n=new URL(t.value),c.test(n.protocol))&&n.host===r.host&&l.activeElement===s&&(d.top.location.href=t.value))}},d.addEventListener("message",d.wp.receiveEmbedMessage,!1),l.addEventListener("DOMContentLoaded",function(){for(var e,t,s=l.querySelectorAll("iframe.wp-embedded-content"),r=0;r<s.length;r++)(t=(e=s[r]).getAttribute("data-secret"))||(t=Math.random().toString(36).substring(2,12),e.src+="#?secret="+t,e.setAttribute("data-secret",t)),e.contentWindow.postMessage({message:"ready",secret:t},"*")},!1)))}(window,document);
//# sourceURL=https://www.smedemokrati.sk/wp-includes/js/wp-embed.min.js
/* ]]> */
</script>

Návrhy ministra Tarabu predstavené pri zámere zonácie Tatranského národného parku predstavujú smrtiaci koktejl pre budúcnosť ochrany prírody na Slovensku. Demokrati upozorňujú, že zmeny, ktoré žiada šéf enviro rezortu, budú mať negatívny dopad na ochranu prírody, pretože predpokladajú enormné zvýšenie cestovného ruchu v chránených oblastiach a najmä obrovské zvýšenie ťažby dreva.  „Minister životného prostredia Taraba navrhuje [&hellip;]
