{"version":"1.0","provider_name":"Smedemokrati.sk","provider_url":"https:\/\/www.smedemokrati.sk\/en","author_name":"miro.sopko","author_url":"https:\/\/www.smedemokrati.sk\/en\/author\/miro-sopko\/","title":"Slovensko stoj\u00ed pred ekonomickou katastrofou - Smedemokrati.sk","type":"rich","width":600,"height":338,"html":"<blockquote class=\"wp-embedded-content\" data-secret=\"MrtUA2EF6B\"><a href=\"https:\/\/www.smedemokrati.sk\/en\/slovensko-stoji-pred-ekonomickou-katastrofou\/\">Slovensko stoj\u00ed pred ekonomickou katastrofou<\/a><\/blockquote><iframe sandbox=\"allow-scripts\" security=\"restricted\" src=\"https:\/\/www.smedemokrati.sk\/en\/slovensko-stoji-pred-ekonomickou-katastrofou\/embed\/#?secret=MrtUA2EF6B\" width=\"600\" height=\"338\" title=\"&#8220;Slovensko stoj\u00ed pred ekonomickou katastrofou&#8221; &#8212; Smedemokrati.sk\" data-secret=\"MrtUA2EF6B\" frameborder=\"0\" marginwidth=\"0\" marginheight=\"0\" scrolling=\"no\" class=\"wp-embedded-content\"><\/iframe><script type=\"text\/javascript\">\n\/* <![CDATA[ *\/\n\/*! This file is auto-generated *\/\n!function(d,l){\"use strict\";l.querySelector&&d.addEventListener&&\"undefined\"!=typeof URL&&(d.wp=d.wp||{},d.wp.receiveEmbedMessage||(d.wp.receiveEmbedMessage=function(e){var t=e.data;if((t||t.secret||t.message||t.value)&&!\/[^a-zA-Z0-9]\/.test(t.secret)){for(var s,r,n,a=l.querySelectorAll('iframe[data-secret=\"'+t.secret+'\"]'),o=l.querySelectorAll('blockquote[data-secret=\"'+t.secret+'\"]'),c=new RegExp(\"^https?:$\",\"i\"),i=0;i<o.length;i++)o[i].style.display=\"none\";for(i=0;i<a.length;i++)s=a[i],e.source===s.contentWindow&&(s.removeAttribute(\"style\"),\"height\"===t.message?(1e3<(r=parseInt(t.value,10))?r=1e3:~~r<200&&(r=200),s.height=r):\"link\"===t.message&&(r=new URL(s.getAttribute(\"src\")),n=new URL(t.value),c.test(n.protocol))&&n.host===r.host&&l.activeElement===s&&(d.top.location.href=t.value))}},d.addEventListener(\"message\",d.wp.receiveEmbedMessage,!1),l.addEventListener(\"DOMContentLoaded\",function(){for(var e,t,s=l.querySelectorAll(\"iframe.wp-embedded-content\"),r=0;r<s.length;r++)(t=(e=s[r]).getAttribute(\"data-secret\"))||(t=Math.random().toString(36).substring(2,12),e.src+=\"#?secret=\"+t,e.setAttribute(\"data-secret\",t)),e.contentWindow.postMessage({message:\"ready\",secret:t},\"*\")},!1)))}(window,document);\n\/\/# sourceURL=https:\/\/www.smedemokrati.sk\/wp-includes\/js\/wp-embed.min.js\n\/* ]]> *\/\n<\/script>\n","thumbnail_url":"https:\/\/www.smedemokrati.sk\/wp-content\/uploads\/2024\/08\/slovensko-kriza.jpg","thumbnail_width":900,"thumbnail_height":507,"description":"Strana Demokrati d\u00f4razne upozor\u0148uje na aktu\u00e1lnu ekonomickou situ\u00e1ciu, do ktorej vl\u00e1da Roberta Fica a ministra financi\u00ed Ladislava Kamenick\u00e9ho uvrhla Slovensko. Vl\u00e1da sa ne\u00famerne r\u00fdchlo zadl\u017euje, \u010d\u00edm ohrozuje dlhodob\u00fa udr\u017eate\u013enos\u0165 verejn\u00fdch financi\u00ed a t\u00fdm aj bud\u00facnos\u0165 v\u0161etk\u00fdch ob\u010danov Slovenska. \u201eVl\u00e1da Roberta Fica si evidentne neuvedomuje, ak\u00e9 z\u00e1va\u017en\u00e9 rizik\u00e1 spojen\u00e9 s r\u00fdchlym rastom verejn\u00e9ho dlhu prin\u00e1\u0161a. Namiesto [&hellip;]"}

Slovensko stojí pred ekonomickou katastrofou - Smedemokrati.sk

<blockquote class="wp-embedded-content" data-secret="MrtUA2EF6B"><a href="https://www.smedemokrati.sk/en/slovensko-stoji-pred-ekonomickou-katastrofou/">Slovensko stojí pred ekonomickou katastrofou</a></blockquote><iframe sandbox="allow-scripts" security="restricted" src="https://www.smedemokrati.sk/en/slovensko-stoji-pred-ekonomickou-katastrofou/embed/#?secret=MrtUA2EF6B" width="600" height="338" title="&#8220;Slovensko stojí pred ekonomickou katastrofou&#8221; &#8212; Smedemokrati.sk" data-secret="MrtUA2EF6B" frameborder="0" marginwidth="0" marginheight="0" scrolling="no" class="wp-embedded-content"></iframe><script type="text/javascript">
/* <![CDATA[ */
/*! This file is auto-generated */
!function(d,l){"use strict";l.querySelector&&d.addEventListener&&"undefined"!=typeof URL&&(d.wp=d.wp||{},d.wp.receiveEmbedMessage||(d.wp.receiveEmbedMessage=function(e){var t=e.data;if((t||t.secret||t.message||t.value)&&!/[^a-zA-Z0-9]/.test(t.secret)){for(var s,r,n,a=l.querySelectorAll('iframe[data-secret="'+t.secret+'"]'),o=l.querySelectorAll('blockquote[data-secret="'+t.secret+'"]'),c=new RegExp("^https?:$","i"),i=0;i<o.length;i++)o[i].style.display="none";for(i=0;i<a.length;i++)s=a[i],e.source===s.contentWindow&&(s.removeAttribute("style"),"height"===t.message?(1e3<(r=parseInt(t.value,10))?r=1e3:~~r<200&&(r=200),s.height=r):"link"===t.message&&(r=new URL(s.getAttribute("src")),n=new URL(t.value),c.test(n.protocol))&&n.host===r.host&&l.activeElement===s&&(d.top.location.href=t.value))}},d.addEventListener("message",d.wp.receiveEmbedMessage,!1),l.addEventListener("DOMContentLoaded",function(){for(var e,t,s=l.querySelectorAll("iframe.wp-embedded-content"),r=0;r<s.length;r++)(t=(e=s[r]).getAttribute("data-secret"))||(t=Math.random().toString(36).substring(2,12),e.src+="#?secret="+t,e.setAttribute("data-secret",t)),e.contentWindow.postMessage({message:"ready",secret:t},"*")},!1)))}(window,document);
//# sourceURL=https://www.smedemokrati.sk/wp-includes/js/wp-embed.min.js
/* ]]> */
</script>

Strana Demokrati dôrazne upozorňuje na aktuálnu ekonomickou situáciu, do ktorej vláda Roberta Fica a ministra financií Ladislava Kamenického uvrhla Slovensko. Vláda sa neúmerne rýchlo zadlžuje, čím ohrozuje dlhodobú udržateľnosť verejných financií a tým aj budúcnosť všetkých občanov Slovenska. „Vláda Roberta Fica si evidentne neuvedomuje, aké závažné riziká spojené s rýchlym rastom verejného dlhu prináša. Namiesto [&hellip;]
