{"version":"1.0","provider_name":"Smedemokrati.sk","provider_url":"https:\/\/www.smedemokrati.sk\/en","author_name":"miro.sopko","author_url":"https:\/\/www.smedemokrati.sk\/en\/author\/miro-sopko\/","title":"Skolabuje V\u0161ZP u\u017e vo febru\u00e1ri 2025? - Smedemokrati.sk","type":"rich","width":600,"height":338,"html":"<blockquote class=\"wp-embedded-content\" data-secret=\"0ha94KJ55L\"><a href=\"https:\/\/www.smedemokrati.sk\/en\/skolabuje-vszp-uz-vo-februari-2025\/\">Skolabuje V\u0161ZP u\u017e vo febru\u00e1ri 2025?<\/a><\/blockquote><iframe sandbox=\"allow-scripts\" security=\"restricted\" src=\"https:\/\/www.smedemokrati.sk\/en\/skolabuje-vszp-uz-vo-februari-2025\/embed\/#?secret=0ha94KJ55L\" width=\"600\" height=\"338\" title=\"&#8220;Skolabuje V\u0161ZP u\u017e vo febru\u00e1ri 2025?&#8221; &#8212; Smedemokrati.sk\" data-secret=\"0ha94KJ55L\" frameborder=\"0\" marginwidth=\"0\" marginheight=\"0\" scrolling=\"no\" class=\"wp-embedded-content\"><\/iframe><script type=\"text\/javascript\">\n\/* <![CDATA[ *\/\n\/*! This file is auto-generated *\/\n!function(d,l){\"use strict\";l.querySelector&&d.addEventListener&&\"undefined\"!=typeof URL&&(d.wp=d.wp||{},d.wp.receiveEmbedMessage||(d.wp.receiveEmbedMessage=function(e){var t=e.data;if((t||t.secret||t.message||t.value)&&!\/[^a-zA-Z0-9]\/.test(t.secret)){for(var s,r,n,a=l.querySelectorAll('iframe[data-secret=\"'+t.secret+'\"]'),o=l.querySelectorAll('blockquote[data-secret=\"'+t.secret+'\"]'),c=new RegExp(\"^https?:$\",\"i\"),i=0;i<o.length;i++)o[i].style.display=\"none\";for(i=0;i<a.length;i++)s=a[i],e.source===s.contentWindow&&(s.removeAttribute(\"style\"),\"height\"===t.message?(1e3<(r=parseInt(t.value,10))?r=1e3:~~r<200&&(r=200),s.height=r):\"link\"===t.message&&(r=new URL(s.getAttribute(\"src\")),n=new URL(t.value),c.test(n.protocol))&&n.host===r.host&&l.activeElement===s&&(d.top.location.href=t.value))}},d.addEventListener(\"message\",d.wp.receiveEmbedMessage,!1),l.addEventListener(\"DOMContentLoaded\",function(){for(var e,t,s=l.querySelectorAll(\"iframe.wp-embedded-content\"),r=0;r<s.length;r++)(t=(e=s[r]).getAttribute(\"data-secret\"))||(t=Math.random().toString(36).substring(2,12),e.src+=\"#?secret=\"+t,e.setAttribute(\"data-secret\",t)),e.contentWindow.postMessage({message:\"ready\",secret:t},\"*\")},!1)))}(window,document);\n\/\/# sourceURL=https:\/\/www.smedemokrati.sk\/wp-includes\/js\/wp-embed.min.js\n\/* ]]> *\/\n<\/script>\n","thumbnail_url":"https:\/\/www.smedemokrati.sk\/wp-content\/uploads\/2024\/10\/5522ce467550c1d3148221c1b4ef1e66.jpeg","thumbnail_width":1200,"thumbnail_height":675,"description":"N\u00e1vrh \u0161t\u00e1tneho rozpo\u010dtu pre zdravotn\u00edctvo je najhor\u0161\u00ed za posledn\u00fdch 20 rokov. Napriek vl\u00e1dnym deklar\u00e1ci\u00e1m o\u00a0n\u00e1raste celkov\u00fdch zdrojov v\u00a0zdravotn\u00edctve na bud\u00faci rok, skuto\u010dn\u00fd n\u00e1rast disponibiln\u00fdch zdrojov zdravotn\u00e9ho poistenia, z\u00a0ktor\u00fdch sa plat\u00ed samotn\u00e1 zdravotn\u00e1 starostlivos\u0165, bude len minim\u00e1lny.\u00a0 Pe\u0148az\u00ed na poskytovanie zdravotnej starostlivosti v\u00a0roku 2025 m\u00e1 by\u0165 len o 289 mil. eur viac ne\u017e v rozpo\u010dte pre [&hellip;]"}

Skolabuje VšZP už vo februári 2025? - Smedemokrati.sk

<blockquote class="wp-embedded-content" data-secret="0ha94KJ55L"><a href="https://www.smedemokrati.sk/en/skolabuje-vszp-uz-vo-februari-2025/">Skolabuje VšZP už vo februári 2025?</a></blockquote><iframe sandbox="allow-scripts" security="restricted" src="https://www.smedemokrati.sk/en/skolabuje-vszp-uz-vo-februari-2025/embed/#?secret=0ha94KJ55L" width="600" height="338" title="&#8220;Skolabuje VšZP už vo februári 2025?&#8221; &#8212; Smedemokrati.sk" data-secret="0ha94KJ55L" frameborder="0" marginwidth="0" marginheight="0" scrolling="no" class="wp-embedded-content"></iframe><script type="text/javascript">
/* <![CDATA[ */
/*! This file is auto-generated */
!function(d,l){"use strict";l.querySelector&&d.addEventListener&&"undefined"!=typeof URL&&(d.wp=d.wp||{},d.wp.receiveEmbedMessage||(d.wp.receiveEmbedMessage=function(e){var t=e.data;if((t||t.secret||t.message||t.value)&&!/[^a-zA-Z0-9]/.test(t.secret)){for(var s,r,n,a=l.querySelectorAll('iframe[data-secret="'+t.secret+'"]'),o=l.querySelectorAll('blockquote[data-secret="'+t.secret+'"]'),c=new RegExp("^https?:$","i"),i=0;i<o.length;i++)o[i].style.display="none";for(i=0;i<a.length;i++)s=a[i],e.source===s.contentWindow&&(s.removeAttribute("style"),"height"===t.message?(1e3<(r=parseInt(t.value,10))?r=1e3:~~r<200&&(r=200),s.height=r):"link"===t.message&&(r=new URL(s.getAttribute("src")),n=new URL(t.value),c.test(n.protocol))&&n.host===r.host&&l.activeElement===s&&(d.top.location.href=t.value))}},d.addEventListener("message",d.wp.receiveEmbedMessage,!1),l.addEventListener("DOMContentLoaded",function(){for(var e,t,s=l.querySelectorAll("iframe.wp-embedded-content"),r=0;r<s.length;r++)(t=(e=s[r]).getAttribute("data-secret"))||(t=Math.random().toString(36).substring(2,12),e.src+="#?secret="+t,e.setAttribute("data-secret",t)),e.contentWindow.postMessage({message:"ready",secret:t},"*")},!1)))}(window,document);
//# sourceURL=https://www.smedemokrati.sk/wp-includes/js/wp-embed.min.js
/* ]]> */
</script>

Návrh štátneho rozpočtu pre zdravotníctvo je najhorší za posledných 20 rokov. Napriek vládnym deklaráciám o náraste celkových zdrojov v zdravotníctve na budúci rok, skutočný nárast disponibilných zdrojov zdravotného poistenia, z ktorých sa platí samotná zdravotná starostlivosť, bude len minimálny.  Peňazí na poskytovanie zdravotnej starostlivosti v roku 2025 má byť len o 289 mil. eur viac než v rozpočte pre [&hellip;]
