{"version":"1.0","provider_name":"Smedemokrati.sk","provider_url":"https:\/\/www.smedemokrati.sk\/en","author_name":"Tom\u00e1\u0161 Koppl","author_url":"https:\/\/www.smedemokrati.sk\/en\/author\/tomaskoppl\/","title":"Reakcia Eduarda Hegera na v\u00fdroky B. Koll\u00e1ra - Smedemokrati.sk","type":"rich","width":600,"height":338,"html":"<blockquote class=\"wp-embedded-content\" data-secret=\"yCG8FO7h5J\"><a href=\"https:\/\/www.smedemokrati.sk\/en\/reakcia-eduarda-hegera-na-vyroky-b-kollara\/\">Reakcia Eduarda Hegera na v\u00fdroky B. Koll\u00e1ra<\/a><\/blockquote><iframe sandbox=\"allow-scripts\" security=\"restricted\" src=\"https:\/\/www.smedemokrati.sk\/en\/reakcia-eduarda-hegera-na-vyroky-b-kollara\/embed\/#?secret=yCG8FO7h5J\" width=\"600\" height=\"338\" title=\"&#8220;Reakcia Eduarda Hegera na v\u00fdroky B. Koll\u00e1ra&#8221; &#8212; Smedemokrati.sk\" data-secret=\"yCG8FO7h5J\" frameborder=\"0\" marginwidth=\"0\" marginheight=\"0\" scrolling=\"no\" class=\"wp-embedded-content\"><\/iframe><script type=\"text\/javascript\">\n\/* <![CDATA[ *\/\n\/*! This file is auto-generated *\/\n!function(d,l){\"use strict\";l.querySelector&&d.addEventListener&&\"undefined\"!=typeof URL&&(d.wp=d.wp||{},d.wp.receiveEmbedMessage||(d.wp.receiveEmbedMessage=function(e){var t=e.data;if((t||t.secret||t.message||t.value)&&!\/[^a-zA-Z0-9]\/.test(t.secret)){for(var s,r,n,a=l.querySelectorAll('iframe[data-secret=\"'+t.secret+'\"]'),o=l.querySelectorAll('blockquote[data-secret=\"'+t.secret+'\"]'),c=new RegExp(\"^https?:$\",\"i\"),i=0;i<o.length;i++)o[i].style.display=\"none\";for(i=0;i<a.length;i++)s=a[i],e.source===s.contentWindow&&(s.removeAttribute(\"style\"),\"height\"===t.message?(1e3<(r=parseInt(t.value,10))?r=1e3:~~r<200&&(r=200),s.height=r):\"link\"===t.message&&(r=new URL(s.getAttribute(\"src\")),n=new URL(t.value),c.test(n.protocol))&&n.host===r.host&&l.activeElement===s&&(d.top.location.href=t.value))}},d.addEventListener(\"message\",d.wp.receiveEmbedMessage,!1),l.addEventListener(\"DOMContentLoaded\",function(){for(var e,t,s=l.querySelectorAll(\"iframe.wp-embedded-content\"),r=0;r<s.length;r++)(t=(e=s[r]).getAttribute(\"data-secret\"))||(t=Math.random().toString(36).substring(2,12),e.src+=\"#?secret=\"+t,e.setAttribute(\"data-secret\",t)),e.contentWindow.postMessage({message:\"ready\",secret:t},\"*\")},!1)))}(window,document);\n\/\/# sourceURL=https:\/\/www.smedemokrati.sk\/wp-includes\/js\/wp-embed.min.js\n\/* ]]> *\/\n<\/script>\n","thumbnail_url":"https:\/\/www.smedemokrati.sk\/wp-content\/uploads\/2023\/06\/356222019_827384708951582_4015143400471363150_n-1.jpg","thumbnail_width":1638,"thumbnail_height":1761,"description":"\u201eDa\u0165 prednos\u0165 \u010dloveku, \u017eene, ktor\u00e1 30 rokov zachra\u0148uje \u013eudsk\u00e9 \u017eivoty je slabos\u0165? Vo svete Borisa Koll\u00e1ra \u00e1no, pre neho som \u201ahandra\u2018. V mojom svete to slabos\u0165 nie je, preto\u017ee politiku beriem ako slu\u017ebu \u013eu\u010fom, nie ako boj o miesto na kandid\u00e1tke. V mojom svete \u017een\u00e1m ver\u00edme a nebijeme ich za \u017eiadnych okolnost\u00ed!\u201c"}

Tomáš Koppl

Reakcia Eduarda Hegera na výroky B. Kollára - Smedemokrati.sk

<blockquote class="wp-embedded-content" data-secret="yCG8FO7h5J"><a href="https://www.smedemokrati.sk/en/reakcia-eduarda-hegera-na-vyroky-b-kollara/">Reakcia Eduarda Hegera na výroky B. Kollára</a></blockquote><iframe sandbox="allow-scripts" security="restricted" src="https://www.smedemokrati.sk/en/reakcia-eduarda-hegera-na-vyroky-b-kollara/embed/#?secret=yCG8FO7h5J" width="600" height="338" title="&#8220;Reakcia Eduarda Hegera na výroky B. Kollára&#8221; &#8212; Smedemokrati.sk" data-secret="yCG8FO7h5J" frameborder="0" marginwidth="0" marginheight="0" scrolling="no" class="wp-embedded-content"></iframe><script type="text/javascript">
/* <![CDATA[ */
/*! This file is auto-generated */
!function(d,l){"use strict";l.querySelector&&d.addEventListener&&"undefined"!=typeof URL&&(d.wp=d.wp||{},d.wp.receiveEmbedMessage||(d.wp.receiveEmbedMessage=function(e){var t=e.data;if((t||t.secret||t.message||t.value)&&!/[^a-zA-Z0-9]/.test(t.secret)){for(var s,r,n,a=l.querySelectorAll('iframe[data-secret="'+t.secret+'"]'),o=l.querySelectorAll('blockquote[data-secret="'+t.secret+'"]'),c=new RegExp("^https?:$","i"),i=0;i<o.length;i++)o[i].style.display="none";for(i=0;i<a.length;i++)s=a[i],e.source===s.contentWindow&&(s.removeAttribute("style"),"height"===t.message?(1e3<(r=parseInt(t.value,10))?r=1e3:~~r<200&&(r=200),s.height=r):"link"===t.message&&(r=new URL(s.getAttribute("src")),n=new URL(t.value),c.test(n.protocol))&&n.host===r.host&&l.activeElement===s&&(d.top.location.href=t.value))}},d.addEventListener("message",d.wp.receiveEmbedMessage,!1),l.addEventListener("DOMContentLoaded",function(){for(var e,t,s=l.querySelectorAll("iframe.wp-embedded-content"),r=0;r<s.length;r++)(t=(e=s[r]).getAttribute("data-secret"))||(t=Math.random().toString(36).substring(2,12),e.src+="#?secret="+t,e.setAttribute("data-secret",t)),e.contentWindow.postMessage({message:"ready",secret:t},"*")},!1)))}(window,document);
//# sourceURL=https://www.smedemokrati.sk/wp-includes/js/wp-embed.min.js
/* ]]> */
</script>

„Dať prednosť človeku, žene, ktorá 30 rokov zachraňuje ľudské životy je slabosť? Vo svete Borisa Kollára áno, pre neho som ‚handra‘. V mojom svete to slabosť nie je, pretože politiku beriem ako službu ľuďom, nie ako boj o miesto na kandidátke. V mojom svete ženám veríme a nebijeme ich za žiadnych okolností!“
