{"version":"1.0","provider_name":"Smedemokrati.sk","provider_url":"https:\/\/www.smedemokrati.sk\/en","author_name":"Tom\u00e1\u0161 Koppl","author_url":"https:\/\/www.smedemokrati.sk\/en\/author\/tomaskoppl\/","title":"Nenechajme si ukradn\u00fa\u0165 SNP. Nenechajme si ukradn\u00fa\u0165 Slovensko - Smedemokrati.sk","type":"rich","width":600,"height":338,"html":"<blockquote class=\"wp-embedded-content\" data-secret=\"NjZIAEXspC\"><a href=\"https:\/\/www.smedemokrati.sk\/en\/nenechajme-si-ukradnut-snp-nenechajme-si-ukradnut-slovensko\/\">Nenechajme si ukradn\u00fa\u0165 SNP. Nenechajme si ukradn\u00fa\u0165 Slovensko<\/a><\/blockquote><iframe sandbox=\"allow-scripts\" security=\"restricted\" src=\"https:\/\/www.smedemokrati.sk\/en\/nenechajme-si-ukradnut-snp-nenechajme-si-ukradnut-slovensko\/embed\/#?secret=NjZIAEXspC\" width=\"600\" height=\"338\" title=\"&#8220;Nenechajme si ukradn\u00fa\u0165 SNP. Nenechajme si ukradn\u00fa\u0165 Slovensko&#8221; &#8212; Smedemokrati.sk\" data-secret=\"NjZIAEXspC\" frameborder=\"0\" marginwidth=\"0\" marginheight=\"0\" scrolling=\"no\" class=\"wp-embedded-content\"><\/iframe><script type=\"text\/javascript\">\n\/* <![CDATA[ *\/\n\/*! This file is auto-generated *\/\n!function(d,l){\"use strict\";l.querySelector&&d.addEventListener&&\"undefined\"!=typeof URL&&(d.wp=d.wp||{},d.wp.receiveEmbedMessage||(d.wp.receiveEmbedMessage=function(e){var t=e.data;if((t||t.secret||t.message||t.value)&&!\/[^a-zA-Z0-9]\/.test(t.secret)){for(var s,r,n,a=l.querySelectorAll('iframe[data-secret=\"'+t.secret+'\"]'),o=l.querySelectorAll('blockquote[data-secret=\"'+t.secret+'\"]'),c=new RegExp(\"^https?:$\",\"i\"),i=0;i<o.length;i++)o[i].style.display=\"none\";for(i=0;i<a.length;i++)s=a[i],e.source===s.contentWindow&&(s.removeAttribute(\"style\"),\"height\"===t.message?(1e3<(r=parseInt(t.value,10))?r=1e3:~~r<200&&(r=200),s.height=r):\"link\"===t.message&&(r=new URL(s.getAttribute(\"src\")),n=new URL(t.value),c.test(n.protocol))&&n.host===r.host&&l.activeElement===s&&(d.top.location.href=t.value))}},d.addEventListener(\"message\",d.wp.receiveEmbedMessage,!1),l.addEventListener(\"DOMContentLoaded\",function(){for(var e,t,s=l.querySelectorAll(\"iframe.wp-embedded-content\"),r=0;r<s.length;r++)(t=(e=s[r]).getAttribute(\"data-secret\"))||(t=Math.random().toString(36).substring(2,12),e.src+=\"#?secret=\"+t,e.setAttribute(\"data-secret\",t)),e.contentWindow.postMessage({message:\"ready\",secret:t},\"*\")},!1)))}(window,document);\n\/\/# sourceURL=https:\/\/www.smedemokrati.sk\/wp-includes\/js\/wp-embed.min.js\n\/* ]]> *\/\n<\/script>\n","thumbnail_url":"https:\/\/www.smedemokrati.sk\/wp-content\/uploads\/2023\/08\/4468531_1200x.jpg","thumbnail_width":1200,"thumbnail_height":810,"description":"Dnes si pripom\u00edname jednu z najd\u00f4le\u017eitej\u0161\u00edch udalost\u00ed v na\u0161ej hist\u00f3rii \u2013 za\u010diatok Slovensk\u00e9ho n\u00e1rodn\u00e9ho povstania. Pred 79 rokmi sa v tento de\u0148 tis\u00edce Slov\u00e1kov zdvihli v odv\u00e1\u017enom akte vzdoru proti nacisticko &#8211; fa\u0161istickej okup\u00e1cii, bojuj\u00fac za hodnoty slobody, demokracie a spravodlivosti. \u201eV\u00fdro\u010die SNP je pre m\u0148a spomienkou na vzdor Slov\u00e1kov a Sloveniek proti zdanlivo nevyhnutn\u00e9mu [&hellip;]"}

Tomáš Koppl

Nenechajme si ukradnúť SNP. Nenechajme si ukradnúť Slovensko - Smedemokrati.sk

<blockquote class="wp-embedded-content" data-secret="NjZIAEXspC"><a href="https://www.smedemokrati.sk/en/nenechajme-si-ukradnut-snp-nenechajme-si-ukradnut-slovensko/">Nenechajme si ukradnúť SNP. Nenechajme si ukradnúť Slovensko</a></blockquote><iframe sandbox="allow-scripts" security="restricted" src="https://www.smedemokrati.sk/en/nenechajme-si-ukradnut-snp-nenechajme-si-ukradnut-slovensko/embed/#?secret=NjZIAEXspC" width="600" height="338" title="&#8220;Nenechajme si ukradnúť SNP. Nenechajme si ukradnúť Slovensko&#8221; &#8212; Smedemokrati.sk" data-secret="NjZIAEXspC" frameborder="0" marginwidth="0" marginheight="0" scrolling="no" class="wp-embedded-content"></iframe><script type="text/javascript">
/* <![CDATA[ */
/*! This file is auto-generated */
!function(d,l){"use strict";l.querySelector&&d.addEventListener&&"undefined"!=typeof URL&&(d.wp=d.wp||{},d.wp.receiveEmbedMessage||(d.wp.receiveEmbedMessage=function(e){var t=e.data;if((t||t.secret||t.message||t.value)&&!/[^a-zA-Z0-9]/.test(t.secret)){for(var s,r,n,a=l.querySelectorAll('iframe[data-secret="'+t.secret+'"]'),o=l.querySelectorAll('blockquote[data-secret="'+t.secret+'"]'),c=new RegExp("^https?:$","i"),i=0;i<o.length;i++)o[i].style.display="none";for(i=0;i<a.length;i++)s=a[i],e.source===s.contentWindow&&(s.removeAttribute("style"),"height"===t.message?(1e3<(r=parseInt(t.value,10))?r=1e3:~~r<200&&(r=200),s.height=r):"link"===t.message&&(r=new URL(s.getAttribute("src")),n=new URL(t.value),c.test(n.protocol))&&n.host===r.host&&l.activeElement===s&&(d.top.location.href=t.value))}},d.addEventListener("message",d.wp.receiveEmbedMessage,!1),l.addEventListener("DOMContentLoaded",function(){for(var e,t,s=l.querySelectorAll("iframe.wp-embedded-content"),r=0;r<s.length;r++)(t=(e=s[r]).getAttribute("data-secret"))||(t=Math.random().toString(36).substring(2,12),e.src+="#?secret="+t,e.setAttribute("data-secret",t)),e.contentWindow.postMessage({message:"ready",secret:t},"*")},!1)))}(window,document);
//# sourceURL=https://www.smedemokrati.sk/wp-includes/js/wp-embed.min.js
/* ]]> */
</script>

Dnes si pripomíname jednu z najdôležitejších udalostí v našej histórii – začiatok Slovenského národného povstania. Pred 79 rokmi sa v tento deň tisíce Slovákov zdvihli v odvážnom akte vzdoru proti nacisticko &#8211; fašistickej okupácii, bojujúc za hodnoty slobody, demokracie a spravodlivosti. „Výročie SNP je pre mňa spomienkou na vzdor Slovákov a Sloveniek proti zdanlivo nevyhnutnému [&hellip;]
