{"version":"1.0","provider_name":"Smedemokrati.sk","provider_url":"https:\/\/www.smedemokrati.sk\/en","author_name":"miro.sopko","author_url":"https:\/\/www.smedemokrati.sk\/en\/author\/miro-sopko\/","title":"\u013dubom\u00edr Galko podpor\u00ed odvol\u00e1vanie \u0160utaj E\u0161toka - Smedemokrati.sk","type":"rich","width":600,"height":338,"html":"<blockquote class=\"wp-embedded-content\" data-secret=\"8APbX3utQo\"><a href=\"https:\/\/www.smedemokrati.sk\/en\/lubomir-galko-podpori-odvolavanie-sutaj-estoka\/\">\u013dubom\u00edr Galko podpor\u00ed odvol\u00e1vanie \u0160utaj E\u0161toka<\/a><\/blockquote><iframe sandbox=\"allow-scripts\" security=\"restricted\" src=\"https:\/\/www.smedemokrati.sk\/en\/lubomir-galko-podpori-odvolavanie-sutaj-estoka\/embed\/#?secret=8APbX3utQo\" width=\"600\" height=\"338\" title=\"&#8220;\u013dubom\u00edr Galko podpor\u00ed odvol\u00e1vanie \u0160utaj E\u0161toka&#8221; &#8212; Smedemokrati.sk\" data-secret=\"8APbX3utQo\" frameborder=\"0\" marginwidth=\"0\" marginheight=\"0\" scrolling=\"no\" class=\"wp-embedded-content\"><\/iframe><script type=\"text\/javascript\">\n\/* <![CDATA[ *\/\n\/*! This file is auto-generated *\/\n!function(d,l){\"use strict\";l.querySelector&&d.addEventListener&&\"undefined\"!=typeof URL&&(d.wp=d.wp||{},d.wp.receiveEmbedMessage||(d.wp.receiveEmbedMessage=function(e){var t=e.data;if((t||t.secret||t.message||t.value)&&!\/[^a-zA-Z0-9]\/.test(t.secret)){for(var s,r,n,a=l.querySelectorAll('iframe[data-secret=\"'+t.secret+'\"]'),o=l.querySelectorAll('blockquote[data-secret=\"'+t.secret+'\"]'),c=new RegExp(\"^https?:$\",\"i\"),i=0;i<o.length;i++)o[i].style.display=\"none\";for(i=0;i<a.length;i++)s=a[i],e.source===s.contentWindow&&(s.removeAttribute(\"style\"),\"height\"===t.message?(1e3<(r=parseInt(t.value,10))?r=1e3:~~r<200&&(r=200),s.height=r):\"link\"===t.message&&(r=new URL(s.getAttribute(\"src\")),n=new URL(t.value),c.test(n.protocol))&&n.host===r.host&&l.activeElement===s&&(d.top.location.href=t.value))}},d.addEventListener(\"message\",d.wp.receiveEmbedMessage,!1),l.addEventListener(\"DOMContentLoaded\",function(){for(var e,t,s=l.querySelectorAll(\"iframe.wp-embedded-content\"),r=0;r<s.length;r++)(t=(e=s[r]).getAttribute(\"data-secret\"))||(t=Math.random().toString(36).substring(2,12),e.src+=\"#?secret=\"+t,e.setAttribute(\"data-secret\",t)),e.contentWindow.postMessage({message:\"ready\",secret:t},\"*\")},!1)))}(window,document);\n\/\/# sourceURL=https:\/\/www.smedemokrati.sk\/wp-includes\/js\/wp-embed.min.js\n\/* ]]> *\/\n<\/script>\n","thumbnail_url":"https:\/\/www.smedemokrati.sk\/wp-content\/uploads\/2024\/09\/demokrati-12092024.jpg","thumbnail_width":900,"thumbnail_height":577,"description":"Strana Demokrati v\u00edta rozhodnutie opoz\u00edcie odvol\u00e1va\u0165 ministra vn\u00fatra a m\u00f4\u017ee r\u00e1ta\u0165 s podpisom poslanca \u013dubom\u00edra Galka. Ten u\u017e pred 2&nbsp;t\u00fd\u017ed\u0148ami vyz\u00fdval opozi\u010dn\u00fdch partnerov k&nbsp;tejto iniciat\u00edve, no \u017eia\u013e, nepochopite\u013ene, nena\u0161iel podporu. Ka\u017ed\u00fd de\u0148 kedy je Mat\u00fa\u0161 \u0160utaj E\u0161tok na ministerskej stoli\u010dke predstavuje hrozbu pre cel\u00e9 Slovensko, jeho odvol\u00e1vanie je preto absol\u00fatne na mieste a m\u00e1 podporu [&hellip;]"}

Ľubomír Galko podporí odvolávanie Šutaj Eštoka - Smedemokrati.sk

<blockquote class="wp-embedded-content" data-secret="8APbX3utQo"><a href="https://www.smedemokrati.sk/en/lubomir-galko-podpori-odvolavanie-sutaj-estoka/">Ľubomír Galko podporí odvolávanie Šutaj Eštoka</a></blockquote><iframe sandbox="allow-scripts" security="restricted" src="https://www.smedemokrati.sk/en/lubomir-galko-podpori-odvolavanie-sutaj-estoka/embed/#?secret=8APbX3utQo" width="600" height="338" title="&#8220;Ľubomír Galko podporí odvolávanie Šutaj Eštoka&#8221; &#8212; Smedemokrati.sk" data-secret="8APbX3utQo" frameborder="0" marginwidth="0" marginheight="0" scrolling="no" class="wp-embedded-content"></iframe><script type="text/javascript">
/* <![CDATA[ */
/*! This file is auto-generated */
!function(d,l){"use strict";l.querySelector&&d.addEventListener&&"undefined"!=typeof URL&&(d.wp=d.wp||{},d.wp.receiveEmbedMessage||(d.wp.receiveEmbedMessage=function(e){var t=e.data;if((t||t.secret||t.message||t.value)&&!/[^a-zA-Z0-9]/.test(t.secret)){for(var s,r,n,a=l.querySelectorAll('iframe[data-secret="'+t.secret+'"]'),o=l.querySelectorAll('blockquote[data-secret="'+t.secret+'"]'),c=new RegExp("^https?:$","i"),i=0;i<o.length;i++)o[i].style.display="none";for(i=0;i<a.length;i++)s=a[i],e.source===s.contentWindow&&(s.removeAttribute("style"),"height"===t.message?(1e3<(r=parseInt(t.value,10))?r=1e3:~~r<200&&(r=200),s.height=r):"link"===t.message&&(r=new URL(s.getAttribute("src")),n=new URL(t.value),c.test(n.protocol))&&n.host===r.host&&l.activeElement===s&&(d.top.location.href=t.value))}},d.addEventListener("message",d.wp.receiveEmbedMessage,!1),l.addEventListener("DOMContentLoaded",function(){for(var e,t,s=l.querySelectorAll("iframe.wp-embedded-content"),r=0;r<s.length;r++)(t=(e=s[r]).getAttribute("data-secret"))||(t=Math.random().toString(36).substring(2,12),e.src+="#?secret="+t,e.setAttribute("data-secret",t)),e.contentWindow.postMessage({message:"ready",secret:t},"*")},!1)))}(window,document);
//# sourceURL=https://www.smedemokrati.sk/wp-includes/js/wp-embed.min.js
/* ]]> */
</script>

Strana Demokrati víta rozhodnutie opozície odvolávať ministra vnútra a môže rátať s podpisom poslanca Ľubomíra Galka. Ten už pred 2&nbsp;týždňami vyzýval opozičných partnerov k&nbsp;tejto iniciatíve, no žiaľ, nepochopiteľne, nenašiel podporu. Každý deň kedy je Matúš Šutaj Eštok na ministerskej stoličke predstavuje hrozbu pre celé Slovensko, jeho odvolávanie je preto absolútne na mieste a má podporu [&hellip;]
