{"version":"1.0","provider_name":"Smedemokrati.sk","provider_url":"https:\/\/www.smedemokrati.sk\/en","author_name":"Tom\u00e1\u0161 Koppl","author_url":"https:\/\/www.smedemokrati.sk\/en\/author\/tomaskoppl\/","title":"Likvid\u00e1cia RTVS a p\u00f4vodnej dom\u00e1cej tvorby sa za\u010dala - Smedemokrati.sk","type":"rich","width":600,"height":338,"html":"<blockquote class=\"wp-embedded-content\" data-secret=\"KFKtNhmWxO\"><a href=\"https:\/\/www.smedemokrati.sk\/en\/likvidacia-rtvs-a-povodnej-domacej-tvorby-sa-zacala\/\">Likvid\u00e1cia RTVS a p\u00f4vodnej dom\u00e1cej tvorby sa za\u010dala<\/a><\/blockquote><iframe sandbox=\"allow-scripts\" security=\"restricted\" src=\"https:\/\/www.smedemokrati.sk\/en\/likvidacia-rtvs-a-povodnej-domacej-tvorby-sa-zacala\/embed\/#?secret=KFKtNhmWxO\" width=\"600\" height=\"338\" title=\"&#8220;Likvid\u00e1cia RTVS a p\u00f4vodnej dom\u00e1cej tvorby sa za\u010dala&#8221; &#8212; Smedemokrati.sk\" data-secret=\"KFKtNhmWxO\" frameborder=\"0\" marginwidth=\"0\" marginheight=\"0\" scrolling=\"no\" class=\"wp-embedded-content\"><\/iframe><script type=\"text\/javascript\">\n\/* <![CDATA[ *\/\n\/*! This file is auto-generated *\/\n!function(d,l){\"use strict\";l.querySelector&&d.addEventListener&&\"undefined\"!=typeof URL&&(d.wp=d.wp||{},d.wp.receiveEmbedMessage||(d.wp.receiveEmbedMessage=function(e){var t=e.data;if((t||t.secret||t.message||t.value)&&!\/[^a-zA-Z0-9]\/.test(t.secret)){for(var s,r,n,a=l.querySelectorAll('iframe[data-secret=\"'+t.secret+'\"]'),o=l.querySelectorAll('blockquote[data-secret=\"'+t.secret+'\"]'),c=new RegExp(\"^https?:$\",\"i\"),i=0;i<o.length;i++)o[i].style.display=\"none\";for(i=0;i<a.length;i++)s=a[i],e.source===s.contentWindow&&(s.removeAttribute(\"style\"),\"height\"===t.message?(1e3<(r=parseInt(t.value,10))?r=1e3:~~r<200&&(r=200),s.height=r):\"link\"===t.message&&(r=new URL(s.getAttribute(\"src\")),n=new URL(t.value),c.test(n.protocol))&&n.host===r.host&&l.activeElement===s&&(d.top.location.href=t.value))}},d.addEventListener(\"message\",d.wp.receiveEmbedMessage,!1),l.addEventListener(\"DOMContentLoaded\",function(){for(var e,t,s=l.querySelectorAll(\"iframe.wp-embedded-content\"),r=0;r<s.length;r++)(t=(e=s[r]).getAttribute(\"data-secret\"))||(t=Math.random().toString(36).substring(2,12),e.src+=\"#?secret=\"+t,e.setAttribute(\"data-secret\",t)),e.contentWindow.postMessage({message:\"ready\",secret:t},\"*\")},!1)))}(window,document);\n\/\/# sourceURL=https:\/\/www.smedemokrati.sk\/wp-includes\/js\/wp-embed.min.js\n\/* ]]> *\/\n<\/script>\n","thumbnail_url":"https:\/\/www.smedemokrati.sk\/wp-content\/uploads\/2023\/04\/KC.jpg","thumbnail_width":1520,"thumbnail_height":1080,"description":"Koali\u010dn\u00ed poslanci\u00a0pod veden\u00edm Petra Pellegriniho, Roberta Fica a Andreja Danka schv\u00e1lili tzv. konsolida\u010dn\u00fd bal\u00edk.\u00a0\u201eOkrem okr\u00e1dania ob\u010danov cez nov\u00e9 dane a odvody t\u00fdm za\u010dali s likvid\u00e1ciou RTVS a p\u00f4vodnej dom\u00e1cej tvorby,\u201c upozor\u0148uje b\u00fdval\u00fd predseda V\u00fdboru NR SR pre kult\u00faru a m\u00e9di\u00e1 Kristi\u00e1n \u010cekovsk\u00fd. Rozhlas a telev\u00edzia Slovenska dostane po novom&nbsp;zo \u0161t\u00e1tneho rozpo\u010dtu pr\u00edspevok vo v\u00fd\u0161ke iba [&hellip;]"}

Tomáš Koppl

Likvidácia RTVS a pôvodnej domácej tvorby sa začala - Smedemokrati.sk

<blockquote class="wp-embedded-content" data-secret="KFKtNhmWxO"><a href="https://www.smedemokrati.sk/en/likvidacia-rtvs-a-povodnej-domacej-tvorby-sa-zacala/">Likvidácia RTVS a pôvodnej domácej tvorby sa začala</a></blockquote><iframe sandbox="allow-scripts" security="restricted" src="https://www.smedemokrati.sk/en/likvidacia-rtvs-a-povodnej-domacej-tvorby-sa-zacala/embed/#?secret=KFKtNhmWxO" width="600" height="338" title="&#8220;Likvidácia RTVS a pôvodnej domácej tvorby sa začala&#8221; &#8212; Smedemokrati.sk" data-secret="KFKtNhmWxO" frameborder="0" marginwidth="0" marginheight="0" scrolling="no" class="wp-embedded-content"></iframe><script type="text/javascript">
/* <![CDATA[ */
/*! This file is auto-generated */
!function(d,l){"use strict";l.querySelector&&d.addEventListener&&"undefined"!=typeof URL&&(d.wp=d.wp||{},d.wp.receiveEmbedMessage||(d.wp.receiveEmbedMessage=function(e){var t=e.data;if((t||t.secret||t.message||t.value)&&!/[^a-zA-Z0-9]/.test(t.secret)){for(var s,r,n,a=l.querySelectorAll('iframe[data-secret="'+t.secret+'"]'),o=l.querySelectorAll('blockquote[data-secret="'+t.secret+'"]'),c=new RegExp("^https?:$","i"),i=0;i<o.length;i++)o[i].style.display="none";for(i=0;i<a.length;i++)s=a[i],e.source===s.contentWindow&&(s.removeAttribute("style"),"height"===t.message?(1e3<(r=parseInt(t.value,10))?r=1e3:~~r<200&&(r=200),s.height=r):"link"===t.message&&(r=new URL(s.getAttribute("src")),n=new URL(t.value),c.test(n.protocol))&&n.host===r.host&&l.activeElement===s&&(d.top.location.href=t.value))}},d.addEventListener("message",d.wp.receiveEmbedMessage,!1),l.addEventListener("DOMContentLoaded",function(){for(var e,t,s=l.querySelectorAll("iframe.wp-embedded-content"),r=0;r<s.length;r++)(t=(e=s[r]).getAttribute("data-secret"))||(t=Math.random().toString(36).substring(2,12),e.src+="#?secret="+t,e.setAttribute("data-secret",t)),e.contentWindow.postMessage({message:"ready",secret:t},"*")},!1)))}(window,document);
//# sourceURL=https://www.smedemokrati.sk/wp-includes/js/wp-embed.min.js
/* ]]> */
</script>

Koaliční poslanci pod vedením Petra Pellegriniho, Roberta Fica a Andreja Danka schválili tzv. konsolidačný balík. „Okrem okrádania občanov cez nové dane a odvody tým začali s likvidáciou RTVS a pôvodnej domácej tvorby,“ upozorňuje bývalý predseda Výboru NR SR pre kultúru a médiá Kristián Čekovský. Rozhlas a televízia Slovenska dostane po novom&nbsp;zo štátneho rozpočtu príspevok vo výške iba [&hellip;]
