{"version":"1.0","provider_name":"Smedemokrati.sk","provider_url":"https:\/\/www.smedemokrati.sk\/en","author_name":"miro.sopko","author_url":"https:\/\/www.smedemokrati.sk\/en\/author\/miro-sopko\/","title":"Bez Demokratov nevznikne demokratick\u00e1 vl\u00e1da, apelujeme na spolupr\u00e1cu - Smedemokrati.sk","type":"rich","width":600,"height":338,"html":"<blockquote class=\"wp-embedded-content\" data-secret=\"pMAqSfhxSV\"><a href=\"https:\/\/www.smedemokrati.sk\/en\/bez-demokratov-nevznikne-demokraticka-vlada-apelujeme-na-spolupracu\/\">Bez Demokratov nevznikne demokratick\u00e1 vl\u00e1da, apelujeme na spolupr\u00e1cu<\/a><\/blockquote><iframe sandbox=\"allow-scripts\" security=\"restricted\" src=\"https:\/\/www.smedemokrati.sk\/en\/bez-demokratov-nevznikne-demokraticka-vlada-apelujeme-na-spolupracu\/embed\/#?secret=pMAqSfhxSV\" width=\"600\" height=\"338\" title=\"&#8220;Bez Demokratov nevznikne demokratick\u00e1 vl\u00e1da, apelujeme na spolupr\u00e1cu&#8221; &#8212; Smedemokrati.sk\" data-secret=\"pMAqSfhxSV\" frameborder=\"0\" marginwidth=\"0\" marginheight=\"0\" scrolling=\"no\" class=\"wp-embedded-content\"><\/iframe><script type=\"text\/javascript\">\n\/* <![CDATA[ *\/\n\/*! This file is auto-generated *\/\n!function(d,l){\"use strict\";l.querySelector&&d.addEventListener&&\"undefined\"!=typeof URL&&(d.wp=d.wp||{},d.wp.receiveEmbedMessage||(d.wp.receiveEmbedMessage=function(e){var t=e.data;if((t||t.secret||t.message||t.value)&&!\/[^a-zA-Z0-9]\/.test(t.secret)){for(var s,r,n,a=l.querySelectorAll('iframe[data-secret=\"'+t.secret+'\"]'),o=l.querySelectorAll('blockquote[data-secret=\"'+t.secret+'\"]'),c=new RegExp(\"^https?:$\",\"i\"),i=0;i<o.length;i++)o[i].style.display=\"none\";for(i=0;i<a.length;i++)s=a[i],e.source===s.contentWindow&&(s.removeAttribute(\"style\"),\"height\"===t.message?(1e3<(r=parseInt(t.value,10))?r=1e3:~~r<200&&(r=200),s.height=r):\"link\"===t.message&&(r=new URL(s.getAttribute(\"src\")),n=new URL(t.value),c.test(n.protocol))&&n.host===r.host&&l.activeElement===s&&(d.top.location.href=t.value))}},d.addEventListener(\"message\",d.wp.receiveEmbedMessage,!1),l.addEventListener(\"DOMContentLoaded\",function(){for(var e,t,s=l.querySelectorAll(\"iframe.wp-embedded-content\"),r=0;r<s.length;r++)(t=(e=s[r]).getAttribute(\"data-secret\"))||(t=Math.random().toString(36).substring(2,12),e.src+=\"#?secret=\"+t,e.setAttribute(\"data-secret\",t)),e.contentWindow.postMessage({message:\"ready\",secret:t},\"*\")},!1)))}(window,document);\n\/\/# sourceURL=https:\/\/www.smedemokrati.sk\/wp-includes\/js\/wp-embed.min.js\n\/* ]]> *\/\n<\/script>\n","thumbnail_url":"https:\/\/www.smedemokrati.sk\/wp-content\/uploads\/2024\/12\/DSC5564.jpg","thumbnail_width":1920,"thumbnail_height":1280,"description":"V Ru\u017eomberku vy\u0161e 200 deleg\u00e1tov ods\u00fahlasilo form\u00e1lne zl\u00fa\u010denie strany Demokrati a strany \u0160anca. Do predsedn\u00edctva bol za nov\u00e9ho \u010dlena zvolen\u00fd b\u00fdval\u00fd minister hospod\u00e1rstva Karel Hirman a pribudli aj \u010dlenovia do etickej a rev\u00edznej komisie. Deleg\u00e1ti tie\u017e s\u00fahlasili s uznesen\u00edm, v ktorom vylu\u010duj\u00fa spolupr\u00e1cu so stranami Hlas, Smer, SNS a Republika a tie\u017e apeluj\u00fa na kolegov [&hellip;]"}

Bez Demokratov nevznikne demokratická vláda, apelujeme na spoluprácu - Smedemokrati.sk

<blockquote class="wp-embedded-content" data-secret="pMAqSfhxSV"><a href="https://www.smedemokrati.sk/en/bez-demokratov-nevznikne-demokraticka-vlada-apelujeme-na-spolupracu/">Bez Demokratov nevznikne demokratická vláda, apelujeme na spoluprácu</a></blockquote><iframe sandbox="allow-scripts" security="restricted" src="https://www.smedemokrati.sk/en/bez-demokratov-nevznikne-demokraticka-vlada-apelujeme-na-spolupracu/embed/#?secret=pMAqSfhxSV" width="600" height="338" title="&#8220;Bez Demokratov nevznikne demokratická vláda, apelujeme na spoluprácu&#8221; &#8212; Smedemokrati.sk" data-secret="pMAqSfhxSV" frameborder="0" marginwidth="0" marginheight="0" scrolling="no" class="wp-embedded-content"></iframe><script type="text/javascript">
/* <![CDATA[ */
/*! This file is auto-generated */
!function(d,l){"use strict";l.querySelector&&d.addEventListener&&"undefined"!=typeof URL&&(d.wp=d.wp||{},d.wp.receiveEmbedMessage||(d.wp.receiveEmbedMessage=function(e){var t=e.data;if((t||t.secret||t.message||t.value)&&!/[^a-zA-Z0-9]/.test(t.secret)){for(var s,r,n,a=l.querySelectorAll('iframe[data-secret="'+t.secret+'"]'),o=l.querySelectorAll('blockquote[data-secret="'+t.secret+'"]'),c=new RegExp("^https?:$","i"),i=0;i<o.length;i++)o[i].style.display="none";for(i=0;i<a.length;i++)s=a[i],e.source===s.contentWindow&&(s.removeAttribute("style"),"height"===t.message?(1e3<(r=parseInt(t.value,10))?r=1e3:~~r<200&&(r=200),s.height=r):"link"===t.message&&(r=new URL(s.getAttribute("src")),n=new URL(t.value),c.test(n.protocol))&&n.host===r.host&&l.activeElement===s&&(d.top.location.href=t.value))}},d.addEventListener("message",d.wp.receiveEmbedMessage,!1),l.addEventListener("DOMContentLoaded",function(){for(var e,t,s=l.querySelectorAll("iframe.wp-embedded-content"),r=0;r<s.length;r++)(t=(e=s[r]).getAttribute("data-secret"))||(t=Math.random().toString(36).substring(2,12),e.src+="#?secret="+t,e.setAttribute("data-secret",t)),e.contentWindow.postMessage({message:"ready",secret:t},"*")},!1)))}(window,document);
//# sourceURL=https://www.smedemokrati.sk/wp-includes/js/wp-embed.min.js
/* ]]> */
</script>

V Ružomberku vyše 200 delegátov odsúhlasilo formálne zlúčenie strany Demokrati a strany Šanca. Do predsedníctva bol za nového člena zvolený bývalý minister hospodárstva Karel Hirman a pribudli aj členovia do etickej a revíznej komisie. Delegáti tiež súhlasili s uznesením, v ktorom vylučujú spoluprácu so stranami Hlas, Smer, SNS a Republika a tiež apelujú na kolegov [&hellip;]
