{"version":"1.0","provider_name":"Smedemokrati.sk","provider_url":"https:\/\/www.smedemokrati.sk\/cs","author_name":"miro.sopko","author_url":"https:\/\/www.smedemokrati.sk\/cs\/author\/miro-sopko\/","title":"Vl\u00e1dna koal\u00edcia chce dodato\u010dne zdani\u0165 aj charitu - Smedemokrati.sk","type":"rich","width":600,"height":338,"html":"<blockquote class=\"wp-embedded-content\" data-secret=\"wSmnPqldwI\"><a href=\"https:\/\/www.smedemokrati.sk\/cs\/vladna-koalicia-chce-dodatocne-zdanit-aj-charitu\/\">Vl\u00e1dna koal\u00edcia chce dodato\u010dne zdani\u0165 aj charitu<\/a><\/blockquote><iframe sandbox=\"allow-scripts\" security=\"restricted\" src=\"https:\/\/www.smedemokrati.sk\/cs\/vladna-koalicia-chce-dodatocne-zdanit-aj-charitu\/embed\/#?secret=wSmnPqldwI\" width=\"600\" height=\"338\" title=\"&#8222;Vl\u00e1dna koal\u00edcia chce dodato\u010dne zdani\u0165 aj charitu&#8220; &#8212; Smedemokrati.sk\" data-secret=\"wSmnPqldwI\" frameborder=\"0\" marginwidth=\"0\" marginheight=\"0\" scrolling=\"no\" class=\"wp-embedded-content\"><\/iframe><script type=\"text\/javascript\">\n\/* <![CDATA[ *\/\n\/*! This file is auto-generated *\/\n!function(d,l){\"use strict\";l.querySelector&&d.addEventListener&&\"undefined\"!=typeof URL&&(d.wp=d.wp||{},d.wp.receiveEmbedMessage||(d.wp.receiveEmbedMessage=function(e){var t=e.data;if((t||t.secret||t.message||t.value)&&!\/[^a-zA-Z0-9]\/.test(t.secret)){for(var s,r,n,a=l.querySelectorAll('iframe[data-secret=\"'+t.secret+'\"]'),o=l.querySelectorAll('blockquote[data-secret=\"'+t.secret+'\"]'),c=new RegExp(\"^https?:$\",\"i\"),i=0;i<o.length;i++)o[i].style.display=\"none\";for(i=0;i<a.length;i++)s=a[i],e.source===s.contentWindow&&(s.removeAttribute(\"style\"),\"height\"===t.message?(1e3<(r=parseInt(t.value,10))?r=1e3:~~r<200&&(r=200),s.height=r):\"link\"===t.message&&(r=new URL(s.getAttribute(\"src\")),n=new URL(t.value),c.test(n.protocol))&&n.host===r.host&&l.activeElement===s&&(d.top.location.href=t.value))}},d.addEventListener(\"message\",d.wp.receiveEmbedMessage,!1),l.addEventListener(\"DOMContentLoaded\",function(){for(var e,t,s=l.querySelectorAll(\"iframe.wp-embedded-content\"),r=0;r<s.length;r++)(t=(e=s[r]).getAttribute(\"data-secret\"))||(t=Math.random().toString(36).substring(2,12),e.src+=\"#?secret=\"+t,e.setAttribute(\"data-secret\",t)),e.contentWindow.postMessage({message:\"ready\",secret:t},\"*\")},!1)))}(window,document);\n\/\/# sourceURL=https:\/\/www.smedemokrati.sk\/wp-includes\/js\/wp-embed.min.js\n\/* ]]> *\/\n<\/script>\n","thumbnail_url":"https:\/\/www.smedemokrati.sk\/wp-content\/uploads\/2024\/09\/nedovolme-1-scaled.jpg","thumbnail_width":2560,"thumbnail_height":1369,"description":"Vl\u00e1dna koal\u00edcia cez tzv. konsolida\u010dn\u00fd bal\u00ed\u010dek, nielen \u017ee chce zavies\u0165 transak\u010dn\u00fa da\u0148 pre podnikate\u013eov (\u017eivnostn\u00edci a&nbsp;firmy), ktor\u00e1 zv\u00fd\u0161i n\u00e1klady a&nbsp;ceny v\u0161etk\u00fdch v\u00fdrobkov a&nbsp;slu\u017eieb, ale dokonca aj pre ob\u010dianske zdru\u017eenia, charity a&nbsp;dokonca aj neverejn\u00fdch poskytovate\u013eov soci\u00e1lnych slu\u017eieb. Dnes na to upozornila napr\u00edklad Slovensk\u00e1 katol\u00edcka charita svojim listom. \u201eTransak\u010dn\u00fa da\u0148 bud\u00fa pod\u013ea vl\u00e1dneho n\u00e1vrhu z\u00e1kona plati\u0165 aj [&hellip;]"}

Vládna koalícia chce dodatočne zdaniť aj charitu - Smedemokrati.sk

<blockquote class="wp-embedded-content" data-secret="wSmnPqldwI"><a href="https://www.smedemokrati.sk/cs/vladna-koalicia-chce-dodatocne-zdanit-aj-charitu/">Vládna koalícia chce dodatočne zdaniť aj charitu</a></blockquote><iframe sandbox="allow-scripts" security="restricted" src="https://www.smedemokrati.sk/cs/vladna-koalicia-chce-dodatocne-zdanit-aj-charitu/embed/#?secret=wSmnPqldwI" width="600" height="338" title="&#8222;Vládna koalícia chce dodatočne zdaniť aj charitu&#8220; &#8212; Smedemokrati.sk" data-secret="wSmnPqldwI" frameborder="0" marginwidth="0" marginheight="0" scrolling="no" class="wp-embedded-content"></iframe><script type="text/javascript">
/* <![CDATA[ */
/*! This file is auto-generated */
!function(d,l){"use strict";l.querySelector&&d.addEventListener&&"undefined"!=typeof URL&&(d.wp=d.wp||{},d.wp.receiveEmbedMessage||(d.wp.receiveEmbedMessage=function(e){var t=e.data;if((t||t.secret||t.message||t.value)&&!/[^a-zA-Z0-9]/.test(t.secret)){for(var s,r,n,a=l.querySelectorAll('iframe[data-secret="'+t.secret+'"]'),o=l.querySelectorAll('blockquote[data-secret="'+t.secret+'"]'),c=new RegExp("^https?:$","i"),i=0;i<o.length;i++)o[i].style.display="none";for(i=0;i<a.length;i++)s=a[i],e.source===s.contentWindow&&(s.removeAttribute("style"),"height"===t.message?(1e3<(r=parseInt(t.value,10))?r=1e3:~~r<200&&(r=200),s.height=r):"link"===t.message&&(r=new URL(s.getAttribute("src")),n=new URL(t.value),c.test(n.protocol))&&n.host===r.host&&l.activeElement===s&&(d.top.location.href=t.value))}},d.addEventListener("message",d.wp.receiveEmbedMessage,!1),l.addEventListener("DOMContentLoaded",function(){for(var e,t,s=l.querySelectorAll("iframe.wp-embedded-content"),r=0;r<s.length;r++)(t=(e=s[r]).getAttribute("data-secret"))||(t=Math.random().toString(36).substring(2,12),e.src+="#?secret="+t,e.setAttribute("data-secret",t)),e.contentWindow.postMessage({message:"ready",secret:t},"*")},!1)))}(window,document);
//# sourceURL=https://www.smedemokrati.sk/wp-includes/js/wp-embed.min.js
/* ]]> */
</script>

Vládna koalícia cez tzv. konsolidačný balíček, nielen že chce zaviesť transakčnú daň pre podnikateľov (živnostníci a&nbsp;firmy), ktorá zvýši náklady a&nbsp;ceny všetkých výrobkov a&nbsp;služieb, ale dokonca aj pre občianske združenia, charity a&nbsp;dokonca aj neverejných poskytovateľov sociálnych služieb. Dnes na to upozornila napríklad Slovenská katolícka charita svojim listom. „Transakčnú daň budú podľa vládneho návrhu zákona platiť aj [&hellip;]
