{"version":"1.0","provider_name":"Smedemokrati.sk","provider_url":"https:\/\/www.smedemokrati.sk\/cs","author_name":"miro.sopko","author_url":"https:\/\/www.smedemokrati.sk\/cs\/author\/miro-sopko\/","title":"Vl\u00e1da \u201esoci\u00e1lneho dial\u00f3gu\u201c op\u00e4\u0165 zlyh\u00e1va - Smedemokrati.sk","type":"rich","width":600,"height":338,"html":"<blockquote class=\"wp-embedded-content\" data-secret=\"LZmTVHz9wR\"><a href=\"https:\/\/www.smedemokrati.sk\/cs\/vlada-socialneho-dialogu-opat-zlyhava\/\">Vl\u00e1da \u201esoci\u00e1lneho dial\u00f3gu\u201c op\u00e4\u0165 zlyh\u00e1va<\/a><\/blockquote><iframe sandbox=\"allow-scripts\" security=\"restricted\" src=\"https:\/\/www.smedemokrati.sk\/cs\/vlada-socialneho-dialogu-opat-zlyhava\/embed\/#?secret=LZmTVHz9wR\" width=\"600\" height=\"338\" title=\"&#8222;Vl\u00e1da \u201esoci\u00e1lneho dial\u00f3gu\u201c op\u00e4\u0165 zlyh\u00e1va&#8220; &#8212; Smedemokrati.sk\" data-secret=\"LZmTVHz9wR\" frameborder=\"0\" marginwidth=\"0\" marginheight=\"0\" scrolling=\"no\" class=\"wp-embedded-content\"><\/iframe><script type=\"text\/javascript\">\n\/* <![CDATA[ *\/\n\/*! This file is auto-generated *\/\n!function(d,l){\"use strict\";l.querySelector&&d.addEventListener&&\"undefined\"!=typeof URL&&(d.wp=d.wp||{},d.wp.receiveEmbedMessage||(d.wp.receiveEmbedMessage=function(e){var t=e.data;if((t||t.secret||t.message||t.value)&&!\/[^a-zA-Z0-9]\/.test(t.secret)){for(var s,r,n,a=l.querySelectorAll('iframe[data-secret=\"'+t.secret+'\"]'),o=l.querySelectorAll('blockquote[data-secret=\"'+t.secret+'\"]'),c=new RegExp(\"^https?:$\",\"i\"),i=0;i<o.length;i++)o[i].style.display=\"none\";for(i=0;i<a.length;i++)s=a[i],e.source===s.contentWindow&&(s.removeAttribute(\"style\"),\"height\"===t.message?(1e3<(r=parseInt(t.value,10))?r=1e3:~~r<200&&(r=200),s.height=r):\"link\"===t.message&&(r=new URL(s.getAttribute(\"src\")),n=new URL(t.value),c.test(n.protocol))&&n.host===r.host&&l.activeElement===s&&(d.top.location.href=t.value))}},d.addEventListener(\"message\",d.wp.receiveEmbedMessage,!1),l.addEventListener(\"DOMContentLoaded\",function(){for(var e,t,s=l.querySelectorAll(\"iframe.wp-embedded-content\"),r=0;r<s.length;r++)(t=(e=s[r]).getAttribute(\"data-secret\"))||(t=Math.random().toString(36).substring(2,12),e.src+=\"#?secret=\"+t,e.setAttribute(\"data-secret\",t)),e.contentWindow.postMessage({message:\"ready\",secret:t},\"*\")},!1)))}(window,document);\n\/\/# sourceURL=https:\/\/www.smedemokrati.sk\/wp-includes\/js\/wp-embed.min.js\n\/* ]]> *\/\n<\/script>\n","thumbnail_url":"https:\/\/www.smedemokrati.sk\/wp-content\/uploads\/2024\/08\/chudobnieme.jpg","thumbnail_width":900,"thumbnail_height":600,"description":"Strana Demokrati kritizuje s\u00fa\u010dasn\u00fa vl\u00e1du za absol\u00fatne zlyhanie soci\u00e1lneho dial\u00f3gu so z\u00e1stupcami zamestnancov a odborov. Podpredseda strany Eduard Heger vyjadril rozhor\u010denie nad t\u00fdm, \u017ee vl\u00e1da SR zlyhala v h\u013eadan\u00ed rie\u0161enia s Konfeder\u00e1ciou odborov\u00fdch zv\u00e4zov SR (KOZ SR) a odmietla podp\u00edsa\u0165 dodatky ku kolekt\u00edvnym zmluv\u00e1m vy\u0161\u0161ieho stup\u0148a pre verejn\u00fa a \u0161t\u00e1tnu slu\u017ebu, \u010d\u00edm v\u00e1\u017ene ohrozila pr\u00e1va [&hellip;]"}

Vláda „sociálneho dialógu“ opäť zlyháva - Smedemokrati.sk

<blockquote class="wp-embedded-content" data-secret="LZmTVHz9wR"><a href="https://www.smedemokrati.sk/cs/vlada-socialneho-dialogu-opat-zlyhava/">Vláda „sociálneho dialógu“ opäť zlyháva</a></blockquote><iframe sandbox="allow-scripts" security="restricted" src="https://www.smedemokrati.sk/cs/vlada-socialneho-dialogu-opat-zlyhava/embed/#?secret=LZmTVHz9wR" width="600" height="338" title="&#8222;Vláda „sociálneho dialógu“ opäť zlyháva&#8220; &#8212; Smedemokrati.sk" data-secret="LZmTVHz9wR" frameborder="0" marginwidth="0" marginheight="0" scrolling="no" class="wp-embedded-content"></iframe><script type="text/javascript">
/* <![CDATA[ */
/*! This file is auto-generated */
!function(d,l){"use strict";l.querySelector&&d.addEventListener&&"undefined"!=typeof URL&&(d.wp=d.wp||{},d.wp.receiveEmbedMessage||(d.wp.receiveEmbedMessage=function(e){var t=e.data;if((t||t.secret||t.message||t.value)&&!/[^a-zA-Z0-9]/.test(t.secret)){for(var s,r,n,a=l.querySelectorAll('iframe[data-secret="'+t.secret+'"]'),o=l.querySelectorAll('blockquote[data-secret="'+t.secret+'"]'),c=new RegExp("^https?:$","i"),i=0;i<o.length;i++)o[i].style.display="none";for(i=0;i<a.length;i++)s=a[i],e.source===s.contentWindow&&(s.removeAttribute("style"),"height"===t.message?(1e3<(r=parseInt(t.value,10))?r=1e3:~~r<200&&(r=200),s.height=r):"link"===t.message&&(r=new URL(s.getAttribute("src")),n=new URL(t.value),c.test(n.protocol))&&n.host===r.host&&l.activeElement===s&&(d.top.location.href=t.value))}},d.addEventListener("message",d.wp.receiveEmbedMessage,!1),l.addEventListener("DOMContentLoaded",function(){for(var e,t,s=l.querySelectorAll("iframe.wp-embedded-content"),r=0;r<s.length;r++)(t=(e=s[r]).getAttribute("data-secret"))||(t=Math.random().toString(36).substring(2,12),e.src+="#?secret="+t,e.setAttribute("data-secret",t)),e.contentWindow.postMessage({message:"ready",secret:t},"*")},!1)))}(window,document);
//# sourceURL=https://www.smedemokrati.sk/wp-includes/js/wp-embed.min.js
/* ]]> */
</script>

Strana Demokrati kritizuje súčasnú vládu za absolútne zlyhanie sociálneho dialógu so zástupcami zamestnancov a odborov. Podpredseda strany Eduard Heger vyjadril rozhorčenie nad tým, že vláda SR zlyhala v hľadaní riešenia s Konfederáciou odborových zväzov SR (KOZ SR) a odmietla podpísať dodatky ku kolektívnym zmluvám vyššieho stupňa pre verejnú a štátnu službu, čím vážne ohrozila práva [&hellip;]
