{"version":"1.0","provider_name":"Smedemokrati.sk","provider_url":"https:\/\/www.smedemokrati.sk\/cs","author_name":"miro.sopko","author_url":"https:\/\/www.smedemokrati.sk\/cs\/author\/miro-sopko\/","title":"P\u00e1n Taraba, zabr\u00e1\u0148te spa\u013eovaniu ma\u010farsk\u00e9ho odpadu na Slovensku! - Smedemokrati.sk","type":"rich","width":600,"height":338,"html":"<blockquote class=\"wp-embedded-content\" data-secret=\"SRu0WIBn0o\"><a href=\"https:\/\/www.smedemokrati.sk\/cs\/pan-taraba-zabrante-spalovaniu-madarskeho-odpadu-na-slovensku\/\">P\u00e1n Taraba, zabr\u00e1\u0148te spa\u013eovaniu ma\u010farsk\u00e9ho odpadu na Slovensku!<\/a><\/blockquote><iframe sandbox=\"allow-scripts\" security=\"restricted\" src=\"https:\/\/www.smedemokrati.sk\/cs\/pan-taraba-zabrante-spalovaniu-madarskeho-odpadu-na-slovensku\/embed\/#?secret=SRu0WIBn0o\" width=\"600\" height=\"338\" title=\"&#8222;P\u00e1n Taraba, zabr\u00e1\u0148te spa\u013eovaniu ma\u010farsk\u00e9ho odpadu na Slovensku!&#8220; &#8212; Smedemokrati.sk\" data-secret=\"SRu0WIBn0o\" frameborder=\"0\" marginwidth=\"0\" marginheight=\"0\" scrolling=\"no\" class=\"wp-embedded-content\"><\/iframe><script type=\"text\/javascript\">\n\/* <![CDATA[ *\/\n\/*! This file is auto-generated *\/\n!function(d,l){\"use strict\";l.querySelector&&d.addEventListener&&\"undefined\"!=typeof URL&&(d.wp=d.wp||{},d.wp.receiveEmbedMessage||(d.wp.receiveEmbedMessage=function(e){var t=e.data;if((t||t.secret||t.message||t.value)&&!\/[^a-zA-Z0-9]\/.test(t.secret)){for(var s,r,n,a=l.querySelectorAll('iframe[data-secret=\"'+t.secret+'\"]'),o=l.querySelectorAll('blockquote[data-secret=\"'+t.secret+'\"]'),c=new RegExp(\"^https?:$\",\"i\"),i=0;i<o.length;i++)o[i].style.display=\"none\";for(i=0;i<a.length;i++)s=a[i],e.source===s.contentWindow&&(s.removeAttribute(\"style\"),\"height\"===t.message?(1e3<(r=parseInt(t.value,10))?r=1e3:~~r<200&&(r=200),s.height=r):\"link\"===t.message&&(r=new URL(s.getAttribute(\"src\")),n=new URL(t.value),c.test(n.protocol))&&n.host===r.host&&l.activeElement===s&&(d.top.location.href=t.value))}},d.addEventListener(\"message\",d.wp.receiveEmbedMessage,!1),l.addEventListener(\"DOMContentLoaded\",function(){for(var e,t,s=l.querySelectorAll(\"iframe.wp-embedded-content\"),r=0;r<s.length;r++)(t=(e=s[r]).getAttribute(\"data-secret\"))||(t=Math.random().toString(36).substring(2,12),e.src+=\"#?secret=\"+t,e.setAttribute(\"data-secret\",t)),e.contentWindow.postMessage({message:\"ready\",secret:t},\"*\")},!1)))}(window,document);\n\/\/# sourceURL=https:\/\/www.smedemokrati.sk\/wp-includes\/js\/wp-embed.min.js\n\/* ]]> *\/\n<\/script>\n","thumbnail_url":"https:\/\/www.smedemokrati.sk\/wp-content\/uploads\/2024\/05\/taraba-amnestia-vyrub.jpg","thumbnail_width":1920,"thumbnail_height":1271,"description":"Pod\u013ea inform\u00e1cii strany Demokrati hroz\u00ed, \u017ee na Slovensko sa m\u00f4\u017ee vo ve\u013ekom dov\u00e1\u017ea\u0165 komun\u00e1lny odpad z Ma\u010farska za \u00fa\u010delom jeho spa\u013eovania. Minister \u017eivotn\u00e9ho prostredia Taraba je ale v obhajobe z\u00e1ujmov Slovenska pas\u00edvny a nevykonal \u017eiadne \u00fa\u010dinn\u00e9 kroky, aby tomu zabr\u00e1nil. Do t\u00fdchto z\u00e1merov m\u00f4\u017ee spada\u0165 aj budovanie \u010fal\u0161ej a pre Slovensko zbyto\u010dnej spa\u013eovne v are\u00e1li [&hellip;]"}

Pán Taraba, zabráňte spaľovaniu maďarského odpadu na Slovensku! - Smedemokrati.sk

<blockquote class="wp-embedded-content" data-secret="SRu0WIBn0o"><a href="https://www.smedemokrati.sk/cs/pan-taraba-zabrante-spalovaniu-madarskeho-odpadu-na-slovensku/">Pán Taraba, zabráňte spaľovaniu maďarského odpadu na Slovensku!</a></blockquote><iframe sandbox="allow-scripts" security="restricted" src="https://www.smedemokrati.sk/cs/pan-taraba-zabrante-spalovaniu-madarskeho-odpadu-na-slovensku/embed/#?secret=SRu0WIBn0o" width="600" height="338" title="&#8222;Pán Taraba, zabráňte spaľovaniu maďarského odpadu na Slovensku!&#8220; &#8212; Smedemokrati.sk" data-secret="SRu0WIBn0o" frameborder="0" marginwidth="0" marginheight="0" scrolling="no" class="wp-embedded-content"></iframe><script type="text/javascript">
/* <![CDATA[ */
/*! This file is auto-generated */
!function(d,l){"use strict";l.querySelector&&d.addEventListener&&"undefined"!=typeof URL&&(d.wp=d.wp||{},d.wp.receiveEmbedMessage||(d.wp.receiveEmbedMessage=function(e){var t=e.data;if((t||t.secret||t.message||t.value)&&!/[^a-zA-Z0-9]/.test(t.secret)){for(var s,r,n,a=l.querySelectorAll('iframe[data-secret="'+t.secret+'"]'),o=l.querySelectorAll('blockquote[data-secret="'+t.secret+'"]'),c=new RegExp("^https?:$","i"),i=0;i<o.length;i++)o[i].style.display="none";for(i=0;i<a.length;i++)s=a[i],e.source===s.contentWindow&&(s.removeAttribute("style"),"height"===t.message?(1e3<(r=parseInt(t.value,10))?r=1e3:~~r<200&&(r=200),s.height=r):"link"===t.message&&(r=new URL(s.getAttribute("src")),n=new URL(t.value),c.test(n.protocol))&&n.host===r.host&&l.activeElement===s&&(d.top.location.href=t.value))}},d.addEventListener("message",d.wp.receiveEmbedMessage,!1),l.addEventListener("DOMContentLoaded",function(){for(var e,t,s=l.querySelectorAll("iframe.wp-embedded-content"),r=0;r<s.length;r++)(t=(e=s[r]).getAttribute("data-secret"))||(t=Math.random().toString(36).substring(2,12),e.src+="#?secret="+t,e.setAttribute("data-secret",t)),e.contentWindow.postMessage({message:"ready",secret:t},"*")},!1)))}(window,document);
//# sourceURL=https://www.smedemokrati.sk/wp-includes/js/wp-embed.min.js
/* ]]> */
</script>

Podľa informácii strany Demokrati hrozí, že na Slovensko sa môže vo veľkom dovážať komunálny odpad z Maďarska za účelom jeho spaľovania. Minister životného prostredia Taraba je ale v obhajobe záujmov Slovenska pasívny a nevykonal žiadne účinné kroky, aby tomu zabránil. Do týchto zámerov môže spadať aj budovanie ďalšej a pre Slovensko zbytočnej spaľovne v areáli [&hellip;]
