{"version":"1.0","provider_name":"Smedemokrati.sk","provider_url":"https:\/\/www.smedemokrati.sk\/cs","author_name":"miro.sopko","author_url":"https:\/\/www.smedemokrati.sk\/cs\/author\/miro-sopko\/","title":"Napadnutie \u010dlena v Pova\u017eskej Bystrici - Smedemokrati.sk","type":"rich","width":600,"height":338,"html":"<blockquote class=\"wp-embedded-content\" data-secret=\"mDkYd7MHFN\"><a href=\"https:\/\/www.smedemokrati.sk\/cs\/napadnutie-clena-v-povazskej-bystrici\/\">Napadnutie \u010dlena v Pova\u017eskej Bystrici<\/a><\/blockquote><iframe sandbox=\"allow-scripts\" security=\"restricted\" src=\"https:\/\/www.smedemokrati.sk\/cs\/napadnutie-clena-v-povazskej-bystrici\/embed\/#?secret=mDkYd7MHFN\" width=\"600\" height=\"338\" title=\"&#8222;Napadnutie \u010dlena v Pova\u017eskej Bystrici&#8220; &#8212; Smedemokrati.sk\" data-secret=\"mDkYd7MHFN\" frameborder=\"0\" marginwidth=\"0\" marginheight=\"0\" scrolling=\"no\" class=\"wp-embedded-content\"><\/iframe><script type=\"text\/javascript\">\n\/* <![CDATA[ *\/\n\/*! This file is auto-generated *\/\n!function(d,l){\"use strict\";l.querySelector&&d.addEventListener&&\"undefined\"!=typeof URL&&(d.wp=d.wp||{},d.wp.receiveEmbedMessage||(d.wp.receiveEmbedMessage=function(e){var t=e.data;if((t||t.secret||t.message||t.value)&&!\/[^a-zA-Z0-9]\/.test(t.secret)){for(var s,r,n,a=l.querySelectorAll('iframe[data-secret=\"'+t.secret+'\"]'),o=l.querySelectorAll('blockquote[data-secret=\"'+t.secret+'\"]'),c=new RegExp(\"^https?:$\",\"i\"),i=0;i<o.length;i++)o[i].style.display=\"none\";for(i=0;i<a.length;i++)s=a[i],e.source===s.contentWindow&&(s.removeAttribute(\"style\"),\"height\"===t.message?(1e3<(r=parseInt(t.value,10))?r=1e3:~~r<200&&(r=200),s.height=r):\"link\"===t.message&&(r=new URL(s.getAttribute(\"src\")),n=new URL(t.value),c.test(n.protocol))&&n.host===r.host&&l.activeElement===s&&(d.top.location.href=t.value))}},d.addEventListener(\"message\",d.wp.receiveEmbedMessage,!1),l.addEventListener(\"DOMContentLoaded\",function(){for(var e,t,s=l.querySelectorAll(\"iframe.wp-embedded-content\"),r=0;r<s.length;r++)(t=(e=s[r]).getAttribute(\"data-secret\"))||(t=Math.random().toString(36).substring(2,12),e.src+=\"#?secret=\"+t,e.setAttribute(\"data-secret\",t)),e.contentWindow.postMessage({message:\"ready\",secret:t},\"*\")},!1)))}(window,document);\n\/\/# sourceURL=https:\/\/www.smedemokrati.sk\/wp-includes\/js\/wp-embed.min.js\n\/* ]]> *\/\n<\/script>\n","thumbnail_url":"https:\/\/www.smedemokrati.sk\/wp-content\/uploads\/2024\/02\/banner_demokrati_profil-e1709977549423.png","thumbnail_width":3000,"thumbnail_height":870,"description":"M\u00f4\u017eeme potvrdi\u0165, \u017ee dnes (4. okt\u00f3bra) do\u0161lo k incidentu, pri ktorom bol bez akejko\u013evek provok\u00e1cie napadnut\u00fd okresn\u00fd predseda strany Demokrati pre Pova\u017esk\u00fa Bystricu, J\u00e1n Kvasnica.\u00dato\u010dn\u00edk, star\u0161\u00ed mu\u017e, ne\u010dakane a bez varovania vybehol z kr\u00edkov a fyzicky napadol z\u00e1stupcu strany. J\u00e1n Kvasnica je moment\u00e1lne na lek\u00e1rskom o\u0161etren\u00ed, \u00fato\u010dn\u00edk mu poranil peru a \u00faderom sp\u00f4sobil siln\u00fa boles\u0165 [&hellip;]"}

Napadnutie člena v Považskej Bystrici - Smedemokrati.sk

<blockquote class="wp-embedded-content" data-secret="mDkYd7MHFN"><a href="https://www.smedemokrati.sk/cs/napadnutie-clena-v-povazskej-bystrici/">Napadnutie člena v Považskej Bystrici</a></blockquote><iframe sandbox="allow-scripts" security="restricted" src="https://www.smedemokrati.sk/cs/napadnutie-clena-v-povazskej-bystrici/embed/#?secret=mDkYd7MHFN" width="600" height="338" title="&#8222;Napadnutie člena v Považskej Bystrici&#8220; &#8212; Smedemokrati.sk" data-secret="mDkYd7MHFN" frameborder="0" marginwidth="0" marginheight="0" scrolling="no" class="wp-embedded-content"></iframe><script type="text/javascript">
/* <![CDATA[ */
/*! This file is auto-generated */
!function(d,l){"use strict";l.querySelector&&d.addEventListener&&"undefined"!=typeof URL&&(d.wp=d.wp||{},d.wp.receiveEmbedMessage||(d.wp.receiveEmbedMessage=function(e){var t=e.data;if((t||t.secret||t.message||t.value)&&!/[^a-zA-Z0-9]/.test(t.secret)){for(var s,r,n,a=l.querySelectorAll('iframe[data-secret="'+t.secret+'"]'),o=l.querySelectorAll('blockquote[data-secret="'+t.secret+'"]'),c=new RegExp("^https?:$","i"),i=0;i<o.length;i++)o[i].style.display="none";for(i=0;i<a.length;i++)s=a[i],e.source===s.contentWindow&&(s.removeAttribute("style"),"height"===t.message?(1e3<(r=parseInt(t.value,10))?r=1e3:~~r<200&&(r=200),s.height=r):"link"===t.message&&(r=new URL(s.getAttribute("src")),n=new URL(t.value),c.test(n.protocol))&&n.host===r.host&&l.activeElement===s&&(d.top.location.href=t.value))}},d.addEventListener("message",d.wp.receiveEmbedMessage,!1),l.addEventListener("DOMContentLoaded",function(){for(var e,t,s=l.querySelectorAll("iframe.wp-embedded-content"),r=0;r<s.length;r++)(t=(e=s[r]).getAttribute("data-secret"))||(t=Math.random().toString(36).substring(2,12),e.src+="#?secret="+t,e.setAttribute("data-secret",t)),e.contentWindow.postMessage({message:"ready",secret:t},"*")},!1)))}(window,document);
//# sourceURL=https://www.smedemokrati.sk/wp-includes/js/wp-embed.min.js
/* ]]> */
</script>

Môžeme potvrdiť, že dnes (4. októbra) došlo k incidentu, pri ktorom bol bez akejkoľvek provokácie napadnutý okresný predseda strany Demokrati pre Považskú Bystricu, Ján Kvasnica.Útočník, starší muž, nečakane a bez varovania vybehol z kríkov a fyzicky napadol zástupcu strany. Ján Kvasnica je momentálne na lekárskom ošetrení, útočník mu poranil peru a úderom spôsobil silnú bolesť [&hellip;]
