{"version":"1.0","provider_name":"Smedemokrati.sk","provider_url":"https:\/\/www.smedemokrati.sk\/cs","author_name":"miro.sopko","author_url":"https:\/\/www.smedemokrati.sk\/cs\/author\/miro-sopko\/","title":"Mate\u010dn\u00e1 by mala od\u00eds\u0165, ale nie do Slovinska - Smedemokrati.sk","type":"rich","width":600,"height":338,"html":"<blockquote class=\"wp-embedded-content\" data-secret=\"JkCuQO3i8M\"><a href=\"https:\/\/www.smedemokrati.sk\/cs\/matecna-by-mala-odist-ale-nie-do-slovinska\/\">Mate\u010dn\u00e1 by mala od\u00eds\u0165, ale nie do Slovinska<\/a><\/blockquote><iframe sandbox=\"allow-scripts\" security=\"restricted\" src=\"https:\/\/www.smedemokrati.sk\/cs\/matecna-by-mala-odist-ale-nie-do-slovinska\/embed\/#?secret=JkCuQO3i8M\" width=\"600\" height=\"338\" title=\"&#8222;Mate\u010dn\u00e1 by mala od\u00eds\u0165, ale nie do Slovinska&#8220; &#8212; Smedemokrati.sk\" data-secret=\"JkCuQO3i8M\" frameborder=\"0\" marginwidth=\"0\" marginheight=\"0\" scrolling=\"no\" class=\"wp-embedded-content\"><\/iframe><script type=\"text\/javascript\">\n\/* <![CDATA[ *\/\n\/*! This file is auto-generated *\/\n!function(d,l){\"use strict\";l.querySelector&&d.addEventListener&&\"undefined\"!=typeof URL&&(d.wp=d.wp||{},d.wp.receiveEmbedMessage||(d.wp.receiveEmbedMessage=function(e){var t=e.data;if((t||t.secret||t.message||t.value)&&!\/[^a-zA-Z0-9]\/.test(t.secret)){for(var s,r,n,a=l.querySelectorAll('iframe[data-secret=\"'+t.secret+'\"]'),o=l.querySelectorAll('blockquote[data-secret=\"'+t.secret+'\"]'),c=new RegExp(\"^https?:$\",\"i\"),i=0;i<o.length;i++)o[i].style.display=\"none\";for(i=0;i<a.length;i++)s=a[i],e.source===s.contentWindow&&(s.removeAttribute(\"style\"),\"height\"===t.message?(1e3<(r=parseInt(t.value,10))?r=1e3:~~r<200&&(r=200),s.height=r):\"link\"===t.message&&(r=new URL(s.getAttribute(\"src\")),n=new URL(t.value),c.test(n.protocol))&&n.host===r.host&&l.activeElement===s&&(d.top.location.href=t.value))}},d.addEventListener(\"message\",d.wp.receiveEmbedMessage,!1),l.addEventListener(\"DOMContentLoaded\",function(){for(var e,t,s=l.querySelectorAll(\"iframe.wp-embedded-content\"),r=0;r<s.length;r++)(t=(e=s[r]).getAttribute(\"data-secret\"))||(t=Math.random().toString(36).substring(2,12),e.src+=\"#?secret=\"+t,e.setAttribute(\"data-secret\",t)),e.contentWindow.postMessage({message:\"ready\",secret:t},\"*\")},!1)))}(window,document);\n\/\/# sourceURL=https:\/\/www.smedemokrati.sk\/wp-includes\/js\/wp-embed.min.js\n\/* ]]> *\/\n<\/script>\n","thumbnail_url":"https:\/\/www.smedemokrati.sk\/wp-content\/uploads\/2024\/10\/matecna-danko.jpg","thumbnail_width":800,"thumbnail_height":450,"description":"V\u00a0utorok strana Demokrati spolo\u010dne s\u00a0Pir\u00e1tskou stranou informovala o\u00a0tom, \u017ee Slovensko kv\u00f4li kauze Dobytk\u00e1r pr\u00edde o\u00a0viac ako 27 mil. euro. Za t\u00fato kauzu nesie politick\u00fa zodpovednos\u0165 Gabriela Mate\u010dn\u00e1, Andrej Danko a\u00a0neposledne i\u00a0Robert Fico. Vl\u00e1dne strany sa sna\u017eia vec ignorova\u0165 a\u00a0ututla\u0165 a\u00a0Gabrielu Mate\u010dn\u00fa chce Andrej Danko \u201eodprata\u0165\u201c na ambas\u00e1du do Slovinska. Pani Mate\u010dn\u00e1 by mala od\u00eds\u0165 z\u00a0poz\u00edcie [&hellip;]"}

Matečná by mala odísť, ale nie do Slovinska - Smedemokrati.sk

<blockquote class="wp-embedded-content" data-secret="JkCuQO3i8M"><a href="https://www.smedemokrati.sk/cs/matecna-by-mala-odist-ale-nie-do-slovinska/">Matečná by mala odísť, ale nie do Slovinska</a></blockquote><iframe sandbox="allow-scripts" security="restricted" src="https://www.smedemokrati.sk/cs/matecna-by-mala-odist-ale-nie-do-slovinska/embed/#?secret=JkCuQO3i8M" width="600" height="338" title="&#8222;Matečná by mala odísť, ale nie do Slovinska&#8220; &#8212; Smedemokrati.sk" data-secret="JkCuQO3i8M" frameborder="0" marginwidth="0" marginheight="0" scrolling="no" class="wp-embedded-content"></iframe><script type="text/javascript">
/* <![CDATA[ */
/*! This file is auto-generated */
!function(d,l){"use strict";l.querySelector&&d.addEventListener&&"undefined"!=typeof URL&&(d.wp=d.wp||{},d.wp.receiveEmbedMessage||(d.wp.receiveEmbedMessage=function(e){var t=e.data;if((t||t.secret||t.message||t.value)&&!/[^a-zA-Z0-9]/.test(t.secret)){for(var s,r,n,a=l.querySelectorAll('iframe[data-secret="'+t.secret+'"]'),o=l.querySelectorAll('blockquote[data-secret="'+t.secret+'"]'),c=new RegExp("^https?:$","i"),i=0;i<o.length;i++)o[i].style.display="none";for(i=0;i<a.length;i++)s=a[i],e.source===s.contentWindow&&(s.removeAttribute("style"),"height"===t.message?(1e3<(r=parseInt(t.value,10))?r=1e3:~~r<200&&(r=200),s.height=r):"link"===t.message&&(r=new URL(s.getAttribute("src")),n=new URL(t.value),c.test(n.protocol))&&n.host===r.host&&l.activeElement===s&&(d.top.location.href=t.value))}},d.addEventListener("message",d.wp.receiveEmbedMessage,!1),l.addEventListener("DOMContentLoaded",function(){for(var e,t,s=l.querySelectorAll("iframe.wp-embedded-content"),r=0;r<s.length;r++)(t=(e=s[r]).getAttribute("data-secret"))||(t=Math.random().toString(36).substring(2,12),e.src+="#?secret="+t,e.setAttribute("data-secret",t)),e.contentWindow.postMessage({message:"ready",secret:t},"*")},!1)))}(window,document);
//# sourceURL=https://www.smedemokrati.sk/wp-includes/js/wp-embed.min.js
/* ]]> */
</script>

V utorok strana Demokrati spoločne s Pirátskou stranou informovala o tom, že Slovensko kvôli kauze Dobytkár príde o viac ako 27 mil. euro. Za túto kauzu nesie politickú zodpovednosť Gabriela Matečná, Andrej Danko a neposledne i Robert Fico. Vládne strany sa snažia vec ignorovať a ututlať a Gabrielu Matečnú chce Andrej Danko „odpratať“ na ambasádu do Slovinska. Pani Matečná by mala odísť z pozície [&hellip;]
