{"version":"1.0","provider_name":"Smedemokrati.sk","provider_url":"https:\/\/www.smedemokrati.sk\/cs","author_name":"miro.sopko","author_url":"https:\/\/www.smedemokrati.sk\/cs\/author\/miro-sopko\/","title":"Ko\u013eko u\u0161etria ministerstv\u00e1 na sebe? Zbabran\u00e1 konsolid\u00e1cia - Smedemokrati.sk","type":"rich","width":600,"height":338,"html":"<blockquote class=\"wp-embedded-content\" data-secret=\"WYlfM8fP6X\"><a href=\"https:\/\/www.smedemokrati.sk\/cs\/kolko-usetria-ministerstva-na-sebe-zbabrana-konsolidacia\/\">Ko\u013eko u\u0161etria ministerstv\u00e1 na sebe? Zbabran\u00e1 konsolid\u00e1cia<\/a><\/blockquote><iframe sandbox=\"allow-scripts\" security=\"restricted\" src=\"https:\/\/www.smedemokrati.sk\/cs\/kolko-usetria-ministerstva-na-sebe-zbabrana-konsolidacia\/embed\/#?secret=WYlfM8fP6X\" width=\"600\" height=\"338\" title=\"&#8222;Ko\u013eko u\u0161etria ministerstv\u00e1 na sebe? Zbabran\u00e1 konsolid\u00e1cia&#8220; &#8212; Smedemokrati.sk\" data-secret=\"WYlfM8fP6X\" frameborder=\"0\" marginwidth=\"0\" marginheight=\"0\" scrolling=\"no\" class=\"wp-embedded-content\"><\/iframe><script type=\"text\/javascript\">\n\/* <![CDATA[ *\/\n\/*! This file is auto-generated *\/\n!function(d,l){\"use strict\";l.querySelector&&d.addEventListener&&\"undefined\"!=typeof URL&&(d.wp=d.wp||{},d.wp.receiveEmbedMessage||(d.wp.receiveEmbedMessage=function(e){var t=e.data;if((t||t.secret||t.message||t.value)&&!\/[^a-zA-Z0-9]\/.test(t.secret)){for(var s,r,n,a=l.querySelectorAll('iframe[data-secret=\"'+t.secret+'\"]'),o=l.querySelectorAll('blockquote[data-secret=\"'+t.secret+'\"]'),c=new RegExp(\"^https?:$\",\"i\"),i=0;i<o.length;i++)o[i].style.display=\"none\";for(i=0;i<a.length;i++)s=a[i],e.source===s.contentWindow&&(s.removeAttribute(\"style\"),\"height\"===t.message?(1e3<(r=parseInt(t.value,10))?r=1e3:~~r<200&&(r=200),s.height=r):\"link\"===t.message&&(r=new URL(s.getAttribute(\"src\")),n=new URL(t.value),c.test(n.protocol))&&n.host===r.host&&l.activeElement===s&&(d.top.location.href=t.value))}},d.addEventListener(\"message\",d.wp.receiveEmbedMessage,!1),l.addEventListener(\"DOMContentLoaded\",function(){for(var e,t,s=l.querySelectorAll(\"iframe.wp-embedded-content\"),r=0;r<s.length;r++)(t=(e=s[r]).getAttribute(\"data-secret\"))||(t=Math.random().toString(36).substring(2,12),e.src+=\"#?secret=\"+t,e.setAttribute(\"data-secret\",t)),e.contentWindow.postMessage({message:\"ready\",secret:t},\"*\")},!1)))}(window,document);\n\/\/# sourceURL=https:\/\/www.smedemokrati.sk\/wp-includes\/js\/wp-embed.min.js\n\/* ]]> *\/\n<\/script>\n","thumbnail_url":"https:\/\/www.smedemokrati.sk\/wp-content\/uploads\/2025\/08\/2025-08-01-114017.jpg","thumbnail_width":925,"thumbnail_height":530,"description":"Strana Demokrati e\u0161te 18. j\u00fala 2025 podala na Ministerstvo financi\u00ed \u017eiados\u0165 o\u00a0poskytnutie inform\u00e1ci\u00ed, ak\u00fdm sp\u00f4sobom bude ministerstvo konsolidova\u0165 verejn\u00e9 financie. Pod\u013ea inform\u00e1ci\u00ed Demokratov je v\u00a0pl\u00e1ne zvy\u0161ovanie DPH a\u017e na 25%, dokonca vybran\u00e9 produkty na 27%, pri\u010dom z\u00e1kladn\u00e9 potraviny pod\u013ea inform\u00e1ci\u00ed Demokratov by mali \u00eds\u0165 na 0% (resp. 1%, kv\u00f4li E\u00da regul\u00e1cii). Av\u0161ak rovnako prich\u00e1dzaj\u00fa alarmuj\u00face [&hellip;]"}

Koľko ušetria ministerstvá na sebe? Zbabraná konsolidácia - Smedemokrati.sk

<blockquote class="wp-embedded-content" data-secret="WYlfM8fP6X"><a href="https://www.smedemokrati.sk/cs/kolko-usetria-ministerstva-na-sebe-zbabrana-konsolidacia/">Koľko ušetria ministerstvá na sebe? Zbabraná konsolidácia</a></blockquote><iframe sandbox="allow-scripts" security="restricted" src="https://www.smedemokrati.sk/cs/kolko-usetria-ministerstva-na-sebe-zbabrana-konsolidacia/embed/#?secret=WYlfM8fP6X" width="600" height="338" title="&#8222;Koľko ušetria ministerstvá na sebe? Zbabraná konsolidácia&#8220; &#8212; Smedemokrati.sk" data-secret="WYlfM8fP6X" frameborder="0" marginwidth="0" marginheight="0" scrolling="no" class="wp-embedded-content"></iframe><script type="text/javascript">
/* <![CDATA[ */
/*! This file is auto-generated */
!function(d,l){"use strict";l.querySelector&&d.addEventListener&&"undefined"!=typeof URL&&(d.wp=d.wp||{},d.wp.receiveEmbedMessage||(d.wp.receiveEmbedMessage=function(e){var t=e.data;if((t||t.secret||t.message||t.value)&&!/[^a-zA-Z0-9]/.test(t.secret)){for(var s,r,n,a=l.querySelectorAll('iframe[data-secret="'+t.secret+'"]'),o=l.querySelectorAll('blockquote[data-secret="'+t.secret+'"]'),c=new RegExp("^https?:$","i"),i=0;i<o.length;i++)o[i].style.display="none";for(i=0;i<a.length;i++)s=a[i],e.source===s.contentWindow&&(s.removeAttribute("style"),"height"===t.message?(1e3<(r=parseInt(t.value,10))?r=1e3:~~r<200&&(r=200),s.height=r):"link"===t.message&&(r=new URL(s.getAttribute("src")),n=new URL(t.value),c.test(n.protocol))&&n.host===r.host&&l.activeElement===s&&(d.top.location.href=t.value))}},d.addEventListener("message",d.wp.receiveEmbedMessage,!1),l.addEventListener("DOMContentLoaded",function(){for(var e,t,s=l.querySelectorAll("iframe.wp-embedded-content"),r=0;r<s.length;r++)(t=(e=s[r]).getAttribute("data-secret"))||(t=Math.random().toString(36).substring(2,12),e.src+="#?secret="+t,e.setAttribute("data-secret",t)),e.contentWindow.postMessage({message:"ready",secret:t},"*")},!1)))}(window,document);
//# sourceURL=https://www.smedemokrati.sk/wp-includes/js/wp-embed.min.js
/* ]]> */
</script>

Strana Demokrati ešte 18. júla 2025 podala na Ministerstvo financií žiadosť o poskytnutie informácií, akým spôsobom bude ministerstvo konsolidovať verejné financie. Podľa informácií Demokratov je v pláne zvyšovanie DPH až na 25%, dokonca vybrané produkty na 27%, pričom základné potraviny podľa informácií Demokratov by mali ísť na 0% (resp. 1%, kvôli EÚ regulácii). Avšak rovnako prichádzajú alarmujúce [&hellip;]
