{"version":"1.0","provider_name":"Smedemokrati.sk","provider_url":"https:\/\/www.smedemokrati.sk\/cs","author_name":"Tom\u00e1\u0161 Koppl","author_url":"https:\/\/www.smedemokrati.sk\/cs\/author\/tomaskoppl\/","title":"Heger: \u201eSebectvo v parlamente op\u00e4\u0165 zv\u00ed\u0165azilo.\u201c - Smedemokrati.sk","type":"rich","width":600,"height":338,"html":"<blockquote class=\"wp-embedded-content\" data-secret=\"tUWNlpKqx1\"><a href=\"https:\/\/www.smedemokrati.sk\/cs\/heger-sebectvo-v-parlamente-opat-zvitazilo\/\">Heger: \u201eSebectvo v parlamente op\u00e4\u0165 zv\u00ed\u0165azilo.\u201c<\/a><\/blockquote><iframe sandbox=\"allow-scripts\" security=\"restricted\" src=\"https:\/\/www.smedemokrati.sk\/cs\/heger-sebectvo-v-parlamente-opat-zvitazilo\/embed\/#?secret=tUWNlpKqx1\" width=\"600\" height=\"338\" title=\"&#8222;Heger: \u201eSebectvo v parlamente op\u00e4\u0165 zv\u00ed\u0165azilo.\u201c&#8220; &#8212; Smedemokrati.sk\" data-secret=\"tUWNlpKqx1\" frameborder=\"0\" marginwidth=\"0\" marginheight=\"0\" scrolling=\"no\" class=\"wp-embedded-content\"><\/iframe><script type=\"text\/javascript\">\n\/* <![CDATA[ *\/\n\/*! This file is auto-generated *\/\n!function(d,l){\"use strict\";l.querySelector&&d.addEventListener&&\"undefined\"!=typeof URL&&(d.wp=d.wp||{},d.wp.receiveEmbedMessage||(d.wp.receiveEmbedMessage=function(e){var t=e.data;if((t||t.secret||t.message||t.value)&&!\/[^a-zA-Z0-9]\/.test(t.secret)){for(var s,r,n,a=l.querySelectorAll('iframe[data-secret=\"'+t.secret+'\"]'),o=l.querySelectorAll('blockquote[data-secret=\"'+t.secret+'\"]'),c=new RegExp(\"^https?:$\",\"i\"),i=0;i<o.length;i++)o[i].style.display=\"none\";for(i=0;i<a.length;i++)s=a[i],e.source===s.contentWindow&&(s.removeAttribute(\"style\"),\"height\"===t.message?(1e3<(r=parseInt(t.value,10))?r=1e3:~~r<200&&(r=200),s.height=r):\"link\"===t.message&&(r=new URL(s.getAttribute(\"src\")),n=new URL(t.value),c.test(n.protocol))&&n.host===r.host&&l.activeElement===s&&(d.top.location.href=t.value))}},d.addEventListener(\"message\",d.wp.receiveEmbedMessage,!1),l.addEventListener(\"DOMContentLoaded\",function(){for(var e,t,s=l.querySelectorAll(\"iframe.wp-embedded-content\"),r=0;r<s.length;r++)(t=(e=s[r]).getAttribute(\"data-secret\"))||(t=Math.random().toString(36).substring(2,12),e.src+=\"#?secret=\"+t,e.setAttribute(\"data-secret\",t)),e.contentWindow.postMessage({message:\"ready\",secret:t},\"*\")},!1)))}(window,document);\n\/\/# sourceURL=https:\/\/www.smedemokrati.sk\/wp-includes\/js\/wp-embed.min.js\n\/* ]]> *\/\n<\/script>\n","thumbnail_url":"https:\/\/www.smedemokrati.sk\/wp-content\/uploads\/2023\/05\/347389476_1392744451267095_3919071499713921655_n.jpg","thumbnail_width":1920,"thumbnail_height":1277,"description":"\u201eV\u0161etci okrem poslancov za stranu Demokrati dnes v parlamente \u017eia\u013e za\u0165ali odhadom sekeru 600 mili\u00f3nov eur. Je to maxim\u00e1lne nezodpovedn\u00e9, ka\u017ed\u00fd r\u00e1d rozd\u00e1va, ale zodpovedn\u00fd \u010dlovek mus\u00ed poveda\u0165 z \u010doho. Op\u00e4\u0165 raz to zaplatia \u013eudia zo svojich dan\u00ed. Bude n\u00e1m to ch\u00fdba\u0165 pri obnove nemocn\u00edc, \u0161k\u00f4lok \u010di pri stavbe ciest.&nbsp;A \u0161peci\u00e1lne som prekvapen\u00fd, \u017ee sa [&hellip;]"}

Tomáš Koppl

Heger: „Sebectvo v parlamente opäť zvíťazilo.“ - Smedemokrati.sk

<blockquote class="wp-embedded-content" data-secret="tUWNlpKqx1"><a href="https://www.smedemokrati.sk/cs/heger-sebectvo-v-parlamente-opat-zvitazilo/">Heger: „Sebectvo v parlamente opäť zvíťazilo.“</a></blockquote><iframe sandbox="allow-scripts" security="restricted" src="https://www.smedemokrati.sk/cs/heger-sebectvo-v-parlamente-opat-zvitazilo/embed/#?secret=tUWNlpKqx1" width="600" height="338" title="&#8222;Heger: „Sebectvo v parlamente opäť zvíťazilo.“&#8220; &#8212; Smedemokrati.sk" data-secret="tUWNlpKqx1" frameborder="0" marginwidth="0" marginheight="0" scrolling="no" class="wp-embedded-content"></iframe><script type="text/javascript">
/* <![CDATA[ */
/*! This file is auto-generated */
!function(d,l){"use strict";l.querySelector&&d.addEventListener&&"undefined"!=typeof URL&&(d.wp=d.wp||{},d.wp.receiveEmbedMessage||(d.wp.receiveEmbedMessage=function(e){var t=e.data;if((t||t.secret||t.message||t.value)&&!/[^a-zA-Z0-9]/.test(t.secret)){for(var s,r,n,a=l.querySelectorAll('iframe[data-secret="'+t.secret+'"]'),o=l.querySelectorAll('blockquote[data-secret="'+t.secret+'"]'),c=new RegExp("^https?:$","i"),i=0;i<o.length;i++)o[i].style.display="none";for(i=0;i<a.length;i++)s=a[i],e.source===s.contentWindow&&(s.removeAttribute("style"),"height"===t.message?(1e3<(r=parseInt(t.value,10))?r=1e3:~~r<200&&(r=200),s.height=r):"link"===t.message&&(r=new URL(s.getAttribute("src")),n=new URL(t.value),c.test(n.protocol))&&n.host===r.host&&l.activeElement===s&&(d.top.location.href=t.value))}},d.addEventListener("message",d.wp.receiveEmbedMessage,!1),l.addEventListener("DOMContentLoaded",function(){for(var e,t,s=l.querySelectorAll("iframe.wp-embedded-content"),r=0;r<s.length;r++)(t=(e=s[r]).getAttribute("data-secret"))||(t=Math.random().toString(36).substring(2,12),e.src+="#?secret="+t,e.setAttribute("data-secret",t)),e.contentWindow.postMessage({message:"ready",secret:t},"*")},!1)))}(window,document);
//# sourceURL=https://www.smedemokrati.sk/wp-includes/js/wp-embed.min.js
/* ]]> */
</script>

„Všetci okrem poslancov za stranu Demokrati dnes v parlamente žiaľ zaťali odhadom sekeru 600 miliónov eur. Je to maximálne nezodpovedné, každý rád rozdáva, ale zodpovedný človek musí povedať z čoho. Opäť raz to zaplatia ľudia zo svojich daní. Bude nám to chýbať pri obnove nemocníc, škôlok či pri stavbe ciest.&nbsp;A špeciálne som prekvapený, že sa [&hellip;]
