{"version":"1.0","provider_name":"Smedemokrati.sk","provider_url":"https:\/\/www.smedemokrati.sk\/cs","author_name":"miro.sopko","author_url":"https:\/\/www.smedemokrati.sk\/cs\/author\/miro-sopko\/","title":"Demokratov posil\u0148uje mestsk\u00e1 poslanky\u0148a Trnavy, \u013dubica Horv\u00e1thov\u00e1 - Smedemokrati.sk","type":"rich","width":600,"height":338,"html":"<blockquote class=\"wp-embedded-content\" data-secret=\"CQiQWeiuY2\"><a href=\"https:\/\/www.smedemokrati.sk\/cs\/demokratov-posilnuje-mestska-poslankyna-trnavy-lubica-horvathova\/\">Demokratov posil\u0148uje mestsk\u00e1 poslanky\u0148a Trnavy, \u013dubica Horv\u00e1thov\u00e1<\/a><\/blockquote><iframe sandbox=\"allow-scripts\" security=\"restricted\" src=\"https:\/\/www.smedemokrati.sk\/cs\/demokratov-posilnuje-mestska-poslankyna-trnavy-lubica-horvathova\/embed\/#?secret=CQiQWeiuY2\" width=\"600\" height=\"338\" title=\"&#8222;Demokratov posil\u0148uje mestsk\u00e1 poslanky\u0148a Trnavy, \u013dubica Horv\u00e1thov\u00e1&#8220; &#8212; Smedemokrati.sk\" data-secret=\"CQiQWeiuY2\" frameborder=\"0\" marginwidth=\"0\" marginheight=\"0\" scrolling=\"no\" class=\"wp-embedded-content\"><\/iframe><script type=\"text\/javascript\">\n\/* <![CDATA[ *\/\n\/*! This file is auto-generated *\/\n!function(d,l){\"use strict\";l.querySelector&&d.addEventListener&&\"undefined\"!=typeof URL&&(d.wp=d.wp||{},d.wp.receiveEmbedMessage||(d.wp.receiveEmbedMessage=function(e){var t=e.data;if((t||t.secret||t.message||t.value)&&!\/[^a-zA-Z0-9]\/.test(t.secret)){for(var s,r,n,a=l.querySelectorAll('iframe[data-secret=\"'+t.secret+'\"]'),o=l.querySelectorAll('blockquote[data-secret=\"'+t.secret+'\"]'),c=new RegExp(\"^https?:$\",\"i\"),i=0;i<o.length;i++)o[i].style.display=\"none\";for(i=0;i<a.length;i++)s=a[i],e.source===s.contentWindow&&(s.removeAttribute(\"style\"),\"height\"===t.message?(1e3<(r=parseInt(t.value,10))?r=1e3:~~r<200&&(r=200),s.height=r):\"link\"===t.message&&(r=new URL(s.getAttribute(\"src\")),n=new URL(t.value),c.test(n.protocol))&&n.host===r.host&&l.activeElement===s&&(d.top.location.href=t.value))}},d.addEventListener(\"message\",d.wp.receiveEmbedMessage,!1),l.addEventListener(\"DOMContentLoaded\",function(){for(var e,t,s=l.querySelectorAll(\"iframe.wp-embedded-content\"),r=0;r<s.length;r++)(t=(e=s[r]).getAttribute(\"data-secret\"))||(t=Math.random().toString(36).substring(2,12),e.src+=\"#?secret=\"+t,e.setAttribute(\"data-secret\",t)),e.contentWindow.postMessage({message:\"ready\",secret:t},\"*\")},!1)))}(window,document);\n\/\/# sourceURL=https:\/\/www.smedemokrati.sk\/wp-includes\/js\/wp-embed.min.js\n\/* ]]> *\/\n<\/script>\n","thumbnail_url":"https:\/\/www.smedemokrati.sk\/wp-content\/uploads\/2025\/11\/p1010924.jpg","thumbnail_width":690,"thumbnail_height":460,"description":"\u010clensk\u00e1 z\u00e1klad\u0148a Demokratov sa roz\u0161iruje. K&nbsp;tis\u00edcke \u013eud\u00ed zo v\u0161etk\u00fdch okresov Slovenska sa pridala \u013dubica Horv\u00e1thov\u00e1. Poslanky\u0148a zastupite\u013estva mesta Trnava, ktor\u00e1 u\u017e druh\u00e9 volebn\u00e9 obdobie predsed\u00e1 kult\u00farnej komisii. Do Demokratov prich\u00e1dza z&nbsp;poslaneck\u00e9ho klubu Za lep\u0161iu Trnavu. \u201eV\u010faka slu\u017ebe v mestskom zastupite\u013estve a v k\u013e\u00fa\u010dov\u00fdch komisi\u00e1ch viem, \u017ee skuto\u010dn\u00e1 zmena prich\u00e1dza len cez akt\u00edvnu \u00fa\u010das\u0165 a spolupr\u00e1cu. [&hellip;]"}

Demokratov posilňuje mestská poslankyňa Trnavy, Ľubica Horváthová - Smedemokrati.sk

<blockquote class="wp-embedded-content" data-secret="CQiQWeiuY2"><a href="https://www.smedemokrati.sk/cs/demokratov-posilnuje-mestska-poslankyna-trnavy-lubica-horvathova/">Demokratov posilňuje mestská poslankyňa Trnavy, Ľubica Horváthová</a></blockquote><iframe sandbox="allow-scripts" security="restricted" src="https://www.smedemokrati.sk/cs/demokratov-posilnuje-mestska-poslankyna-trnavy-lubica-horvathova/embed/#?secret=CQiQWeiuY2" width="600" height="338" title="&#8222;Demokratov posilňuje mestská poslankyňa Trnavy, Ľubica Horváthová&#8220; &#8212; Smedemokrati.sk" data-secret="CQiQWeiuY2" frameborder="0" marginwidth="0" marginheight="0" scrolling="no" class="wp-embedded-content"></iframe><script type="text/javascript">
/* <![CDATA[ */
/*! This file is auto-generated */
!function(d,l){"use strict";l.querySelector&&d.addEventListener&&"undefined"!=typeof URL&&(d.wp=d.wp||{},d.wp.receiveEmbedMessage||(d.wp.receiveEmbedMessage=function(e){var t=e.data;if((t||t.secret||t.message||t.value)&&!/[^a-zA-Z0-9]/.test(t.secret)){for(var s,r,n,a=l.querySelectorAll('iframe[data-secret="'+t.secret+'"]'),o=l.querySelectorAll('blockquote[data-secret="'+t.secret+'"]'),c=new RegExp("^https?:$","i"),i=0;i<o.length;i++)o[i].style.display="none";for(i=0;i<a.length;i++)s=a[i],e.source===s.contentWindow&&(s.removeAttribute("style"),"height"===t.message?(1e3<(r=parseInt(t.value,10))?r=1e3:~~r<200&&(r=200),s.height=r):"link"===t.message&&(r=new URL(s.getAttribute("src")),n=new URL(t.value),c.test(n.protocol))&&n.host===r.host&&l.activeElement===s&&(d.top.location.href=t.value))}},d.addEventListener("message",d.wp.receiveEmbedMessage,!1),l.addEventListener("DOMContentLoaded",function(){for(var e,t,s=l.querySelectorAll("iframe.wp-embedded-content"),r=0;r<s.length;r++)(t=(e=s[r]).getAttribute("data-secret"))||(t=Math.random().toString(36).substring(2,12),e.src+="#?secret="+t,e.setAttribute("data-secret",t)),e.contentWindow.postMessage({message:"ready",secret:t},"*")},!1)))}(window,document);
//# sourceURL=https://www.smedemokrati.sk/wp-includes/js/wp-embed.min.js
/* ]]> */
</script>

Členská základňa Demokratov sa rozširuje. K&nbsp;tisícke ľudí zo všetkých okresov Slovenska sa pridala Ľubica Horváthová. Poslankyňa zastupiteľstva mesta Trnava, ktorá už druhé volebné obdobie predsedá kultúrnej komisii. Do Demokratov prichádza z&nbsp;poslaneckého klubu Za lepšiu Trnavu. „Vďaka službe v mestskom zastupiteľstve a v kľúčových komisiách viem, že skutočná zmena prichádza len cez aktívnu účasť a spoluprácu. [&hellip;]
