{"version":"1.0","provider_name":"Smedemokrati.sk","provider_url":"https:\/\/www.smedemokrati.sk\/cs","author_name":"miro.sopko","author_url":"https:\/\/www.smedemokrati.sk\/cs\/author\/miro-sopko\/","title":"17. november nebol \u017eiadny komunistick\u00fd pu\u010d! - Smedemokrati.sk","type":"rich","width":600,"height":338,"html":"<blockquote class=\"wp-embedded-content\" data-secret=\"8jtjRWCOmt\"><a href=\"https:\/\/www.smedemokrati.sk\/cs\/17-november-nebol-ziadny-komunisticky-puc\/\">17. november nebol \u017eiadny komunistick\u00fd pu\u010d!<\/a><\/blockquote><iframe sandbox=\"allow-scripts\" security=\"restricted\" src=\"https:\/\/www.smedemokrati.sk\/cs\/17-november-nebol-ziadny-komunisticky-puc\/embed\/#?secret=8jtjRWCOmt\" width=\"600\" height=\"338\" title=\"&#8222;17. november nebol \u017eiadny komunistick\u00fd pu\u010d!&#8220; &#8212; Smedemokrati.sk\" data-secret=\"8jtjRWCOmt\" frameborder=\"0\" marginwidth=\"0\" marginheight=\"0\" scrolling=\"no\" class=\"wp-embedded-content\"><\/iframe><script type=\"text\/javascript\">\n\/* <![CDATA[ *\/\n\/*! This file is auto-generated *\/\n!function(d,l){\"use strict\";l.querySelector&&d.addEventListener&&\"undefined\"!=typeof URL&&(d.wp=d.wp||{},d.wp.receiveEmbedMessage||(d.wp.receiveEmbedMessage=function(e){var t=e.data;if((t||t.secret||t.message||t.value)&&!\/[^a-zA-Z0-9]\/.test(t.secret)){for(var s,r,n,a=l.querySelectorAll('iframe[data-secret=\"'+t.secret+'\"]'),o=l.querySelectorAll('blockquote[data-secret=\"'+t.secret+'\"]'),c=new RegExp(\"^https?:$\",\"i\"),i=0;i<o.length;i++)o[i].style.display=\"none\";for(i=0;i<a.length;i++)s=a[i],e.source===s.contentWindow&&(s.removeAttribute(\"style\"),\"height\"===t.message?(1e3<(r=parseInt(t.value,10))?r=1e3:~~r<200&&(r=200),s.height=r):\"link\"===t.message&&(r=new URL(s.getAttribute(\"src\")),n=new URL(t.value),c.test(n.protocol))&&n.host===r.host&&l.activeElement===s&&(d.top.location.href=t.value))}},d.addEventListener(\"message\",d.wp.receiveEmbedMessage,!1),l.addEventListener(\"DOMContentLoaded\",function(){for(var e,t,s=l.querySelectorAll(\"iframe.wp-embedded-content\"),r=0;r<s.length;r++)(t=(e=s[r]).getAttribute(\"data-secret\"))||(t=Math.random().toString(36).substring(2,12),e.src+=\"#?secret=\"+t,e.setAttribute(\"data-secret\",t)),e.contentWindow.postMessage({message:\"ready\",secret:t},\"*\")},!1)))}(window,document);\n\/\/# sourceURL=https:\/\/www.smedemokrati.sk\/wp-includes\/js\/wp-embed.min.js\n\/* ]]> *\/\n<\/script>\n","thumbnail_url":"https:\/\/www.smedemokrati.sk\/wp-content\/uploads\/2025\/11\/17november.jpg","thumbnail_width":1280,"thumbnail_height":720,"description":"Z\u00e1kon o zru\u0161en\u00ed totalitn\u00fdch re\u017eimov a ideol\u00f3gi\u00ed, viac vzdel\u00e1vania ml\u00e1de\u017ee na \u0161kol\u00e1ch v s\u00favislosti so 17. novembrom a \u00fastavn\u00fd z\u00e1kon o zakotven\u00ed v E\u00da a NATO. Demokrati pripomenuli jeden z bodov, ktor\u00fd presadia, ak bud\u00fa v parlamente. Z\u00e1rove\u0148 vr\u00e1tia 17. november ako sviatok pracovn\u00e9ho pokoja. Demokrati po\u010fakovali v\u0161etk\u00fdm in\u0161tit\u00faci\u00e1m, \u0161kol\u00e1m a zamestn\u00e1vate\u013eom, ktor\u00ed svojim zamestnancom [&hellip;]"}

17. november nebol žiadny komunistický puč! - Smedemokrati.sk

<blockquote class="wp-embedded-content" data-secret="8jtjRWCOmt"><a href="https://www.smedemokrati.sk/cs/17-november-nebol-ziadny-komunisticky-puc/">17. november nebol žiadny komunistický puč!</a></blockquote><iframe sandbox="allow-scripts" security="restricted" src="https://www.smedemokrati.sk/cs/17-november-nebol-ziadny-komunisticky-puc/embed/#?secret=8jtjRWCOmt" width="600" height="338" title="&#8222;17. november nebol žiadny komunistický puč!&#8220; &#8212; Smedemokrati.sk" data-secret="8jtjRWCOmt" frameborder="0" marginwidth="0" marginheight="0" scrolling="no" class="wp-embedded-content"></iframe><script type="text/javascript">
/* <![CDATA[ */
/*! This file is auto-generated */
!function(d,l){"use strict";l.querySelector&&d.addEventListener&&"undefined"!=typeof URL&&(d.wp=d.wp||{},d.wp.receiveEmbedMessage||(d.wp.receiveEmbedMessage=function(e){var t=e.data;if((t||t.secret||t.message||t.value)&&!/[^a-zA-Z0-9]/.test(t.secret)){for(var s,r,n,a=l.querySelectorAll('iframe[data-secret="'+t.secret+'"]'),o=l.querySelectorAll('blockquote[data-secret="'+t.secret+'"]'),c=new RegExp("^https?:$","i"),i=0;i<o.length;i++)o[i].style.display="none";for(i=0;i<a.length;i++)s=a[i],e.source===s.contentWindow&&(s.removeAttribute("style"),"height"===t.message?(1e3<(r=parseInt(t.value,10))?r=1e3:~~r<200&&(r=200),s.height=r):"link"===t.message&&(r=new URL(s.getAttribute("src")),n=new URL(t.value),c.test(n.protocol))&&n.host===r.host&&l.activeElement===s&&(d.top.location.href=t.value))}},d.addEventListener("message",d.wp.receiveEmbedMessage,!1),l.addEventListener("DOMContentLoaded",function(){for(var e,t,s=l.querySelectorAll("iframe.wp-embedded-content"),r=0;r<s.length;r++)(t=(e=s[r]).getAttribute("data-secret"))||(t=Math.random().toString(36).substring(2,12),e.src+="#?secret="+t,e.setAttribute("data-secret",t)),e.contentWindow.postMessage({message:"ready",secret:t},"*")},!1)))}(window,document);
//# sourceURL=https://www.smedemokrati.sk/wp-includes/js/wp-embed.min.js
/* ]]> */
</script>

Zákon o zrušení totalitných režimov a ideológií, viac vzdelávania mládeže na školách v súvislosti so 17. novembrom a ústavný zákon o zakotvení v EÚ a NATO. Demokrati pripomenuli jeden z bodov, ktorý presadia, ak budú v parlamente. Zároveň vrátia 17. november ako sviatok pracovného pokoja. Demokrati poďakovali všetkým inštitúciám, školám a zamestnávateľom, ktorí svojim zamestnancom [&hellip;]
